{"id":47,"date":"2011-11-08T17:54:24","date_gmt":"2011-11-08T17:54:24","guid":{"rendered":"https:\/\/sacod.ufpr.br\/ppgdesign\/?page_id=47"},"modified":"2011-11-08T17:54:24","modified_gmt":"2011-11-08T17:54:24","slug":"projetos","status":"publish","type":"page","link":"https:\/\/sacod.ufpr.br\/ppgdesign\/pesquisa\/projetos\/","title":{"rendered":"<!--:en-->Projects<!--:--><!--:pt-->Projetos<!--:-->"},"content":{"rendered":"<p><!--:pt--><\/p>\n<table border=\"0\" cellspacing=\"0\" width=\"100%\">\n<tbody>\n<tr>\n<td colspan=\"2\" valign=\"top\">\n<blockquote><p><strong><span style=\"color: #ff6600; font-family: 'Trebuchet MS'; font-size: x-small;\">Cultura e Design<br \/>\n<\/span><\/strong><span style=\"font-family: 'Trebuchet MS'; font-size: x-small;\">Projeto que se subdivide nos seguintes subprojetos: Design e lou\u00e7a de mesa e quando a mem\u00f3ria \u00e9 curta. Visa tra\u00e7ar o perfil da lou\u00e7a de mesa produzida pelas ind\u00fastrias da Regi\u00e3o Metropolitana de Curitiba, em seus aspectos formais, tecnol\u00f3gicos, decorativos e culturais. Participa\u00e7\u00e3o de bolsista PIBIC.<br \/>\n<strong>Coordenadora:<\/strong> Dra. Virginia Kistmann.<\/span><\/p>\n<p><span style=\"font-family: 'Trebuchet MS'; font-size: x-small;\"><strong><span style=\"color: #ff6600;\">Design da Informa\u00e7\u00e3o em Medicamentos no Brasil<\/span><\/strong><br \/>\nEstudo sobre a efic\u00e1cia de instruc\u00f5es visuais em bulas de rem\u00e9dios junto a usu\u00e1rios com baixo grau de escolaridade. Apoio do CNPq, PIBIC.<br \/>\n<strong>Coordenadora:<\/strong> Dra. Carla G. Spinillo.<\/span><\/p><\/blockquote>\n<\/td>\n<\/tr>\n<\/tbody>\n<\/table>\n<table cellspacing=\"0\" cellpadding=\"0\" width=\"100%\">\n<tbody>\n<tr>\n<td width=\"29%\"><\/td>\n<td width=\"71%\" valign=\"top\">\n<blockquote><p><strong><span style=\"color: #ff6600; font-family: 'Trebuchet MS'; font-size: x-small;\">Design de sistemas de informa\u00e7\u00e3o &#8211; Avalia\u00e7\u00e3o da Efic\u00e1cia de M\u00e9todos de An\u00e1lise da Tarefa Visando o Incremento de sua Aplicabilidade<\/span><span style=\"font-family: 'Trebuchet MS'; font-size: x-small;\"><br \/>\n<\/span><\/strong><span style=\"font-family: 'Trebuchet MS'; font-size: x-small;\">Estudo anal\u00edtico e avalia\u00e7\u00e3o centrada no usu\u00e1rio de m\u00e9todos de an\u00e1lise da tarefa, proposta e valida\u00e7\u00e3o de um novo m\u00e9todo em situa\u00e7\u00e3o de projeto e avalia\u00e7\u00e3o de sistemas de informa\u00e7\u00e3o.<br \/>\n<strong>Coordenadora: <\/strong>Dra. Stephania Padovani.<\/span><\/p>\n<p><span style=\"font-family: 'Trebuchet MS'; font-size: x-small;\"><strong><span style=\"color: #ff6600;\">Design e Gest\u00e3o<\/span><br \/>\n<\/strong>Projeto que se subdivide nos seguintes subprojetos: Design cer\u00e2mico e sustentabilidade, Design Cer\u00e2mico de Embalagens Projeto, Customiza\u00e7\u00e3o e Design, Fundamentos da Gest\u00e3o do Design. Estuda os aspectos da gest\u00e3o do design junto aos produtores de lou\u00e7a de mesa e objetos de adorno de Campo Largo &#8211; PR (modulariza\u00e7\u00e3o, gest\u00e3o do design e caracter\u00edsticas do l\u00edder). Edital FINEP-SEBRAE.<br \/>\n<strong>Coordenadora:<\/strong> Dra. Virginia Kistmann.<\/span><\/p>\n<p><span style=\"font-family: 'Trebuchet MS'; font-size: x-small;\"><strong><span style=\"color: #ff6600;\">Design Industrial e Diversidade Cultural: M\u00eddia Digital sobre Autom\u00f3veis e Eletrodom\u00e9sticos<\/span><br \/>\n<\/strong>Fomento do Edital Universal CNPq n. 019\/2004. Colaboradores (da UTFPR): Prof. Dr. Luiz Ernesto Merkle; Profa. Dra. Marilda Lopes Pinheiro Queluz; Claudia Bordin Rodrigues da Silva (Mestranda, PPGTE, Bolsista CAPES). Bolsistas PIBIC \/ CNPq: Aline Mayumi Kobayashi (ago. a dez. 2005); Ana Claudia Camila Veiga de Fran\u00e7a; Augusto Mosna Sim\u00e3o.<br \/>\n<strong>Coordenadora: <\/strong>Dra. Maristela Ono.<\/span><\/p>\n<p><span style=\"font-family: 'Trebuchet MS'; font-size: x-small;\"><strong><span style=\"color: #ff6600;\">EEHouse &#8211; Energia e o Ambiente Constru\u00eddo<\/span><br \/>\n<\/strong>Ambiente l\u00fadico para ensino de conceitos de efici\u00eancia energ\u00e9tica. Financiado pela Funda\u00e7\u00e3o Arauc\u00e1ria.<br \/>\n<strong>Coordenador: <\/strong>Dr. Andr\u00e9 Battaiola.<\/span><\/p>\n<p><span style=\"font-family: 'Trebuchet MS'; font-size: x-small;\"><strong><span style=\"color: #ff6600;\">Embalagens CFG para Exporta\u00e7\u00e3o<\/span><br \/>\n<\/strong>Projeto apoiado pelo CNPq e empresa EMBRART para o per\u00edodo 2005-2007, que visa o desenvolvimento de diretrizes para embalagens em papel\u00e3o ondulado para sistemas produto+servi\u00e7o (bolsistas DTI, IC, AT e mestrandos).<br \/>\n<strong>Coordenador: <\/strong>Dr. Aguinaldo dos Santos.<\/span><\/p>\n<p><span style=\"font-family: 'Trebuchet MS'; font-size: x-small;\"><strong><span style=\"color: #ff6600;\">Ergonomia Industrial e de Produto<\/span><br \/>\n<\/strong>Investiga os m\u00e9todos de avalia\u00e7\u00e3o da interface produto \/ usu\u00e1rio nos sistemas de produ\u00e7\u00e3o.<br \/>\n<strong>Coordenadora: <\/strong>Dra. Maria L\u00facia Okimoto.<\/span><\/p>\n<p><span style=\"font-family: 'Trebuchet MS'; font-size: x-small;\"><strong><span style=\"color: #ff6600;\">Kits Do-It-Yourself<\/span><br \/>\n<\/strong>Projeto apoiado pela FINEP\/CNPq, com a COHAM a PlacasCentro como parceiras, para o per\u00edodo 2006-2008 que visa o desenvolvimento de solu\u00e7\u00f5es do tipo fa\u00e7a-voc\u00ea-mesmo para produtos voltados \u00e0 habita\u00e7\u00e3o de interesse social (bolsistas DTI, IC, AT e mestrandos).<br \/>\n<strong>Coordenador:<\/strong> Dr. Aguinaldo dos Santos.<\/span><\/p>\n<p><span style=\"font-family: 'Trebuchet MS'; font-size: x-small;\"><strong><span style=\"color: #ff6600;\">LudicLearning &#8211; Ambientes L\u00fadicos de Ensino<\/span><br \/>\n<\/strong>Objetiva o desenvolvimento de ferramentas de apoio ao ensino de computa\u00e7\u00e3o gr\u00e1fica com base em ambientes l\u00fadicos, os quais incorporam conceitos de design e implementa\u00e7\u00e3o de jogos de computador. O p\u00fablico alvo \u00e9 constitu\u00eddo de profissionais e estudantes de design e engenharia. Financiado pelo CNPq.<br \/>\n<strong>Coordenador: <\/strong>Dr. Andr\u00e9 Battaiola.<\/span><\/p>\n<p><span style=\"font-family: 'Trebuchet MS'; font-size: x-small;\"><strong><span style=\"color: #ff6600;\">Pr\u00f3-EdaDe*<\/span><br \/>\n<\/strong>Projeto apoiado pela Funda\u00e7\u00e3o Arauc\u00e1ria que visa desenvolver materiais de apoio did\u00e1tico para a educa\u00e7\u00e3o de crian\u00e7as e jovens por meio do design.<br \/>\n<strong>Coordenador: <\/strong>Dr. Antonio M. Fontoura.<\/span><\/p>\n<p><span style=\"font-family: 'Trebuchet MS'; font-size: x-small;\"><strong><span style=\"color: #ff6600;\">Usabilidade<\/span><\/strong><br \/>\nPesquisa as aplica\u00e7\u00f5es dos m\u00e9todos de utiliza\u00e7\u00e3o do produto nos diversos sistemas.<br \/>\n<strong>Coordenadora:<\/strong> Dra. Maria L\u00facia Okimoto.<\/span><\/p>\n<p><span style=\"font-family: 'Trebuchet MS'; font-size: x-small;\"><strong><span style=\"color: #ff6600;\">Simula\u00e7\u00e3o Humana<\/span><\/strong><br \/>\nInvestiga aspectos de captura de imagens da popula\u00e7\u00e3o real para a transforma\u00e7\u00e3o em situa\u00e7\u00e3o simulada a fim de promover avalia\u00e7\u00f5es mais precisas da antropometria din\u00e2mica, biomec\u00e2nica e espacial em sistemas diversos.<br \/>\n<strong>Coordenadora:<\/strong> Dra. Maria L\u00facia Okimoto.<\/span><\/p>\n<p><span style=\"font-family: 'Trebuchet MS'; font-size: x-small;\"><strong><span style=\"color: #ff6600;\">Sistema de Informa\u00e7\u00e3o Interativo Digital de Suporte ao Design de Bulas de Medicamentos<\/span><br \/>\n<\/strong>Proposi\u00e7\u00e3o de um sistema de informa\u00e7\u00e3o interativo digital [i.e., aplicativo multim\u00eddia] que auxilie no design de bulas de medicamentos pela ind\u00fastria farmac\u00eautica no Brasil. Financiado pelo Edital Universal 2006 CNPq.<strong><br \/>\nCoordenadora: <\/strong>Dra. Carla G. Spinillo.<\/span><\/p>\n<p><span style=\"font-family: 'Trebuchet MS'; font-size: x-small;\"><strong><span style=\"color: #ff6600;\">Processo de colagem cer\u00e2mica sob press\u00e3o: Um diferencial competitivo para o APL de lou\u00e7as e porcelanas de Campo Largo\/PR-PCCP<\/span><br \/>\n<\/strong>Pesquisa que tem por objetivo a obten\u00e7\u00e3o de pe\u00e7as de cer\u00e2micas atr\u00e1ves de processo de colagem sob press\u00e3o, visando comparar este processo em termos de designer com o processo tradicional.Processo que se realiza juntamente com o Programa de P\u00f3s-Gradua\u00e7\u00e3o em Engenharia Mec\u00e2nica da UTFPR para o desenvolvimento de m\u00e1quina de colagem sob press\u00e3o a um pre\u00e7o acess\u00edvel para as empresas de Campo Largo.<strong><br \/>\nCoordenadora: <\/strong>Dra. V\u00edrginia Kistmann<\/span><\/p><\/blockquote>\n<\/td>\n<\/tr>\n<\/tbody>\n<\/table>\n<p>&nbsp;<!--:--><\/p>\n","protected":false},"excerpt":{"rendered":"<p>Cultura e Design Projeto que se subdivide nos seguintes subprojetos: Design e lou\u00e7a de mesa e quando a mem\u00f3ria \u00e9 curta. Visa tra\u00e7ar o perfil da lou\u00e7a de mesa produzida pelas ind\u00fastrias da Regi\u00e3o Metropolitana de Curitiba, em seus aspectos &hellip; <a href=\"https:\/\/sacod.ufpr.br\/ppgdesign\/pesquisa\/projetos\/\">&#8230;<\/a><\/p>\n","protected":false},"author":1,"featured_media":0,"parent":39,"menu_order":0,"comment_status":"open","ping_status":"open","template":"","meta":{"_acf_changed":false,"ngg_post_thumbnail":0,"footnotes":""},"class_list":["post-47","page","type-page","status-publish","hentry"],"acf":[],"_links":{"self":[{"href":"https:\/\/sacod.ufpr.br\/ppgdesign\/wp-json\/wp\/v2\/pages\/47","targetHints":{"allow":["GET"]}}],"collection":[{"href":"https:\/\/sacod.ufpr.br\/ppgdesign\/wp-json\/wp\/v2\/pages"}],"about":[{"href":"https:\/\/sacod.ufpr.br\/ppgdesign\/wp-json\/wp\/v2\/types\/page"}],"author":[{"embeddable":true,"href":"https:\/\/sacod.ufpr.br\/ppgdesign\/wp-json\/wp\/v2\/users\/1"}],"replies":[{"embeddable":true,"href":"https:\/\/sacod.ufpr.br\/ppgdesign\/wp-json\/wp\/v2\/comments?post=47"}],"version-history":[{"count":1,"href":"https:\/\/sacod.ufpr.br\/ppgdesign\/wp-json\/wp\/v2\/pages\/47\/revisions"}],"predecessor-version":[{"id":48,"href":"https:\/\/sacod.ufpr.br\/ppgdesign\/wp-json\/wp\/v2\/pages\/47\/revisions\/48"}],"up":[{"embeddable":true,"href":"https:\/\/sacod.ufpr.br\/ppgdesign\/wp-json\/wp\/v2\/pages\/39"}],"wp:attachment":[{"href":"https:\/\/sacod.ufpr.br\/ppgdesign\/wp-json\/wp\/v2\/media?parent=47"}],"curies":[{"name":"wp","href":"https:\/\/api.w.org\/{rel}","templated":true}]}}