{"id":20,"date":"2011-11-01T18:18:54","date_gmt":"2011-11-01T18:18:54","guid":{"rendered":"https:\/\/sacod.ufpr.br\/ppgdesign\/?page_id=20"},"modified":"2011-11-19T11:32:01","modified_gmt":"2011-11-19T11:32:01","slug":"linhas-de-pesquisa","status":"publish","type":"page","link":"https:\/\/sacod.ufpr.br\/ppgdesign\/apresentacao\/linhas-de-pesquisa\/","title":{"rendered":"<!--:en-->Research Lines<!--:--><!--:pt-->Linha de Pesquisa<!--:-->"},"content":{"rendered":"<p><!--:en-->The research areas of the Master in Design UFPR meet the areas \/ subjects of investigative interest of teachers \/ researchers of the program are in line with the research groups registered in the CNPq, which are associated with teachers \/ researchers of the program. In this proposal were two lines of research defined as follows.<\/p>\n<p>LP1 | Design of Information Systems<\/p>\n<p>This line studied information systems, devices and analog and digital graphic documents in order to promote efficiency of the process of visual communication. Are investigated syntactic, semantic and pragmatic about the interface and graphics to your readers \/ users [eg understanding, emotion, persuasion, motivation, interactivity]. Through the use and development of theoretical and methodological approaches, seeking satisfactory results in the design, interaction \/ use and evaluation of information systems, artifacts, documents and graphics.<\/p>\n<p>LP2 | Design of production systems and use<\/p>\n<p>This study presents the development and use of products \/ objects \/ artifacts, considering the behavior of the user, the usability, accessibility and manufacturability of systems and products, ergonomic and technological factors, and issues relating to culture and sustainability. This research seeks to develop knowledge in order to achieve design quality, sustainable and socially responsible and giving a competitive edge in the production sector, from associations of craftsmen to large companies.<\/p>\n<p>In 2010 the program through their teachers kept their active participation in scientific committees for events in Brazil and abroad in addition to expanding the group&#8217;s participation in national and international editorial boards, see:<br \/>\nJournals: Technology and Society Magazine (UTFPR) Magazine projective (State University of Londrina-PR) Magazine UNOPAR (Universidade Norte do Paran\u00e1); InfoDesign Magazine-Journal of Information Design (SBDI), Studies in Magazine Design, Magazine ARCOS\u00a0(ESDI), Product (IGDP); and Built Environment Magazine (London), Design in Focus (UNEB) Construction Management &amp; Economics Journal, Journal of Contruction on Developing Countries; LARs Magazine, D Magazine: Design, Education, Society and\u00a0Sustainability; Notebook Journal of Gender and Technology (UTFPR) Journal Household and Personal Care Today.<\/p>\n<p>Events: ENEGEP &#8211; Brazilian Meeting of Production Engineering, Entaco &#8211; National Meeting of Technology of the Built Environment, R &amp; D &#8211; Brazilian Congress of Surveys &amp; Development in Design, SCORE Network &#8211; Sustainable Consumption and Production Network; ENSUS &#8211; Sustainability Meeting of UNIVALI; IGLC\u00a0&#8211; International Group for Lean Construction, Change the Change Conference (Torino); SBGames-Brazilian Symposium on Computer Games and Digital Entertainment; CIPED-International Congress of Design Research, ISPOR Conference, IVLA International Conference, International Conference on Information Design.<\/p>\n<p>Associations: Council of Scientific SBDI-Brazilian Society of Information Design, Board of IVLA-International Visual Literacy Association, National Association aend Teaching and Research Design; Aberg &#8211; Brazilian Association of Ergonomics.<\/p>\n<p>Besides these activities, some consultants are members of the Adhoc Program CAPES and CNPq (Aguinaldo dos Santos, Carla G Spinillo, Stephania Padovani, Maria Lucia Okimoto, Virginia Kistmann), Araucaria Foundation (Aguinaldo dos Santos and Maria Lucia Okimoto); FACEPE, University\u00a0Anhembi-Morumbi, UNOPAR and Senac University Center-SP (G Spinillo Carla), Champagnat University Press (MA Fontoura).\u00a0Operate actively in national and international projects, such as Dr Aguinaldo dos Santos, who is deputy coordinator of the Network Development and dissemination of technologies for constructive social housing, a member of the Program Habitare FINEP, Brazil and Coordinator of the Network for Sustainable Design and\u00a0LENS of South America, and Dr. Carla Spinillo who is the chair of the IVLA and Publications Committee of The association (2009-2010) and Associate Editor of the Selected Readings IVLA, and co-editor of the Journal of Information Design.<!--:--><!--:pt-->As linhas de pesquisa do Mestrado em Design da UFPR atendem \u00e0s \u00e1reas\/temas de interesse investigativo dos docentes\/pesquisadores do Programa, estando em sintonia com os Grupos de Pesquisa cadastrados no CNPq, aos quais s\u00e3o associados os docentes\/pesquisadores do Programa. Nesta proposta foram definidas duas linhas de pesquisa conforme a seguir.<\/p>\n<p>LP1 | Design de sistemas de informa\u00e7\u00e3o<\/p>\n<p>Nesta linha s\u00e3o estudados sistemas de informa\u00e7\u00e3o, artefatos e documentos gr\u00e1ficos anal\u00f3gicos e digitais no intuito de promover a efic\u00e1cia do processo de comunica\u00e7\u00e3o visual. S\u00e3o investigados aspectos sint\u00e1ticos, sem\u00e2nticos e pragm\u00e1ticos referentes \u00e0s interfaces gr\u00e1ficas e aos seus leitores\/usu\u00e1rios [e.g. compreens\u00e3o, emo\u00e7\u00e3o, persuas\u00e3o, motiva\u00e7\u00e3o, interatividade]. Atrav\u00e9s da utiliza\u00e7\u00e3o e desenvolvimento de abordagens te\u00f3ricas e metodol\u00f3gicas, busca resultados satisfat\u00f3rios na elabora\u00e7\u00e3o, intera\u00e7\u00e3o\/uso e avalia\u00e7\u00e3o de sistemas de informa\u00e7\u00e3o, artefatos e documentos gr\u00e1ficos.<\/p>\n<p>LP2 | Design de sistemas de produ\u00e7\u00e3o e utiliza\u00e7\u00e3o<\/p>\n<p>Estuda-se o desenvolvimento e uso de produtos\/objetos\/artefatos, considerando o comportamento do usu\u00e1rio; a usabilidade, acessibilidade e manufaturabilidade de sistemas e produtos; os fatores ergon\u00f4micos e tecnol\u00f3gicos; e as quest\u00f5es relativas \u00e0 cultura e \u00e0 sustentabilidade. Esta linha de pesquisa busca o desenvolvimento de conhecimento de maneira a se obter design de qualidade, sustent\u00e1vel e socialmente respons\u00e1vel e conferindo maior competitividade ao setor produtivo, desde associa\u00e7\u00f5es de artes\u00e3os at\u00e9 grandes empresas.<\/p>\n<p>Em 2010 o Programa atrav\u00e9s de seus docentes manteve sua ativa participa\u00e7\u00e3o em comit\u00eas cient\u00edficos de eventos no Brasil e exterior al\u00e9m da amplia\u00e7\u00e3o da participa\u00e7\u00e3o do grupo em comit\u00eas editoriais nacionais e internacionais, a ver:<\/p>\n<p><strong>Peri\u00f3dicos<\/strong>: Revista Tecnologia e Sociedade (UTFPR), Revista Projetica (Universidade Estadual de Londrina-PR); Revista UNOPAR (Universidade Norte do Paran\u00e1); Revista InfoDesign- Revista Brasileira de Design da Informa\u00e7\u00e3o (SBDI), Revista Estudos em Design; Revista ARCOS (ESDI); Product (IGDP) e; Revista Ambiente Constru\u00eddo (S\u00e3o Paulo), Design em Foco (UNEB); Construction Management &amp; Economics Journal; Journal of Contruction on Developing Countries; Revista LARs; Revista D: Design, Educa\u00e7\u00e3o, Sociedade e Sustentabilidade; Revista Caderno de G\u00eanero e Tecnologia (UTFPR); Journal Household and Personal Care Today.<\/p>\n<p><strong>Eventos<\/strong>: ENEGEP \u2013 Encontro Brasileiro de Engenharia de Produ\u00e7\u00e3o, ENTAC \u2013 Encontro Nacional de Tecnologia do Ambiente Constru\u00eddo, P&amp;D \u2013 Congresso Brasileiro de Pequisa &amp; Desenvolvimento em Design, SCORE Network \u2013 Sustainable Consumption and Production Network; ENSUS \u2013 Encontro de Sustentabilidade da UNIVALI; IGLC \u2013 International Group for Lean Construction; Change the Change Conference (Torino); SBGames- Brazilian Symposium on Computer Games and Digital Entertainment; CIPED- Congresso Internacional de Pesquisa em Design, ISPOR Conference, IVLA International Conference; Congresso Internacional de Design da Informa\u00e7\u00e3o.<\/p>\n<p><strong>Associa\u00e7\u00f5es<\/strong>: Conselho Cient\u00edfico da SBDI- Sociedade Brasileira de Design da Informa\u00e7\u00e3o; Diretoria da IVLA-International Visual Literacy Association; AEND- Associa\u00e7\u00e3o Nacional de Ensino e Pesquisa em Design; Abergo &#8211; Associa\u00e7\u00e3o Brasileira de Ergonomia.<\/p>\n<p>Al\u00e9m destas atividades, alguns membros do Programa s\u00e3o consultores Adhoc da CAPES e CNPq (Aguinaldo dos Santos, Carla G Spinillo, Stephania Padovani, Maria Lucia Okimoto, Virginia Kistmann), Funda\u00e7\u00e3o Arauc\u00e1ria (Aguinaldo dos Santos e Maria Lucia Okimoto); FACEPE, Universidade Anhembi-Morumbi, UNOPAR e Centro Universit\u00e1rio SENAC-SP (Carla G Spinillo), Editora Universit\u00e1ria Champagnat (A. M. Fontoura). Atuam ativamente em projetos nacionais e internacionais, como o Dr Aguinaldo dos Santos que \u00e9 vice-coordenador da Rede Desenvolvimento e difus\u00e3o de tecnologias construtivas para a habita\u00e7\u00e3o de interesse social, integrante do Programa Habitare da FINEP; e Coordenador da Rede Brasil de Design Sustent\u00e1vel e do LeNS South America, e Dra. Carla Spinillo que \u00e9 da diretoria do IVLA e do Comit\u00ea de Publica\u00e7\u00f5es desta Aassocia\u00e7\u00e3o (2009-2010) e Editora Associada dos Selected Readings do IVLA, e co-editora da Revista Brasileira de Design da Informa\u00e7\u00e3o.<\/p>\n<p>&nbsp;<!--:--><\/p>\n","protected":false},"excerpt":{"rendered":"<p>The research areas of the Master in Design UFPR meet the areas \/ subjects of investigative interest of teachers \/ researchers of the program are in line with the research groups registered in the CNPq, which are associated with teachers &hellip; <a href=\"https:\/\/sacod.ufpr.br\/ppgdesign\/apresentacao\/linhas-de-pesquisa\/\">&#8230;<\/a><\/p>\n","protected":false},"author":1,"featured_media":0,"parent":5,"menu_order":0,"comment_status":"open","ping_status":"open","template":"","meta":{"_acf_changed":false,"ngg_post_thumbnail":0,"footnotes":""},"class_list":["post-20","page","type-page","status-publish","hentry"],"acf":[],"_links":{"self":[{"href":"https:\/\/sacod.ufpr.br\/ppgdesign\/wp-json\/wp\/v2\/pages\/20","targetHints":{"allow":["GET"]}}],"collection":[{"href":"https:\/\/sacod.ufpr.br\/ppgdesign\/wp-json\/wp\/v2\/pages"}],"about":[{"href":"https:\/\/sacod.ufpr.br\/ppgdesign\/wp-json\/wp\/v2\/types\/page"}],"author":[{"embeddable":true,"href":"https:\/\/sacod.ufpr.br\/ppgdesign\/wp-json\/wp\/v2\/users\/1"}],"replies":[{"embeddable":true,"href":"https:\/\/sacod.ufpr.br\/ppgdesign\/wp-json\/wp\/v2\/comments?post=20"}],"version-history":[{"count":4,"href":"https:\/\/sacod.ufpr.br\/ppgdesign\/wp-json\/wp\/v2\/pages\/20\/revisions"}],"predecessor-version":[{"id":226,"href":"https:\/\/sacod.ufpr.br\/ppgdesign\/wp-json\/wp\/v2\/pages\/20\/revisions\/226"}],"up":[{"embeddable":true,"href":"https:\/\/sacod.ufpr.br\/ppgdesign\/wp-json\/wp\/v2\/pages\/5"}],"wp:attachment":[{"href":"https:\/\/sacod.ufpr.br\/ppgdesign\/wp-json\/wp\/v2\/media?parent=20"}],"curies":[{"name":"wp","href":"https:\/\/api.w.org\/{rel}","templated":true}]}}