{"id":184,"date":"2011-11-19T10:39:12","date_gmt":"2011-11-19T10:39:12","guid":{"rendered":"https:\/\/sacod.ufpr.br\/ppgdesign\/?page_id=184"},"modified":"2013-08-25T00:00:40","modified_gmt":"2013-08-25T03:00:40","slug":"infraestrutura","status":"publish","type":"page","link":"https:\/\/sacod.ufpr.br\/ppgdesign\/infraestrutura\/","title":{"rendered":"<!--:en-->Facilities<!--:--><!--:pt-->Instala\u00e7\u00f5es<!--:-->"},"content":{"rendered":"<p><!--:en-->The PPGDesign has in its infrastructure for research laboratories 03 and 01 core: LAI-DI Laboratory Animation and Interactive Information Design, Laberge-Ergonomics Laboratory, the Laboratory of Image and 3D, and NDS-Core Design and Sustainability.<\/p>\n<p>Besides these, are available to masters students and faculty of the Program computer labs, photography, illustration and ceramics under the management of the Department of Design.\u00a0This is the policy of integration and optimization of infrastructure and PPGDesign Department \/ Graduate Design UFPR articulated in the acquisition of funds from FDA&#8217;s Academic Development Fund, among other funds.\u00a0Thus, there is the constant improvement of the physical and material conditions for the development of teaching and research at the graduate and undergraduate design.\u00a0As a result in 2010 it was bought by PPGDesign 01 interactive whiteboard, 6 computers and furniture, and these are allocated \/ available for both undergraduate and to masters.<\/p>\n<p>Important to note that in 2010 a complete renovation was carried out in the spaces on the 12th floor of the Dom Pedro I, which enabled the introduction of new equipment to support teaching and research.\u00a0In 2010 we acquired a vacuum forming equipment that will enable the execution of molds, prototypes and mock-ups polymer.<\/p>\n<p>How to research laboratories linked to Program, the physical infrastructure of these has also been enhanced through public announcements of research resources and affirmative action agencies CNPq, FINEP, Araucaria Foundation and partnerships with state and local governments, and private companies\u00a0projects in research &#038; development and innovation.\u00a0As a result in 2010, NDS, coordinated by prof.\u00a0Dr. Aguinaldo dos Santos had approved funds of R $ 350,000.00 in Project Eco-LED (FINEP) R $ 180,000.00 in Project Amana (CNPq), which add up to R $ 478,772.40 Project PROENG-UFSC\u00a0\/ USP \/ UFPR (CAPES) and the allocation of resources through the project Eco-Added (Araucaria Foundation and Company Soliforte &#8211; Grant announcement FINEP &#8211; 1082.879,80).\u00a0These resources enabled the purchase of a vacuum forming, a 3D printer, 5 laptops, tablets, 3D scanner, which allocated only to purchase books about $ 10,000.00.\u00a0Since the LAI-DI (Laboratory for Animation and Interactive Information Design) acquired a total of R $ 19,383.12 in funding and equipment through research projects&#8217; Information Design in animated visual instructions &#8220;coordinated by Prof..\u00a0Dr. Carla G.\u00a0Spinillo.\u00a0Below is the current infrastructure of the laboratories linked to Program Design and the Department available to MA students, faculty and graduate students.<\/p>\n<p>As a summary of the infrastructure program in 2010, has acquired an amount of around: $ 100,000.00 in laboratories, $ 12,000.00 for library books, and $ 5,000.00 in computer resources.\u00a0As direct indicators of the Program in infrastructure can be considered:<\/p>\n<p>(A) approval notices in national and local agencies: CNPq, FINEP, CAPES, Araucaria Foundation, (b) approval of bidding institutional UFPR (FDA&#8217;s) and<\/p>\n<p>(C) growth of the research laboratories at its production and scientific activities.<\/p>\n<p>As indirect indicators, ie those that lead to growth of the infrastructure program but are related to other aspects, we have:<\/p>\n<p>(A) quality of scientific output of the program;<\/p>\n<p>(B) insertion into the local scientific community, national and international in design (eg, participation on committees, scientific societies, networks \/ networks, exchanges), (c) inclusion in society (eg, partnership with businesses and governments) and\u00a0(d) visibility locally, nationally and internationally (eg, participation in scientific events, lectures, media).<\/p>\n<p>Valley ressalatar the Graduate Program in Design Master of UFPR is in the Department of Design UFPR, which occupies an area of \u200b\u200b2000m2 distributed: 06 classrooms (all equipped with data projectors), an amphitheater with a capacity of 01\u00a080 people (equipped with data projectors, screen and automatic lighting system and sound), 04 laboratories, 01 woodworking and 01 meeting room \/ classroom; 03 rooms for secretaries \/ coordinators and shared offices for teachers.\u00a0This infrastructure, the Masters Course in Design uses: 01 specific room for office, 02 classrooms equipped with computer, screen and data-show, 01 auditorium \/ amphitheater for seminar presentations, qualifying exams and dissertation defenses,\u00a001 study hall for students of the program equipped with computers and printer, and doctors offices for permanent teachers PPGDesign, in addition to laboratories linked to Program (LAI-DI Laberge, Laboratory of Image and 3D NDS).About the Ceramic Laboratory DeDesign, worth pointing out that this was expanded through the reform of the 12th floor of the building where the works PPGDesign.Thus, two rooms for working with plaster and clay modeling are available, also keeping existing facilities in this laboratory 8.andar the same building.\u00a0The Master Course also uses the video conferencing room shared between the Department of Humanities, Arts and Letters and the Education Sector.<!--:--><!--:pt-->O PPGDesign possui em sua infra-estrutura para pesquisa 03 laborat\u00f3rios e 01 n\u00facleo: LAI-DI Laborat\u00f3rio de Anima\u00e7\u00e3o Interativa e Design da Informa\u00e7\u00e3o, LabErg- Laborat\u00f3rio de Ergonomia, o Laborat\u00f3rio de Imagem e 3D, e o NDS- N\u00facleo de Design e Sustentabilidade.<\/p>\n<p>Al\u00e9m destes, encontram-se dispon\u00edveis aos mestrandos e docentes do Programa os laborat\u00f3rios de computa\u00e7\u00e3o, fotografia, ilustra\u00e7\u00e3o e cer\u00e2micos sob a gest\u00e3o do Departamento de Design. Isto se deve \u00e0 pol\u00edtica de integra\u00e7\u00e3o e otimiza\u00e7\u00e3o em infra-estrutura do PPGDesign e Departamento\/Gradua\u00e7\u00e3o de Design da UFPR na aquisi\u00e7\u00e3o articulada de recursos oriundos de FDAs- Fundos de Desenvolvimento Acad\u00eamico, entre outros fundos. Assim, tem-se a constante melhoria das condi\u00e7\u00f5es f\u00edsicas e materiais para o desenvolvimento das atividades de ensino e pesquisa ao n\u00edvel da p\u00f3s-gradua\u00e7\u00e3o e gradua\u00e7\u00e3o em design. Como resultado em 2010, foram adquiridos pelo PPGDesign 01 quadro interativo, 6 computadores e mobili\u00e1rio, estando estes alocados\/dispon\u00edveis tanto para graduandos como para mestrandos.<\/p>\n<p>Importante apontar que em 2010 foi realizada uma reforma completa nos espa\u00e7os no 12\u00ba andar do edif\u00edcio Dom Pedro I, o que viabilizou a introdu\u00e7\u00e3o de novos equipamentos de apoio ao ensino e pesquisa. Em 2010 foi adquirido um equipamento de <em>Vacuum Forming<\/em> que possibilitar\u00e1 a execu\u00e7\u00e3o de moldes, mock-ups e prot\u00f3tipos polim\u00e9ricos.<\/p>\n<p>Quanto aos laborat\u00f3rios de pesquisa vinculados ao Programa, a infra-estrutura f\u00edsica destes tamb\u00e9m tem sido aprimorada atrav\u00e9s de recursos de editais de pesquisa e a\u00e7\u00f5es afirmativas das ag\u00eancias CNPq, FINEP, Funda\u00e7\u00e3o Arauc\u00e1ria e de parcerias com governos municipais e estaduais; e com empresas privadas em projetos de pesquisa &amp; desenvolvimento e inova\u00e7\u00e3o. Como resultado em 2010, o <strong>NDS<\/strong>, sob a coordena\u00e7\u00e3o do prof. Dr. Aguinaldo dos Santos teve recursos aprovados da ordem de R$ 350.000,00 no Projeto Eco-LED (FINEP) R$ 180.000,00 no Projeto Amana (CNPq), que se somam aos R$ 478.772,40 do Projeto PROENG- UFSC\/USP\/UFPR (CAPES) e o aporte de recursos via o projeto Eco-Agregado (Funda\u00e7\u00e3o Arauc\u00e1ria e Empresa Soliforte \u2013 edital Subven\u00e7\u00e3o FINEP \u2013 1082.879,80). Estes recursos possibilitaram a aquisi\u00e7\u00e3o de 1 vacuum forming, 1 impressora 3D, 5 lap-tops, tablets, scanner 3D, sendo alocados somente para a aquisi\u00e7\u00e3o de livros cerca de R$ 10.000,00. J\u00e1 o <strong>LAI-DI <\/strong>(Laborat\u00f3rio de Anima\u00e7\u00e3o Interativa e Design da Informa\u00e7\u00e3o) adquiriu um total de R$ 19.383,12 em custeio e equipamentos atrav\u00e9s dos Projetos de pesquisa \u2018Design da Informa\u00e7\u00e3o em Instru\u00e7\u00f5es visuais animadas\u2019 coordenado pela Prof. Dra Carla G. Spinillo.\u00a0Abaixo segue a infra-estrutura atual dos laborat\u00f3rios vinculados aos Programa e ao Departamento de Design dispon\u00edveis aos mestrandos, docentes e graduandos.<\/p>\n<p>Como s\u00edntese da infra-estrutura do Programa em 2010, tem-se um montante adquirido em torno de:\u00a0 R$ 100.000,00 em laborat\u00f3rios, R$ 12.000,00 em livros para biblioteca; e R$ 5.000,00 em recursos de inform\u00e1tica. Como indicadores diretos do Programa em infra-estrutura pode se considerar:<\/p>\n<p>(a) aprova\u00e7\u00e3o em editais das ag\u00eancias nacionais e locais: CNPq, FINEP, CAPES, Funda\u00e7\u00e3o Arauc\u00e1ria, (b) aprova\u00e7\u00e3o nos editais institucionais da UFPR (FDAs); e<\/p>\n<p>(c) crescimento dos laborat\u00f3rios de pesquisa em sua produ\u00e7\u00e3o e atua\u00e7\u00e3o cient\u00edfica.<\/p>\n<p>Como indicadores indiretos, ou seja, aqueles que levam ao crescimento da infra-estrutura do Programa mas est\u00e3o relacionados a aspectos outros, temos:<\/p>\n<p>(a) qualidade da produ\u00e7\u00e3o cient\u00edfica do Programa;<\/p>\n<p>(b) inser\u00e7\u00e3o na comunidade cient\u00edfica local, nacional e internacional na \u00e1rea de design (e.g., participa\u00e7\u00e3o em comit\u00eas, sociedades cient\u00edficas, redes\/networks, interc\u00e2mbios); (c) inser\u00e7\u00e3o na sociedade (e.g., parceria com empresas e governos); e (d) visibilidade local, nacional e internacional (e.g., participa\u00e7\u00e3o em eventos cient\u00edficos, palestras, m\u00eddia).<\/p>\n<p>Vale ressalatar que o Programa de P\u00f3s-gradua\u00e7\u00e3o Mestrado em Design da UFPR encontra-se nas depend\u00eancias do Departamento de Design da UFPR, que ocupa uma \u00e1rea de 2000m2 distribu\u00edda em: 06 salas de aula (todas equipadas com datashow), 01 anfiteatro com capacidade para 80 pessoas (equipado com datashow, tela autom\u00e1tica e sistema de ilumina\u00e7\u00e3o e som), 04 laborat\u00f3rios, 01 marcenaria, e 01 sala para reuni\u00e3o\/aulas; 03 salas para secretarias \/ coordena\u00e7\u00f5es e gabinetes compartilhados para os professores. Dessa infra-estrutura, o Curso de Mestrado em Design utiliza: 01 sala espec\u00edfica para secretaria, 02 salas de aula equipadas com computador, tel\u00e3o e data-show, 01 audit\u00f3rio\/anfiteatro para apresenta\u00e7\u00e3o de semin\u00e1rios, exames de qualifica\u00e7\u00e3o e defesas das disserta\u00e7\u00f5es, 01 sala de estudos para alunos do Programa equipada com computadores e impressora; e gabinetes para professores doutores permanentes do PPGDesign, al\u00e9m dos laborat\u00f3rios vinculados ao Programa (LAI-DI, LabErg, Laborat\u00f3rio de imagem e 3D, e NDS). Sobre o Laborat\u00f3rio de Cer\u00e2micos do DeDesign, vale salientar que este foi ampliado atrav\u00e9s da reforma do 12o andar do pr\u00e9dio onde funciona o PPGDesign. Com isso, duas salas para trabalhos com modelagem em gesso e argila encontram-se dispon\u00edveis, mantendo-se tamb\u00e9m as instala\u00e7\u00f5es existentes deste laborat\u00f3rio no 8.andar do mesmo pr\u00e9dio. O Curso de Mestrado utiliza ainda a Sala de V\u00eddeo-confer\u00eancia compartilhada entre o Setor de Ci\u00eancias Humanas, Letras e Artes e o Setor de Educa\u00e7\u00e3o<a href=\"http:\/\/200.17.247.244\/fmi\/iwp\/cgi?-db=InscricaoPPGDesign&amp;-loadframes\">.<\/a><!--:--><\/p>\n","protected":false},"excerpt":{"rendered":"<p>The PPGDesign has in its infrastructure for research laboratories 03 and 01 core: LAI-DI Laboratory Animation and Interactive Information Design, Laberge-Ergonomics Laboratory, the Laboratory of Image and 3D, and NDS-Core Design and Sustainability. Besides these, are available to masters students &hellip; <a href=\"https:\/\/sacod.ufpr.br\/ppgdesign\/infraestrutura\/\">&#8230;<\/a><\/p>\n","protected":false},"author":66,"featured_media":0,"parent":0,"menu_order":0,"comment_status":"open","ping_status":"open","template":"","meta":{"_acf_changed":false,"ngg_post_thumbnail":0,"footnotes":""},"class_list":["post-184","page","type-page","status-publish","hentry"],"acf":[],"_links":{"self":[{"href":"https:\/\/sacod.ufpr.br\/ppgdesign\/wp-json\/wp\/v2\/pages\/184","targetHints":{"allow":["GET"]}}],"collection":[{"href":"https:\/\/sacod.ufpr.br\/ppgdesign\/wp-json\/wp\/v2\/pages"}],"about":[{"href":"https:\/\/sacod.ufpr.br\/ppgdesign\/wp-json\/wp\/v2\/types\/page"}],"author":[{"embeddable":true,"href":"https:\/\/sacod.ufpr.br\/ppgdesign\/wp-json\/wp\/v2\/users\/66"}],"replies":[{"embeddable":true,"href":"https:\/\/sacod.ufpr.br\/ppgdesign\/wp-json\/wp\/v2\/comments?post=184"}],"version-history":[{"count":8,"href":"https:\/\/sacod.ufpr.br\/ppgdesign\/wp-json\/wp\/v2\/pages\/184\/revisions"}],"predecessor-version":[{"id":186,"href":"https:\/\/sacod.ufpr.br\/ppgdesign\/wp-json\/wp\/v2\/pages\/184\/revisions\/186"}],"wp:attachment":[{"href":"https:\/\/sacod.ufpr.br\/ppgdesign\/wp-json\/wp\/v2\/media?parent=184"}],"curies":[{"name":"wp","href":"https:\/\/api.w.org\/{rel}","templated":true}]}}