{"id":99,"date":"2022-10-27T16:19:25","date_gmt":"2022-10-27T19:19:25","guid":{"rendered":"https:\/\/sacod.ufpr.br\/devorarmodernismos\/?page_id=99"},"modified":"2022-11-08T09:44:47","modified_gmt":"2022-11-08T12:44:47","slug":"mesas-eixos-tematicos","status":"publish","type":"page","link":"https:\/\/sacod.ufpr.br\/devorarmodernismos\/mesas-eixos-tematicos\/","title":{"rendered":"Mesas\/Eixos Tem\u00e1ticos"},"content":{"rendered":"<p>O evento Devorar Modernismos \u00e9 dividido em eixos, correspondentes aos grupos de apresenta\u00e7\u00e3o de trabalhos e aos pain\u00e9is de debate que acontecer\u00e3o a cada dia:<\/p>\n<h4><span style=\"color: #993300\">7\/11\u00a0<\/span><span style=\"color: #993300\">\u2022\u00a0<\/span><span style=\"color: #993300\">Confer\u00eancia de Abertura\u00a0<\/span><span style=\"color: #993300\">\u2022\u00a0<\/span>&#8220;Os s\u00e9culos e as semanas&#8221;<\/h4>\n<ul>\n<li><strong>Francisco Alambert<\/strong> (USP): <em>Leciona Hist\u00f3ria Social da Arte e Hist\u00f3ria Contempor\u00e2nea no Departamento de Hist\u00f3ria da USP. Escreveu, entre outros livros, Bienais de S\u00e3o Paulo &#8211; da Era do Museu \u00e0 Era dos Curadores (Boitempo, Pr\u00eamio Jabuti em 2004) e Hist\u00f3ria, arte e cultura: ensaios (Editora Intermeios, 2020). Atualmente participa da editoria da Revista de Hist\u00f3ria da USP e \u00e9 conselheiro da Funda\u00e7\u00e3o Bienal de S\u00e3o Paulo.<\/em><\/li>\n<\/ul>\n<p>Media\u00e7\u00e3o: <a href=\"http:\/\/lattes.cnpq.br\/5334187645210854\"><strong>Stephanie Dahn Batista<\/strong><\/a> (UFPR)<\/p>\n<h4><span style=\"color: #993300\">Mesa 8\/11 \u2022 OUTRAS MODERNIDADES\u00a0<\/span><\/h4>\n<p>A proposta \u00e9 trazer leituras diversas sobre o pensamento da modernidade em variadas localidades do Brasil, que n\u00e3o as cidades do Rio de Janeiro e S\u00e3o Paulo, apresentando movimentos que constroem outros caminhos e projetos para al\u00e9m da Semana de Arte de 1922.<\/p>\n<h5><a href=\"https:\/\/sacod.ufpr.br\/devorarmodernismos\/savio-luis-stoco\/\">&#8220;<strong>A extin\u00e7\u00e3o das gar\u00e7as, guar\u00e1s e a destrui\u00e7\u00e3o da Cidade Flutuante: emblemas modernistas nas capitais amaz\u00f4nicas Bel\u00e9m e Manaus<\/strong>&#8220;<\/a><\/h5>\n<ul>\n<li><strong>S\u00e1vio Lu\u00eds Stoco<\/strong> (UFPA):\u00a0<em>Professor da UFPA e colaborador no Programa de P\u00f3s-Gradua\u00e7\u00e3o em Artes\/UFPA. Mestre em Artes Visuais (Unicamp) e doutor em Meios e Processos Audiovisuais (USP). Especialista em Artes Visuais: Cultura e Cria\u00e7\u00e3o (Senac) e cursou a especializa\u00e7\u00e3o Produ\u00e7\u00e3o, Dire\u00e7\u00e3o e Cria\u00e7\u00e3o em Cinema (Uninorte). Licenciado em Artes Visuais e graduado em Comunica\u00e7\u00e3o Social (UFAM).<\/em><\/li>\n<\/ul>\n<h5><strong>&#8220;Arte Tupinamb\u00e1 e uma perspectiva tupinamb\u00e1 sobre o moderno&#8221;<\/strong><\/h5>\n<ul>\n<li><strong>Moara Tupinamb\u00e1<\/strong>:\u00a0<em>Nasceu em Mairi &#8211; Bel\u00e9m do Par\u00e1, \u00e9 artista visual e curadora ativista. Utiliza desenho, pintura, colagens, instala\u00e7\u00f5es, escrita, v\u00eddeo-entrevistas, fotografias, literatura. Sua po\u00e9tica percorre cartografias da mem\u00f3ria, identidade, ancestralidade e reafirma\u00e7\u00e3o tupinamb\u00e1 na Amaz\u00f4nia. \u00c9 vice-presidente da associa\u00e7\u00e3o Wyka Kwara e autora do livro \u201cO sonho da Buya-was\u00fa\u201d, da editora Miolo Mole.<\/em><\/li>\n<\/ul>\n<h5><a href=\"https:\/\/sacod.ufpr.br\/devorarmodernismos\/renato-menezes\/\"><strong>&#8220;O que Tarsila (n\u00e3o) viu em Madureira?&#8221;<\/strong><\/a><\/h5>\n<ul>\n<li><strong>Renato Menezes<\/strong> (PINACOTECA):\u00a0<em><span style=\"font-weight: 400\">Doutorando em Teoria da Arte pela EHESS (Paris) e \u00e9 curador da Pinacoteca de S\u00e3o Paulo. Co-editou o livro &#8220;Fran\u00e7a Ant\u00e1rtica: ensaios interdisciplinares&#8221; (Editora da Unicamp, 2021) e foi curador assistente da mostra &#8220;Raio-que-o-parta: fic\u00e7\u00f5es do moderno no Brasil&#8221; (Sesc 24 de maio, 2022).<\/span><\/em><\/li>\n<\/ul>\n<p>Media\u00e7\u00e3o: <a href=\"http:\/\/lattes.cnpq.br\/2174141390493749\"><strong>Heloisa C\u00e2mara<\/strong><\/a> (UFPR)<\/p>\n<h4><span style=\"color: #993300\">Mesa 9\/11<\/span><span style=\"color: #993300\">\u00a0\u2022 DE FORA DO BANQUETE<\/span><\/h4>\n<p>O eixo consiste em pensar nos sujeitos presentes da vanguarda que compunham aquele momento e sobre aus\u00eancias de narrativas sobre o Modernismo no Brasil vindas de ind\u00edgenas, mulheres e negros e negras.<\/p>\n<h5><a href=\"https:\/\/sacod.ufpr.br\/devorarmodernismos\/ana-paula-simioni\/\"><strong>&#8220;Um cap\u00edtulo da \u2018arte total\u2019 no Brasil: a contribui\u00e7\u00e3o de Regina Gomide Graz&#8221;<\/strong><\/a><\/h5>\n<ul>\n<li><strong>Ana Paula Simioni<\/strong> (IEB-USP):\u00a0<em>Professora da USP e membro do Institut d\u00b4\u00c9tudes Avanc\u00e9s de Nantes (2021-2024). Graduada em Ci\u00eancias Sociais (USP), mestre e doutora em Sociologia (USP). L\u00edder do grupo de pesquisa GAAI (G\u00eanero, Arte, Artefato e Imagens). Realizou a curadoria das exposi\u00e7\u00f5es &#8220;Mulheres Artistas: as pioneiras (1880-1930)&#8221; e &#8220;Transbordar: transgress\u00f5es do bordado na arte&#8221;.<\/em><\/li>\n<\/ul>\n<h5><a href=\"https:\/\/sacod.ufpr.br\/devorarmodernismos\/julio-ludemir\/\"><strong>\u201cSemana de 22 &#8211; N\u00f3s n\u00e3o sab\u00edamos que isso se chamava apropria\u00e7\u00e3o cultural\u201d<\/strong><\/a><\/h5>\n<ul>\n<li><strong>Julio Ludemir<\/strong> (FLUP):\u00a0<em>Escritor, roteirista e produtor cultural. \u00c9 um dos idealizadores da Batalha do Passinho e da FLUP (Festa Liter\u00e1ria das Periferias), vencedora do Pr\u00eamio Jabuti na categoria \u201cFomento \u00e0 leitura\u201d. \u00c9 autor dos livros Psico, S\u00f3 por hoje, Rim por Rim, Sorria, voc\u00ea est\u00e1 na Rocinha e No cora\u00e7\u00e3o do Comando, entre outros.<\/em><\/li>\n<\/ul>\n<p><a style=\"font-family: Bitter, Georgia, serif;font-size: 18px\" href=\"https:\/\/sacod.ufpr.br\/devorarmodernismos\/rosane-kaminski\/\"><strong>\u201cArtes e ares modernos em Curitiba: notas de um estudante de Direito em 1922\u201d<\/strong><\/a><\/p>\n<ul>\n<li><strong>Rosane Kaminski<\/strong> (UFPR):\u00a0<em>Professora da gradua\u00e7\u00e3o e p\u00f3s-gradua\u00e7\u00e3o em Hist\u00f3ria da UFPR, e colaboradora do Mestrado em Cinema e Artes do V\u00eddeo da UNESPAR. Bolsista de Produtividade do CNPq, pesquisa as rela\u00e7\u00f5es entre artes visuais, cinema e hist\u00f3ria no Brasil do s\u00e9culo XX. Autora de \u201cA po\u00e9tica da ang\u00fastia: cinema e hist\u00f3ria em Sylvio Back\u201d e organizadora de diversas colet\u00e2neas sobre artes e hist\u00f3ria.<\/em><\/li>\n<\/ul>\n<p>Media\u00e7\u00e3o: <a href=\"http:\/\/lattes.cnpq.br\/0962469069778540\"><strong>Yasmin Fabris<\/strong><\/a> (UFPR)<\/p>\n<h4><span style=\"color: #993300\">Mesa 10\/11<\/span><span style=\"color: #993300\">\u00a0\u2022\u00a0ENCE(NA\u00c7\u00c3O)<\/span><\/h4>\n<p>Prop\u00f5e-se um olhar cr\u00edtico sobre os arranjos institucionais, pol\u00edticos e culturais que formaram a inteligibilidade ou n\u00e3o da no\u00e7\u00e3o de na\u00e7\u00e3o brasileira. Entre processos constituintes e desconstituintes, a partir de qual ideia de modernismo poderia ser pensada a comunidade pol\u00edtica e social no Brasil.<\/p>\n<h5><strong>T\u00edtulo a definir<\/strong><\/h5>\n<ul>\n<li><strong>Cristiano Paix\u00e3o<\/strong> (UnB):\u00a0<em>Professor da UnB. Foi Conselheiro da Comiss\u00e3o de Anistia do Minist\u00e9rio da Justi\u00e7a (2012-2016) e Coordenador de Rela\u00e7\u00f5es Institucionais da Comiss\u00e3o An\u00edsio Teixeira de Mem\u00f3ria e Verdade (UnB). Coordenador dos grupos de pesquisa \u201cPercursos, Narrativas, Fragmentos: Hist\u00f3ria do Direito e do Constitucionalismo\u201d e \u201cEixos, planos, fic\u00e7\u00f5es: grupo brasiliense de direito e arte\u201d. Subprocurador-Geral do Trabalho (MPT). Integrante do Coletivo Transforma MP e da Associa\u00e7\u00e3o Brasileira de Juristas pela Democracia (ABJD).<\/em><\/li>\n<\/ul>\n<h5><a href=\"https:\/\/sacod.ufpr.br\/devorarmodernismos\/leonardo-bora\/\"><strong>&#8220;No pa\u00eds da Tropic\u00e1lia, tudo acaba em carnaval?\u00a0Samba, modernismos e outras devora\u00e7\u00f5es&#8221;<\/strong><\/a><\/h5>\n<ul>\n<li><strong>Leonardo Bora<\/strong> (Unidos da Grande Rio):\u00a0<em>Doutor e mestre em Teoria Liter\u00e1ria (UFRJ), bacharel em Direito (UFPR) e licenciado em Letras Portugu\u00eas-Ingl\u00eas (PUC-PR). \u00c9 professor de Fundamentos da Cultura Liter\u00e1ria Brasileira da Faculdade de Letras da UFRJ e carnavalesco do GRES Acad\u00eamicos do Grande Rio, juntamente com Gabriel Haddad.<\/em><\/li>\n<\/ul>\n<h5><a href=\"https:\/\/sacod.ufpr.br\/devorarmodernismos\/raquel-illescas-bueno\/\"><strong>\u201cUm mesmo sempre outro: M\u00e1rio de Andrade\u201d<\/strong><\/a><\/h5>\n<ul>\n<li><strong>Raquel Illescas Bueno<\/strong>\u00a0(UFPR):\u00a0<em>Professora de teoria liter\u00e1ria e literatura brasileira (UFPR). Mestra e Doutora em Literatura Brasileira (USP), com p\u00f3s-doutorados na Universidade de Santiago de Compostela e na UFSC. Graduada em Letras (PUCPR) e em Direito (UFPR). Desenvolve pesquisas sobre a presen\u00e7a da cr\u00edtica liter\u00e1ria na fic\u00e7\u00e3o no modernismo e na contemporaneidade e sobre a literatura brasileira produzida na primeira metade do s\u00e9culo XX.<\/em><\/li>\n<\/ul>\n<p>Media\u00e7\u00e3o: <a href=\"http:\/\/lattes.cnpq.br\/9736814640486992\"><strong>Andr\u00e9 Egg<\/strong><\/a> (UNESPAR)<\/p>\n<p>&nbsp;<\/p>\n","protected":false},"excerpt":{"rendered":"<p>O evento Devorar Modernismos \u00e9 dividido em eixos, correspondentes aos grupos de apresenta\u00e7\u00e3o de trabalhos e aos pain\u00e9is de debate que acontecer\u00e3o a cada dia: 7\/11\u00a0\u2022\u00a0Confer\u00eancia de Abertura\u00a0\u2022\u00a0&#8220;Os s\u00e9culos e as semanas&#8221; Francisco Alambert (USP): Leciona Hist\u00f3ria Social da Arte e Hist\u00f3ria Contempor\u00e2nea no Departamento de Hist\u00f3ria da USP. Escreveu, entre outros livros, Bienais de &hellip; <a href=\"https:\/\/sacod.ufpr.br\/devorarmodernismos\/mesas-eixos-tematicos\/\" class=\"more-link\">Continue lendo <span class=\"screen-reader-text\">Mesas\/Eixos Tem\u00e1ticos<\/span> <span class=\"meta-nav\">&rarr;<\/span><\/a><\/p>\n","protected":false},"author":1759,"featured_media":0,"parent":0,"menu_order":0,"comment_status":"closed","ping_status":"closed","template":"","meta":{"_acf_changed":false,"footnotes":""},"class_list":["post-99","page","type-page","status-publish","hentry"],"acf":[],"_links":{"self":[{"href":"https:\/\/sacod.ufpr.br\/devorarmodernismos\/wp-json\/wp\/v2\/pages\/99","targetHints":{"allow":["GET"]}}],"collection":[{"href":"https:\/\/sacod.ufpr.br\/devorarmodernismos\/wp-json\/wp\/v2\/pages"}],"about":[{"href":"https:\/\/sacod.ufpr.br\/devorarmodernismos\/wp-json\/wp\/v2\/types\/page"}],"author":[{"embeddable":true,"href":"https:\/\/sacod.ufpr.br\/devorarmodernismos\/wp-json\/wp\/v2\/users\/1759"}],"replies":[{"embeddable":true,"href":"https:\/\/sacod.ufpr.br\/devorarmodernismos\/wp-json\/wp\/v2\/comments?post=99"}],"version-history":[{"count":16,"href":"https:\/\/sacod.ufpr.br\/devorarmodernismos\/wp-json\/wp\/v2\/pages\/99\/revisions"}],"predecessor-version":[{"id":146,"href":"https:\/\/sacod.ufpr.br\/devorarmodernismos\/wp-json\/wp\/v2\/pages\/99\/revisions\/146"}],"wp:attachment":[{"href":"https:\/\/sacod.ufpr.br\/devorarmodernismos\/wp-json\/wp\/v2\/media?parent=99"}],"curies":[{"name":"wp","href":"https:\/\/api.w.org\/{rel}","templated":true}]}}