{"id":21,"date":"2022-08-24T11:52:06","date_gmt":"2022-08-24T14:52:06","guid":{"rendered":"https:\/\/sacod.ufpr.br\/devorarmodernismos\/?page_id=21"},"modified":"2022-11-07T14:01:48","modified_gmt":"2022-11-07T17:01:48","slug":"submissoes","status":"publish","type":"page","link":"https:\/\/sacod.ufpr.br\/devorarmodernismos\/submissoes\/","title":{"rendered":"Comunica\u00e7\u00f5es"},"content":{"rendered":"<p>O evento, <em><strong>Devorar Modernismos \u2013 outras cartografias<\/strong>,<\/em>\u00a0contar\u00e1 com espa\u00e7os para apresenta\u00e7\u00e3o e discuss\u00e3o de pesquisas conclu\u00eddas ou em fase de desenvolvimento, bem como a\u00e7\u00f5es art\u00edsticas. O evento pretende divulgar e incentivar a produ\u00e7\u00e3o art\u00edstica contempor\u00e2nea, que trabalhe com quest\u00f5es pertinentes ao tema geral do evento.<\/p>\n<p style=\"padding-left: 30px\">Confira a chamada completa no link abaixo:<br \/>\n<strong><a href=\"https:\/\/drive.google.com\/file\/d\/1SLtBPDJpzqB0MQf9HdZkGoB5i80pzUzn\/view\">Edital 01\/2022 &#8211; Submiss\u00e3o de proposta de comunica\u00e7\u00e3o e\/ou a\u00e7\u00e3o art\u00edstica<\/a><\/strong><\/p>\n<p style=\"padding-left: 30px\"><a href=\"https:\/\/drive.google.com\/file\/d\/1T7HCnZXVHGdU1flpFwMJV7y6qCbTyTYR\/view?usp=sharing\"><strong>Edital 02\/2022 &#8211; Prorroga\u00e7\u00e3o do prazo de submiss\u00e3o<\/strong><\/a><\/p>\n<hr \/>\n<h3><strong>Comunica\u00e7\u00f5es aprovadas<\/strong><\/h3>\n<p><a href=\"https:\/\/sacod.ufpr.br\/devorarmodernismos\/wp-content\/uploads\/sites\/12\/2022\/10\/Comunicacao-Devorar-Modernismos.png\"><img loading=\"lazy\" decoding=\"async\" class=\"alignnone wp-image-78 size-full\" src=\"https:\/\/sacod.ufpr.br\/devorarmodernismos\/wp-content\/uploads\/sites\/12\/2022\/10\/Comunicacao-Devorar-Modernismos.png\" alt=\"\" width=\"1381\" height=\"599\" srcset=\"https:\/\/sacod.ufpr.br\/devorarmodernismos\/wp-content\/uploads\/sites\/12\/2022\/10\/Comunicacao-Devorar-Modernismos.png 1381w, https:\/\/sacod.ufpr.br\/devorarmodernismos\/wp-content\/uploads\/sites\/12\/2022\/10\/Comunicacao-Devorar-Modernismos-300x130.png 300w, https:\/\/sacod.ufpr.br\/devorarmodernismos\/wp-content\/uploads\/sites\/12\/2022\/10\/Comunicacao-Devorar-Modernismos-768x333.png 768w, https:\/\/sacod.ufpr.br\/devorarmodernismos\/wp-content\/uploads\/sites\/12\/2022\/10\/Comunicacao-Devorar-Modernismos-1024x444.png 1024w\" sizes=\"auto, (max-width: 1381px) 100vw, 1381px\" \/><\/a><\/p>\n<p>Recomenda\u00e7\u00e3o para autores\/as:<br \/>\n\u2022 Cada comunica\u00e7\u00e3o dever\u00e1 ocorrer entre 15 e 20 minutos e poder\u00e1 contar com o apoio de slides;<br \/>\n\u2022 Disponibilizaremos computador e projetor;<br \/>\n\u2022 A diagrama\u00e7\u00e3o dos slides \u00e9 livre;<br \/>\n\u2022 A apresenta\u00e7\u00e3o deve estar na extens\u00e3o .pdf e deve estar armazenada em pen drive.<\/p>\n<p><strong>DIA 8\/11\/2022 \u2013 ter\u00e7a-feira (Campus Juvev\u00ea &#8211; Sala 2)<\/strong><br \/>\n<strong>OUTRAS MODERNIDADES<\/strong><\/p>\n<ul>\n<li><strong><span style=\"color: #ff0000\">Mesa 1 \u2013 Outras modernidades e narrativas (14h30)<br \/>\n<\/span><\/strong><em>Modera\u00e7\u00e3o\u00a0Larissa Busnardo (Doutoranda em Hist\u00f3ria &#8211; PPGHIS)<\/em><strong>T\u00edtulo: Fritz Alt e o modernismo em Joinville<\/strong><br \/>\n<em>Autoras: Deise Aparecida de Oliveira e Luciana Martha Silveira (UTFPR)<\/em><br \/>\n<strong>T\u00edtulo: Piolin para al\u00e9m do modernismo: porta-voz de m\u00faltiplas identidades<\/strong><br \/>\n<em>Autora: Camila Jansen de Mello de Santana<\/em><br \/>\n<strong>T\u00edtulo: Percurso Antiga e Conex\u00f5es: uma an\u00e1lise das experi\u00eancias modernas na cidade.<\/strong><br \/>\n<em><em><em><em>Autoras: Renata Cristina Silva de Oliveira e Heloisa Motelewski Trippia (UFPR)<\/em><\/em><\/em><\/em><\/li>\n<li><span style=\"color: #ff0000\"><strong>Mesa 2 \u2013 Cotidiano, trabalho e g\u00eanero em imagens gr\u00e1ficas\u00a0(15h45)<br \/>\n<\/strong><\/span><em>Ronaldo Corr\u00eaa (Professor Departamento de Design &#8211; UFPR)<\/em><span style=\"color: #ff0000\"><strong><br \/>\n<\/strong><\/span><br \/>\n<strong>T\u00edtulo: Narrativas Visuais da Labora\u00e7\u00e3o: A Representa\u00e7\u00e3o Imag\u00e9tica do Trabalhador\u00a0<\/strong><strong>Rural e do Oper\u00e1rio por L\u00edvio Abramo<\/strong><br \/>\n<em>Autora: Helena Luciano Lopes da Silva (UFPR)<\/em><br \/>\n<strong>T\u00edtulo: Imagens do cotidiano de Oswaldo Miranda (Miran)<\/strong><br \/>\n<em>Autora: Tatiane Severino (UFPR)<\/em><br \/>\n<strong>\u201cFeminista, mas com batom\u201d: a quest\u00e3o de g\u00eanero na Raposa Magazine\u00a0<\/strong><strong>(1980-1983)<\/strong><br \/>\n<em><em>Autora: Ana L\u00facia Rodrigues (UFPR)<br \/>\n<\/em><\/em><\/li>\n<\/ul>\n<hr \/>\n<p><strong>DIA 9\/11\/2022 \u2013 quarta-feira (Campus Reitoria &#8211; Anfi 800): <\/strong><br \/>\n<strong>DE FORA DO BANQUETE<\/strong><\/p>\n<ul>\n<li><span style=\"color: #ff0000\"><strong>Mesa 3 \u2013 Outras musicalidades e na\u00e7\u00f5es\u00a0(14h30)<br \/>\n<\/strong><\/span><em>Icaro Bittencourt (Doutorando em Hist\u00f3ria &#8211; PPGHIS)<\/em><span style=\"color: #ff0000\"><strong><br \/>\n<\/strong><\/span><br \/>\n<strong>T\u00edtulo: Ciatas do Samba: o protagonismo das mulheres negras na cultura do samba\u00a0<\/strong><strong>e do carnaval<\/strong><br \/>\n<em>Autora: Juliana dos Santos Barbosa (UFPR)<\/em><br \/>\n<strong>T\u00edtulo: Redescobrindo o Brasil modernista: Emicida em \u201cAmarElo\u201d<\/strong><br \/>\n<em>Autores: Matheus Pacheco Perbiche (UFPR) e Vinicius Ferreira<\/em><br \/>\n<strong>T\u00edtulo: Depend\u00eancia, antropofagia e a contracultura de Chico Science e Na\u00e7\u00e3o<\/strong><br \/>\n<strong>Zumbi<\/strong><br \/>\n<em>Autora: Alessandra Almeida Santana (UFPR)<\/em><br \/>\n<strong>Impacto da atua\u00e7\u00e3o do conjunto musical Cobiana Djazz no curso da luta armada<\/strong><br \/>\n<strong>de liberta\u00e7\u00e3o nacional da Guin\u00e9-Bissau no in\u00edcio da d\u00e9cada de 1970<\/strong><br \/>\n<em><em><em><em>Autor: Yanique Nanque (UFPR)<\/em><\/em><\/em><\/em><\/li>\n<li><span style=\"color: #ff0000\"><strong>Mesa 4 \u2013 Antropofagias e identidades\u00a0(15h45)<br \/>\n<\/strong><\/span><em>Hugo Sim\u00f5es (UFPR )<strong><br \/>\n<\/strong><\/em><br \/>\n<strong>T\u00edtulo: Cinematographo Palimpsesto: a culin\u00e1ria antropof\u00e1gica do homem nu<\/strong><br \/>\n<em>Autor: Rodrigo dos Santos Estorillio (UTP)<\/em><br \/>\n<strong>T\u00edtulo: A busca pelo Muiraquit\u00e3 e a busca pela identidade brasileira: Di\u00e1logos<\/strong><br \/>\n<strong>entre a obra Macuna\u00edma e a demarca\u00e7\u00e3o das terras<\/strong><br \/>\n<em>Autora: Marina Soares Jenisch (UFPR)<\/em><br \/>\n<strong>T\u00edtulo: Sensa\u00e7\u00e3o Reantropof\u00e1gica: a arte ind\u00edgena devoradora<\/strong><br \/>\n<em>Autor: Bernardo Bento da Silva Oliveira (FIOCRUZ)<\/em><br \/>\n<strong>T\u00edtulo: \u201cReAntropofagia\u201d ou o direito sobre Macunaim\u00ee e a pr\u00f3pria hist\u00f3ria<\/strong><br \/>\n<em>Autora: Maria Helena Japiassu Marinho De Macedo (UFPR)<\/em><\/li>\n<\/ul>\n<hr \/>\n<p><strong>DIA 10\/11\/2022 \u2013 quinta-feira (Campus Santos Andrade &#8211; Pr\u00e9dio Hist\u00f3rico): <\/strong><br \/>\n<strong>ENCE(NA\u00c7\u00c3O)<\/strong><\/p>\n<ul>\n<li><span style=\"color: #ff0000\"><strong>Mesa 5 \u2013 Outros corpos e espa\u00e7os\u00a0(14h30)<br \/>\n<\/strong><\/span><em>\u00c2ngela Machado Couto Fonseca (Professora do PPGD\/UFPR )<strong><br \/>\n<\/strong><\/em><br \/>\n<strong>T\u00edtulo: Do cubismo \u00e0 encena\u00e7\u00e3o cruel: aproxima\u00e7\u00f5es entre o problema do Espa\u00e7o\u00a0<\/strong><strong>e o paradigma da representa\u00e7\u00e3o na obra de Carl Einstein e Antonin Artaud<\/strong><br \/>\n<em>Autor: Cassio Guilherme Barbieri (UFPR)<\/em><br \/>\n<strong>T\u00edtulo: O poder dos corpos como objeto de arte &#8211; arqu\u00e9tipos do feminino no<\/strong><br \/>\n<strong>modernismo<\/strong><br \/>\n<em>Autoras: Ana Camille Kroin e Nath\u00e1lia Selau (UFPR)<\/em><br \/>\n<strong>T\u00edtulo: Deformidades dissidentes: o grotesco como artif\u00edcio de ruptura nos<\/strong><br \/>\n<strong>modernismos de Tarsila do Amaral e Abelardo da Hora<\/strong><br \/>\n<em>Autora: Paula Pretto Oening (UFPR)<\/em><br \/>\n<strong>T\u00edtulo: O movimento reacion\u00e1rio ao \u201cAbaporu\u201d: a ressignifica\u00e7\u00e3o da brasilidade<\/strong><br \/>\n<strong>modernista em discursos na internet de 2018 a 2022<\/strong><br \/>\n<em><em><em><em>Autora: Kalani Pampuch Camargo Machado (UNESPAR &#8211; Paranagu\u00e1)<\/em><\/em><\/em><\/em><\/li>\n<li><span style=\"color: #ff0000\"><strong>Mesa 6 \u2013 A na\u00e7\u00e3o em revistas, g\u00eanero e variedades\u00a0(15h45)<br \/>\n<\/strong><\/span><em>Caroline Muller (Professora Departamento de Design &#8211; UFPR)<strong><br \/>\n<\/strong><\/em><br \/>\n<strong>T\u00edtulo: As novas linhas da mulher moderna: g\u00eanero em revista. Uma an\u00e1lise das<\/strong><br \/>\n<strong>revistas ilustradas na d\u00e9cada de 1920<\/strong><br \/>\n<em>Autora: Larissa Brum Leite Gusm\u00e3o Pinheiro<\/em><br \/>\n<strong>T\u00edtulo: D\u00e9dalo e \u00cdcaro sob o sol tropical: masculinidades e eugenia na<\/strong><br \/>\n<strong>representa\u00e7\u00e3o do arquiteto como homem republicano em revistas brasileiras de<\/strong><br \/>\n<strong>arquitetura da d\u00e9cada de 1920 e 1930<\/strong><br \/>\n<em>Autoras: Juliana Regina Pereira e Marin\u00eas Ribeiro dos Santos (UTFPR)<\/em><br \/>\n<strong>T\u00edtulo: Re visitas cabareteras: cabar\u00e9 e pr\u00e1tica art\u00edstica compartilhada como<\/strong><br \/>\n<strong>possibilidade para se escovar a hist\u00f3ria a contra pelo<\/strong><br \/>\n<em>Autor: Ricardo Bertola Nolasco da Silva (UNIRIO)<br \/>\n<\/em><\/li>\n<li><strong>T\u00edtulo: Retirantes e Vidas Secas: paralelos do passado entre Candido Portinari e Nelson\u00a0Pereira dos Santos que reverberam no presente<\/strong><br \/>\n<em>Autor: Venicios Alcantara Oliveira (UFPR)<\/em><\/li>\n<\/ul>\n","protected":false},"excerpt":{"rendered":"<p>O evento, Devorar Modernismos \u2013 outras cartografias,\u00a0contar\u00e1 com espa\u00e7os para apresenta\u00e7\u00e3o e discuss\u00e3o de pesquisas conclu\u00eddas ou em fase de desenvolvimento, bem como a\u00e7\u00f5es art\u00edsticas. O evento pretende divulgar e incentivar a produ\u00e7\u00e3o art\u00edstica contempor\u00e2nea, que trabalhe com quest\u00f5es pertinentes ao tema geral do evento. Confira a chamada completa no link abaixo: Edital 01\/2022 &#8211; &hellip; <a href=\"https:\/\/sacod.ufpr.br\/devorarmodernismos\/submissoes\/\" class=\"more-link\">Continue lendo <span class=\"screen-reader-text\">Comunica\u00e7\u00f5es<\/span> <span class=\"meta-nav\">&rarr;<\/span><\/a><\/p>\n","protected":false},"author":1772,"featured_media":0,"parent":0,"menu_order":0,"comment_status":"closed","ping_status":"closed","template":"","meta":{"_acf_changed":false,"footnotes":""},"class_list":["post-21","page","type-page","status-publish","hentry"],"acf":[],"_links":{"self":[{"href":"https:\/\/sacod.ufpr.br\/devorarmodernismos\/wp-json\/wp\/v2\/pages\/21","targetHints":{"allow":["GET"]}}],"collection":[{"href":"https:\/\/sacod.ufpr.br\/devorarmodernismos\/wp-json\/wp\/v2\/pages"}],"about":[{"href":"https:\/\/sacod.ufpr.br\/devorarmodernismos\/wp-json\/wp\/v2\/types\/page"}],"author":[{"embeddable":true,"href":"https:\/\/sacod.ufpr.br\/devorarmodernismos\/wp-json\/wp\/v2\/users\/1772"}],"replies":[{"embeddable":true,"href":"https:\/\/sacod.ufpr.br\/devorarmodernismos\/wp-json\/wp\/v2\/comments?post=21"}],"version-history":[{"count":23,"href":"https:\/\/sacod.ufpr.br\/devorarmodernismos\/wp-json\/wp\/v2\/pages\/21\/revisions"}],"predecessor-version":[{"id":144,"href":"https:\/\/sacod.ufpr.br\/devorarmodernismos\/wp-json\/wp\/v2\/pages\/21\/revisions\/144"}],"wp:attachment":[{"href":"https:\/\/sacod.ufpr.br\/devorarmodernismos\/wp-json\/wp\/v2\/media?parent=21"}],"curies":[{"name":"wp","href":"https:\/\/api.w.org\/{rel}","templated":true}]}}