{"id":136,"date":"2022-11-06T21:53:27","date_gmt":"2022-11-07T00:53:27","guid":{"rendered":"https:\/\/sacod.ufpr.br\/devorarmodernismos\/?page_id=136"},"modified":"2022-11-06T21:54:55","modified_gmt":"2022-11-07T00:54:55","slug":"leonardo-bora","status":"publish","type":"page","link":"https:\/\/sacod.ufpr.br\/devorarmodernismos\/leonardo-bora\/","title":{"rendered":"Leonardo Bora"},"content":{"rendered":"<p>&nbsp;<\/p>\n<h4><span style=\"color: #993300;\">Mesa 10\/11<\/span><span style=\"color: #993300;\">\u00a0\u2022\u00a0ENCE(NA\u00c7\u00c3O)<\/span><\/h4>\n<h3><strong>&#8220;No pa\u00eds da Tropic\u00e1lia, tudo acaba em carnaval?\u00a0Samba, modernismos e outras devora\u00e7\u00f5es&#8221;<\/strong><\/h3>\n<p><strong>Leonardo Bora<\/strong> (Unidos da Grande Rio):\u00a0<em>Doutor e mestre em Teoria Liter\u00e1ria (UFRJ), bacharel em Direito (UFPR) e licenciado em Letras Portugu\u00eas-Ingl\u00eas (PUC-PR). \u00c9 professor de Fundamentos da Cultura Liter\u00e1ria Brasileira da Faculdade de Letras da UFRJ e carnavalesco do GRES Acad\u00eamicos do Grande Rio, juntamente com Gabriel Haddad.<\/em><\/p>\n<p><strong>Resumo:<\/strong> Em 1992, a escola de samba carioca Est\u00e1cio de S\u00e1 conquistou um in\u00e9dito t\u00edtulo de campe\u00e3 ao saudar, na Avenida Marqu\u00eas de Sapuca\u00ed, os &#8220;70 anos de Modernismo no Brasil&#8221;. 30 anos depois, as leituras cr\u00edticas acerca da famosa Semana ocorrida no Theatro Municipal de S\u00e3o Paulo s\u00e3o outras, plurais e diversas. O que se pretende, com o trabalho a ser apresentado, \u00e9 problematizar as rela\u00e7\u00f5es entre samba e modernidade(s) brasileira(s), tendo alguns desfiles cariocas enquanto fios condutores, linhas tortas e rasuradas.<\/p>\n","protected":false},"excerpt":{"rendered":"<p>&nbsp; Mesa 10\/11\u00a0\u2022\u00a0ENCE(NA\u00c7\u00c3O) &#8220;No pa\u00eds da Tropic\u00e1lia, tudo acaba em carnaval?\u00a0Samba, modernismos e outras devora\u00e7\u00f5es&#8221; Leonardo Bora (Unidos da Grande Rio):\u00a0Doutor e mestre em Teoria Liter\u00e1ria (UFRJ), bacharel em Direito (UFPR) e licenciado em Letras Portugu\u00eas-Ingl\u00eas (PUC-PR). \u00c9 professor de Fundamentos da Cultura Liter\u00e1ria Brasileira da Faculdade de Letras da UFRJ e carnavalesco do GRES &hellip; <a href=\"https:\/\/sacod.ufpr.br\/devorarmodernismos\/leonardo-bora\/\" class=\"more-link\">Continue lendo <span class=\"screen-reader-text\">Leonardo Bora<\/span> <span class=\"meta-nav\">&rarr;<\/span><\/a><\/p>\n","protected":false},"author":1759,"featured_media":0,"parent":0,"menu_order":0,"comment_status":"closed","ping_status":"closed","template":"","meta":{"_acf_changed":false,"footnotes":""},"class_list":["post-136","page","type-page","status-publish","hentry"],"acf":[],"_links":{"self":[{"href":"https:\/\/sacod.ufpr.br\/devorarmodernismos\/wp-json\/wp\/v2\/pages\/136","targetHints":{"allow":["GET"]}}],"collection":[{"href":"https:\/\/sacod.ufpr.br\/devorarmodernismos\/wp-json\/wp\/v2\/pages"}],"about":[{"href":"https:\/\/sacod.ufpr.br\/devorarmodernismos\/wp-json\/wp\/v2\/types\/page"}],"author":[{"embeddable":true,"href":"https:\/\/sacod.ufpr.br\/devorarmodernismos\/wp-json\/wp\/v2\/users\/1759"}],"replies":[{"embeddable":true,"href":"https:\/\/sacod.ufpr.br\/devorarmodernismos\/wp-json\/wp\/v2\/comments?post=136"}],"version-history":[{"count":2,"href":"https:\/\/sacod.ufpr.br\/devorarmodernismos\/wp-json\/wp\/v2\/pages\/136\/revisions"}],"predecessor-version":[{"id":140,"href":"https:\/\/sacod.ufpr.br\/devorarmodernismos\/wp-json\/wp\/v2\/pages\/136\/revisions\/140"}],"wp:attachment":[{"href":"https:\/\/sacod.ufpr.br\/devorarmodernismos\/wp-json\/wp\/v2\/media?parent=136"}],"curies":[{"name":"wp","href":"https:\/\/api.w.org\/{rel}","templated":true}]}}

<p>&nbsp;</p>
<h4><span style="color: #993300;">Mesa 10/11</span><span style="color: #993300;"> • ENCE(NAÇÃO)</span></h4>
<h3><strong>&#8220;No país da Tropicália, tudo acaba em carnaval? Samba, modernismos e outras devorações&#8221;</strong></h3>
<p><strong>Leonardo Bora</strong> (Unidos da Grande Rio): <em>Doutor e mestre em Teoria Literária (UFRJ), bacharel em Direito (UFPR) e licenciado em Letras Português-Inglês (PUC-PR). É professor de Fundamentos da Cultura Literária Brasileira da Faculdade de Letras da UFRJ e carnavalesco do GRES Acadêmicos do Grande Rio, juntamente com Gabriel Haddad.</em></p>
<p><strong>Resumo:</strong> Em 1992, a escola de samba carioca Estácio de Sá conquistou um inédito título de campeã ao saudar, na Avenida Marquês de Sapucaí, os &#8220;70 anos de Modernismo no Brasil&#8221;. 30 anos depois, as leituras críticas acerca da famosa Semana ocorrida no Theatro Municipal de São Paulo são outras, plurais e diversas. O que se pretende, com o trabalho a ser apresentado, é problematizar as relações entre samba e modernidade(s) brasileira(s), tendo alguns desfiles cariocas enquanto fios condutores, linhas tortas e rasuradas.</p>

<p>&nbsp; Mesa 10/11 • ENCE(NAÇÃO) &#8220;No país da Tropicália, tudo acaba em carnaval? Samba, modernismos e outras devorações&#8221; Leonardo Bora (Unidos da Grande Rio): Doutor e mestre em Teoria Literária (UFRJ), bacharel em Direito (UFPR) e licenciado em Letras Português-Inglês (PUC-PR). É professor de Fundamentos da Cultura Literária Brasileira da Faculdade de Letras da UFRJ e carnavalesco do GRES &hellip; <a href="https://sacod.ufpr.br/devorarmodernismos/leonardo-bora/" class="more-link">Continue lendo <span class="screen-reader-text">Leonardo Bora</span> <span class="meta-nav">&rarr;</span></a></p>
