{"id":581,"date":"2018-07-19T12:20:59","date_gmt":"2018-07-19T15:20:59","guid":{"rendered":"https:\/\/sacod.ufpr.br\/decom\/?page_id=581"},"modified":"2019-07-29T11:53:47","modified_gmt":"2019-07-29T14:53:47","slug":"jornal-comunicacao","status":"publish","type":"page","link":"https:\/\/sacod.ufpr.br\/decom\/jornal-comunicacao\/","title":{"rendered":"Jornal Comunica\u00e7\u00e3o"},"content":{"rendered":"<p><a href=\"https:\/\/sacod.ufpr.br\/decom\/wp-content\/uploads\/sites\/3\/2019\/07\/logo-jornal-comuni.png\"><img loading=\"lazy\" decoding=\"async\" class=\"wp-image-2944 alignleft\" src=\"https:\/\/sacod.ufpr.br\/decom\/wp-content\/uploads\/sites\/3\/2019\/07\/logo-jornal-comuni.png\" alt=\"\" width=\"172\" height=\"172\" srcset=\"https:\/\/sacod.ufpr.br\/decom\/wp-content\/uploads\/sites\/3\/2019\/07\/logo-jornal-comuni.png 600w, https:\/\/sacod.ufpr.br\/decom\/wp-content\/uploads\/sites\/3\/2019\/07\/logo-jornal-comuni-150x150.png 150w, https:\/\/sacod.ufpr.br\/decom\/wp-content\/uploads\/sites\/3\/2019\/07\/logo-jornal-comuni-300x300.png 300w\" sizes=\"auto, (max-width: 172px) 100vw, 172px\" \/><\/a>O\u00a0objetivo principal do projeto \u00e9 proporcionar aos alunos a pr\u00e1tica da futura profiss\u00e3o, por meio de produ\u00e7\u00e3o de pauta, reportagem, reda\u00e7\u00e3o, edi\u00e7\u00e3o, revis\u00e3o, diagrama\u00e7\u00e3o, fotografia e outras atividades essenciais dentro do webjornalismo. A proposta \u00e9 que, com o jornal laborat\u00f3rio, os alunos sejam inseridos em uma rotina de trabalho semelhante \u00e0 que encontrar\u00e3o fora da sala de aula e comecem a sentir a repercuss\u00e3o de seu trabalho. Prazos devem ser cumpridos, fontes checadas e den\u00fancias apuradas. Todo o trabalho \u00e9 acompanhado de perto pelo professor orientador, que fornece suporte t\u00e9cnico e \u00e9tico aos alunos.<\/p>\n<p>Mais que uma disciplina do curr\u00edculo escolar a ser cumprida, o jornal laborat\u00f3rio on-line \u00e9 a chance que muitos futuros jornalistas t\u00eam de estabelecer o primeiro contato com a realidade de uma reda\u00e7\u00e3o e, acima disso, com a responsabilidade sobre a palavra escrita e a repercuss\u00e3o que pode causar. O projeto engloba tamb\u00e9m a produ\u00e7\u00f5es da ComTV e da R\u00e1dio Comunica\u00e7\u00e3o.<\/p>\n<p>Site:\u00a0<a href=\"http:\/\/jornalcomunicacaoufpr.com.br\/\">jornalcomunicacaoufpr.com.br<\/a><\/p>\n<p>Instagram:<a href=\"https:\/\/www.instagram.com\/jornalcomunicacaoufpr\/?hl=pt-br\">@jornalcomunicacaoufpr<\/a><\/p>\n<p>R\u00e1dio Comunica\u00e7\u00e3o:\u00a0<a href=\"http:\/\/jornalcomunicacaoufpr.com.br\/category\/radio-comunicacao\/\">jornalcomunicacaoufpr.com.br\/radio<\/a><\/p>\n<p>ComTV:\u00a0<a href=\"http:\/\/jornalcomunicacaoufpr.com.br\/category\/com-tv\/\">jornalcomunicacaoufpr.com.br\/com-tv<\/a><\/p>\n","protected":false},"excerpt":{"rendered":"<p>O\u00a0objetivo principal do projeto \u00e9 proporcionar aos alunos a pr\u00e1tica da futura profiss\u00e3o, por meio de produ\u00e7\u00e3o de pauta, reportagem, reda\u00e7\u00e3o, edi\u00e7\u00e3o, revis\u00e3o, diagrama\u00e7\u00e3o, fotografia e outras atividades essenciais dentro do webjornalismo. A proposta \u00e9 que, com o jornal laborat\u00f3rio, os alunos sejam inseridos em uma rotina de trabalho semelhante \u00e0 que encontrar\u00e3o fora da [&hellip;]<\/p>\n","protected":false},"author":1759,"featured_media":0,"parent":0,"menu_order":0,"comment_status":"closed","ping_status":"closed","template":"","meta":{"_acf_changed":false,"footnotes":""},"class_list":["post-581","page","type-page","status-publish","hentry"],"acf":[],"_links":{"self":[{"href":"https:\/\/sacod.ufpr.br\/decom\/wp-json\/wp\/v2\/pages\/581","targetHints":{"allow":["GET"]}}],"collection":[{"href":"https:\/\/sacod.ufpr.br\/decom\/wp-json\/wp\/v2\/pages"}],"about":[{"href":"https:\/\/sacod.ufpr.br\/decom\/wp-json\/wp\/v2\/types\/page"}],"author":[{"embeddable":true,"href":"https:\/\/sacod.ufpr.br\/decom\/wp-json\/wp\/v2\/users\/1759"}],"replies":[{"embeddable":true,"href":"https:\/\/sacod.ufpr.br\/decom\/wp-json\/wp\/v2\/comments?post=581"}],"version-history":[{"count":3,"href":"https:\/\/sacod.ufpr.br\/decom\/wp-json\/wp\/v2\/pages\/581\/revisions"}],"predecessor-version":[{"id":2946,"href":"https:\/\/sacod.ufpr.br\/decom\/wp-json\/wp\/v2\/pages\/581\/revisions\/2946"}],"wp:attachment":[{"href":"https:\/\/sacod.ufpr.br\/decom\/wp-json\/wp\/v2\/media?parent=581"}],"curies":[{"name":"wp","href":"https:\/\/api.w.org\/{rel}","templated":true}]}}

Jornal Comunicação

<p><a href="https://sacod.ufpr.br/decom/wp-content/uploads/sites/3/2019/07/logo-jornal-comuni.png"><img loading="lazy" decoding="async" class="wp-image-2944 alignleft" src="https://sacod.ufpr.br/decom/wp-content/uploads/sites/3/2019/07/logo-jornal-comuni.png" alt="" width="172" height="172" srcset="https://sacod.ufpr.br/decom/wp-content/uploads/sites/3/2019/07/logo-jornal-comuni.png 600w, https://sacod.ufpr.br/decom/wp-content/uploads/sites/3/2019/07/logo-jornal-comuni-150x150.png 150w, https://sacod.ufpr.br/decom/wp-content/uploads/sites/3/2019/07/logo-jornal-comuni-300x300.png 300w" sizes="auto, (max-width: 172px) 100vw, 172px" /></a>O objetivo principal do projeto é proporcionar aos alunos a prática da futura profissão, por meio de produção de pauta, reportagem, redação, edição, revisão, diagramação, fotografia e outras atividades essenciais dentro do webjornalismo. A proposta é que, com o jornal laboratório, os alunos sejam inseridos em uma rotina de trabalho semelhante à que encontrarão fora da sala de aula e comecem a sentir a repercussão de seu trabalho. Prazos devem ser cumpridos, fontes checadas e denúncias apuradas. Todo o trabalho é acompanhado de perto pelo professor orientador, que fornece suporte técnico e ético aos alunos.</p>
<p>Mais que uma disciplina do currículo escolar a ser cumprida, o jornal laboratório on-line é a chance que muitos futuros jornalistas têm de estabelecer o primeiro contato com a realidade de uma redação e, acima disso, com a responsabilidade sobre a palavra escrita e a repercussão que pode causar. O projeto engloba também a produções da ComTV e da Rádio Comunicação.</p>
<p>Site: <a href="http://jornalcomunicacaoufpr.com.br/">jornalcomunicacaoufpr.com.br</a></p>
<p>Instagram:<a href="https://www.instagram.com/jornalcomunicacaoufpr/?hl=pt-br">@jornalcomunicacaoufpr</a></p>
<p>Rádio Comunicação: <a href="http://jornalcomunicacaoufpr.com.br/category/radio-comunicacao/">jornalcomunicacaoufpr.com.br/radio</a></p>
<p>ComTV: <a href="http://jornalcomunicacaoufpr.com.br/category/com-tv/">jornalcomunicacaoufpr.com.br/com-tv</a></p>

<p>O objetivo principal do projeto é proporcionar aos alunos a prática da futura profissão, por meio de produção de pauta, reportagem, redação, edição, revisão, diagramação, fotografia e outras atividades essenciais dentro do webjornalismo. A proposta é que, com o jornal laboratório, os alunos sejam inseridos em uma rotina de trabalho semelhante à que encontrarão fora da [&hellip;]</p>
