{"id":477,"date":"2018-03-28T15:31:59","date_gmt":"2018-03-28T18:31:59","guid":{"rendered":"https:\/\/sacod.ufpr.br\/decom\/?page_id=477"},"modified":"2026-02-24T11:33:20","modified_gmt":"2026-02-24T14:33:20","slug":"contato","status":"publish","type":"page","link":"https:\/\/sacod.ufpr.br\/decom\/contato\/","title":{"rendered":"Contato"},"content":{"rendered":"<p><strong>Departamento de Comunica\u00e7\u00e3o Social<\/strong><br \/>\n<strong>Endere\u00e7o:<\/strong>\u00a0Rua Bom Jesus, 650 \u2013 Juvev\u00ea \u2013 Curitiba\/PR \u2013 CEP 80035-010<br \/>\nE-mail:\u00a0 <a href=\"mailto:decom@ufpr.br\">decom@ufpr.br<\/a><\/p>\n<p>Coordena\u00e7\u00e3o do curso de Jornalismo<br \/>\nE-mail: <a href=\"mailto:ccjor@ufpr.br\">ccjor@ufpr.br<\/a><\/p>\n<p>Coordena\u00e7\u00e3o do curso de Rela\u00e7\u00f5es P\u00fablicas<br \/>\nE-mail: <a href=\"mailto:coorrp@ufpr.br\">coorrp@ufpr.br<\/a><\/p>\n<p>Coordena\u00e7\u00e3o do curso de Publicidade e Propaganda<br \/>\nE-mail: <a href=\"mailto:coordenacao.ufpr@gmal.com\">coordenacaopp.ufpr@gmail.com<\/a><\/p>\n<p>&nbsp;<\/p>\n<p>&nbsp;<\/p>\n<p>&nbsp;<\/p>\n","protected":false},"excerpt":{"rendered":"<p>Departamento de Comunica\u00e7\u00e3o Social Endere\u00e7o:\u00a0Rua Bom Jesus, 650 \u2013 Juvev\u00ea \u2013 Curitiba\/PR \u2013 CEP 80035-010 E-mail:\u00a0 decom@ufpr.br Coordena\u00e7\u00e3o do curso de Jornalismo E-mail: ccjor@ufpr.br Coordena\u00e7\u00e3o do curso de Rela\u00e7\u00f5es P\u00fablicas E-mail: coorrp@ufpr.br Coordena\u00e7\u00e3o do curso de Publicidade e Propaganda E-mail: coordenacaopp.ufpr@gmail.com &nbsp; &nbsp; &nbsp;<\/p>\n","protected":false},"author":1759,"featured_media":0,"parent":0,"menu_order":0,"comment_status":"closed","ping_status":"closed","template":"","meta":{"_acf_changed":false,"footnotes":""},"class_list":["post-477","page","type-page","status-publish","hentry"],"acf":[],"_links":{"self":[{"href":"https:\/\/sacod.ufpr.br\/decom\/wp-json\/wp\/v2\/pages\/477","targetHints":{"allow":["GET"]}}],"collection":[{"href":"https:\/\/sacod.ufpr.br\/decom\/wp-json\/wp\/v2\/pages"}],"about":[{"href":"https:\/\/sacod.ufpr.br\/decom\/wp-json\/wp\/v2\/types\/page"}],"author":[{"embeddable":true,"href":"https:\/\/sacod.ufpr.br\/decom\/wp-json\/wp\/v2\/users\/1759"}],"replies":[{"embeddable":true,"href":"https:\/\/sacod.ufpr.br\/decom\/wp-json\/wp\/v2\/comments?post=477"}],"version-history":[{"count":10,"href":"https:\/\/sacod.ufpr.br\/decom\/wp-json\/wp\/v2\/pages\/477\/revisions"}],"predecessor-version":[{"id":3512,"href":"https:\/\/sacod.ufpr.br\/decom\/wp-json\/wp\/v2\/pages\/477\/revisions\/3512"}],"wp:attachment":[{"href":"https:\/\/sacod.ufpr.br\/decom\/wp-json\/wp\/v2\/media?parent=477"}],"curies":[{"name":"wp","href":"https:\/\/api.w.org\/{rel}","templated":true}]}}