{"id":301,"date":"2017-08-30T16:26:13","date_gmt":"2017-08-30T19:26:13","guid":{"rendered":"https:\/\/sacod.ufpr.br\/decom\/?page_id=301"},"modified":"2018-07-24T12:22:17","modified_gmt":"2018-07-24T15:22:17","slug":"nucleos-docentes-estruturantes","status":"publish","type":"page","link":"https:\/\/sacod.ufpr.br\/decom\/nucleos-docentes-estruturantes\/","title":{"rendered":"N\u00facleos Docentes Estruturantes"},"content":{"rendered":"<p><span style=\"font-weight: 400;\">O <\/span><b>N\u00facleo Docente Estruturante (NDE) <\/b><span style=\"font-weight: 400;\">de um curso de gradua\u00e7\u00e3o constitui-se de um grupo de docentes, com atribui\u00e7\u00f5es acad\u00eamicas de acompanhamento, atuante no processo de concep\u00e7\u00e3o, consolida\u00e7\u00e3o e cont\u00ednua atualiza\u00e7\u00e3o do projeto pedag\u00f3gico do curso.<\/span><\/p>\n<p><span style=\"font-weight: 400;\">Dentre as atribui\u00e7\u00f5es o NDE deve contribuir para a consolida\u00e7\u00e3o do perfil profissional do egresso do curso; deve zelar pela integra\u00e7\u00e3o curricular interdisciplinar entre as diferentes atividades de ensino constantes no curr\u00edculo; deve indicar formas de incentivo ao desenvolvimento de linhas de pesquisa e extens\u00e3o, oriundas de necessidades da gradua\u00e7\u00e3o, de exig\u00eancias do mercado de trabalho e afinadas com as pol\u00edticas p\u00fablicas relativas \u00e0 \u00e1rea de conhecimento do curso; e zelar pelo cumprimento das Diretrizes Curriculares Nacionais para os Cursos de Gradua\u00e7\u00e3o.<\/span><\/p>\n<p><span style=\"font-weight: 400;\">De acordo com a Resolu\u00e7\u00e3o No 01, de 17 de junho de 2010 que Normatiza o N\u00facleo Docente Estruturante e d\u00e1 outras provid\u00eancias, as Institui\u00e7\u00f5es de Educa\u00e7\u00e3o Superior, por meio dos seus colegiados superiores, devem definir as atribui\u00e7\u00f5es e os crit\u00e9rios de constitui\u00e7\u00e3o do NDE, atendidos, no m\u00ednimo, os seguintes: ser constitu\u00eddo por um m\u00ednimo de 5 professores pertencentes ao corpo docente do curso; ter pelo menos 60% de seus membros com titula\u00e7\u00e3o acad\u00eamica obtida em programas de p\u00f3s-gradua\u00e7\u00e3o stricto sensu; e ter todos os membros em regime de trabalho de tempo parcial ou integral.<\/span><\/p>\n<p><a href=\"https:\/\/sacod.ufpr.br\/comunicacao\/wp-content\/uploads\/sites\/9\/2012\/04\/resolucao_321_2011___regulamento_do_nucleo_docente_estruturante.pdf\"><span style=\"font-weight: 400;\">Resolu\u00e7\u00e3o 321_2011 &#8211; Regulamento do NDE<\/span><\/a><\/p>\n<p>&nbsp;<\/p>\n<p><b>Composi\u00e7\u00e3o do NDE<\/b><\/p>\n<p><span style=\"font-weight: 400;\">Professor Fabio Hansen \u2013 Presidente<\/span><\/p>\n<p><span style=\"font-weight: 400;\">Professor Aryovaldo de Castro Azevedo Junior \u2013 vice presidente<\/span><\/p>\n<p><span style=\"font-weight: 400;\">Professor M\u00e1rio Messagi Junior \u2013 Chefe do Departamento &nbsp;<\/span><\/p>\n<p>&nbsp;<\/p>\n<p><span style=\"font-weight: 400;\">Habilita\u00e7\u00e3o de Jornalismo<\/span><\/p>\n<p><span style=\"font-weight: 400;\">Professora &nbsp;Rosa Maria Cardoso Dalla Costa<\/span><\/p>\n<p><span style=\"font-weight: 400;\">Professor Elson Faxina<\/span><\/p>\n<p><span style=\"font-weight: 400;\">Professor Bruno Dallari &nbsp;<\/span><\/p>\n<p>&nbsp;<\/p>\n<p><span style=\"font-weight: 400;\">Habilita\u00e7\u00e3o de Rela\u00e7\u00f5es P\u00fablicas<\/span><\/p>\n<p><span style=\"font-weight: 400;\">Professora Regiane Regina Ribeiro<\/span><\/p>\n<p><span style=\"font-weight: 400;\">Professora Claudia Irene de Quadros<\/span><\/p>\n<p><span style=\"font-weight: 400;\">Professor Lu\u00eds Carlos dos Santos<\/span><\/p>\n<p>&nbsp;<\/p>\n<p><span style=\"font-weight: 400;\">Habilita\u00e7\u00e3o de Publicidade e Propaganda<\/span><\/p>\n<p><span style=\"font-weight: 400;\">Professor Itanel Bastos de Quadros Junior<\/span><\/p>\n<p><span style=\"font-weight: 400;\">Professor Hertez Wendel de Camargo<\/span><\/p>\n","protected":false},"excerpt":{"rendered":"<p>O N\u00facleo Docente Estruturante (NDE) de um curso de gradua\u00e7\u00e3o constitui-se de um grupo de docentes, com atribui\u00e7\u00f5es acad\u00eamicas de acompanhamento, atuante no processo de concep\u00e7\u00e3o, consolida\u00e7\u00e3o e cont\u00ednua atualiza\u00e7\u00e3o do projeto pedag\u00f3gico do curso. Dentre as atribui\u00e7\u00f5es o NDE deve contribuir para a consolida\u00e7\u00e3o do perfil profissional do egresso do curso; deve zelar pela [&hellip;]<\/p>\n","protected":false},"author":11,"featured_media":0,"parent":0,"menu_order":0,"comment_status":"closed","ping_status":"closed","template":"","meta":{"_acf_changed":false,"footnotes":""},"class_list":["post-301","page","type-page","status-publish","hentry"],"acf":[],"_links":{"self":[{"href":"https:\/\/sacod.ufpr.br\/decom\/wp-json\/wp\/v2\/pages\/301","targetHints":{"allow":["GET"]}}],"collection":[{"href":"https:\/\/sacod.ufpr.br\/decom\/wp-json\/wp\/v2\/pages"}],"about":[{"href":"https:\/\/sacod.ufpr.br\/decom\/wp-json\/wp\/v2\/types\/page"}],"author":[{"embeddable":true,"href":"https:\/\/sacod.ufpr.br\/decom\/wp-json\/wp\/v2\/users\/11"}],"replies":[{"embeddable":true,"href":"https:\/\/sacod.ufpr.br\/decom\/wp-json\/wp\/v2\/comments?post=301"}],"version-history":[{"count":5,"href":"https:\/\/sacod.ufpr.br\/decom\/wp-json\/wp\/v2\/pages\/301\/revisions"}],"predecessor-version":[{"id":597,"href":"https:\/\/sacod.ufpr.br\/decom\/wp-json\/wp\/v2\/pages\/301\/revisions\/597"}],"wp:attachment":[{"href":"https:\/\/sacod.ufpr.br\/decom\/wp-json\/wp\/v2\/media?parent=301"}],"curies":[{"name":"wp","href":"https:\/\/api.w.org\/{rel}","templated":true}]}}

Núcleos Docentes Estruturantes

<p><span style="font-weight: 400;">O </span><b>Núcleo Docente Estruturante (NDE) </b><span style="font-weight: 400;">de um curso de graduação constitui-se de um grupo de docentes, com atribuições acadêmicas de acompanhamento, atuante no processo de concepção, consolidação e contínua atualização do projeto pedagógico do curso.</span></p>
<p><span style="font-weight: 400;">Dentre as atribuições o NDE deve contribuir para a consolidação do perfil profissional do egresso do curso; deve zelar pela integração curricular interdisciplinar entre as diferentes atividades de ensino constantes no currículo; deve indicar formas de incentivo ao desenvolvimento de linhas de pesquisa e extensão, oriundas de necessidades da graduação, de exigências do mercado de trabalho e afinadas com as políticas públicas relativas à área de conhecimento do curso; e zelar pelo cumprimento das Diretrizes Curriculares Nacionais para os Cursos de Graduação.</span></p>
<p><span style="font-weight: 400;">De acordo com a Resolução No 01, de 17 de junho de 2010 que Normatiza o Núcleo Docente Estruturante e dá outras providências, as Instituições de Educação Superior, por meio dos seus colegiados superiores, devem definir as atribuições e os critérios de constituição do NDE, atendidos, no mínimo, os seguintes: ser constituído por um mínimo de 5 professores pertencentes ao corpo docente do curso; ter pelo menos 60% de seus membros com titulação acadêmica obtida em programas de pós-graduação stricto sensu; e ter todos os membros em regime de trabalho de tempo parcial ou integral.</span></p>
<p><a href="https://sacod.ufpr.br/comunicacao/wp-content/uploads/sites/9/2012/04/resolucao_321_2011___regulamento_do_nucleo_docente_estruturante.pdf"><span style="font-weight: 400;">Resolução 321_2011 &#8211; Regulamento do NDE</span></a></p>
<p>&nbsp;</p>
<p><b>Composição do NDE</b></p>
<p><span style="font-weight: 400;">Professor Fabio Hansen – Presidente</span></p>
<p><span style="font-weight: 400;">Professor Aryovaldo de Castro Azevedo Junior – vice presidente</span></p>
<p><span style="font-weight: 400;">Professor Mário Messagi Junior – Chefe do Departamento &nbsp;</span></p>
<p>&nbsp;</p>
<p><span style="font-weight: 400;">Habilitação de Jornalismo</span></p>
<p><span style="font-weight: 400;">Professora &nbsp;Rosa Maria Cardoso Dalla Costa</span></p>
<p><span style="font-weight: 400;">Professor Elson Faxina</span></p>
<p><span style="font-weight: 400;">Professor Bruno Dallari &nbsp;</span></p>
<p>&nbsp;</p>
<p><span style="font-weight: 400;">Habilitação de Relações Públicas</span></p>
<p><span style="font-weight: 400;">Professora Regiane Regina Ribeiro</span></p>
<p><span style="font-weight: 400;">Professora Claudia Irene de Quadros</span></p>
<p><span style="font-weight: 400;">Professor Luís Carlos dos Santos</span></p>
<p>&nbsp;</p>
<p><span style="font-weight: 400;">Habilitação de Publicidade e Propaganda</span></p>
<p><span style="font-weight: 400;">Professor Itanel Bastos de Quadros Junior</span></p>
<p><span style="font-weight: 400;">Professor Hertez Wendel de Camargo</span></p>

<p>O Núcleo Docente Estruturante (NDE) de um curso de graduação constitui-se de um grupo de docentes, com atribuições acadêmicas de acompanhamento, atuante no processo de concepção, consolidação e contínua atualização do projeto pedagógico do curso. Dentre as atribuições o NDE deve contribuir para a consolidação do perfil profissional do egresso do curso; deve zelar pela [&hellip;]</p>
