{"id":2907,"date":"2019-07-26T11:58:35","date_gmt":"2019-07-26T14:58:35","guid":{"rendered":"https:\/\/sacod.ufpr.br\/decom\/?page_id=2907"},"modified":"2024-07-12T09:47:05","modified_gmt":"2024-07-12T12:47:05","slug":"concursos","status":"publish","type":"page","link":"https:\/\/sacod.ufpr.br\/decom\/concursos\/","title":{"rendered":"CONCURSOS"},"content":{"rendered":"\n<p><a href=\"https:\/\/sacod.ufpr.br\/concursos\/decom1\/\">Clique aqui para visualizar os concursos em andamento<\/a><\/p>\n\n\n\n<p><\/p>\n\n\n\n<p>**************************************************************************************************************<\/p>\n\n\n\n<p>(Devido a servi\u00e7os de manuten\u00e7\u00e3o no banco de dados, para saber mais sobre certames antigos, procure a secretaria do Departamento).<\/p>\n","protected":false},"excerpt":{"rendered":"<p>Clique aqui para visualizar os concursos em andamento ************************************************************************************************************** (Devido a servi\u00e7os de manuten\u00e7\u00e3o no banco de dados, para saber mais sobre certames antigos, procure a secretaria do Departamento).<\/p>\n","protected":false},"author":1759,"featured_media":0,"parent":0,"menu_order":0,"comment_status":"closed","ping_status":"closed","template":"","meta":{"_acf_changed":false,"footnotes":""},"class_list":["post-2907","page","type-page","status-publish","hentry"],"acf":[],"_links":{"self":[{"href":"https:\/\/sacod.ufpr.br\/decom\/wp-json\/wp\/v2\/pages\/2907","targetHints":{"allow":["GET"]}}],"collection":[{"href":"https:\/\/sacod.ufpr.br\/decom\/wp-json\/wp\/v2\/pages"}],"about":[{"href":"https:\/\/sacod.ufpr.br\/decom\/wp-json\/wp\/v2\/types\/page"}],"author":[{"embeddable":true,"href":"https:\/\/sacod.ufpr.br\/decom\/wp-json\/wp\/v2\/users\/1759"}],"replies":[{"embeddable":true,"href":"https:\/\/sacod.ufpr.br\/decom\/wp-json\/wp\/v2\/comments?post=2907"}],"version-history":[{"count":6,"href":"https:\/\/sacod.ufpr.br\/decom\/wp-json\/wp\/v2\/pages\/2907\/revisions"}],"predecessor-version":[{"id":3447,"href":"https:\/\/sacod.ufpr.br\/decom\/wp-json\/wp\/v2\/pages\/2907\/revisions\/3447"}],"wp:attachment":[{"href":"https:\/\/sacod.ufpr.br\/decom\/wp-json\/wp\/v2\/media?parent=2907"}],"curies":[{"name":"wp","href":"https:\/\/api.w.org\/{rel}","templated":true}]}}