{"id":2879,"date":"2019-07-26T11:44:31","date_gmt":"2019-07-26T14:44:31","guid":{"rendered":"https:\/\/sacod.ufpr.br\/decom\/?page_id=2879"},"modified":"2019-07-30T13:53:51","modified_gmt":"2019-07-30T16:53:51","slug":"sinapse","status":"publish","type":"page","link":"https:\/\/sacod.ufpr.br\/decom\/sinapse\/","title":{"rendered":"Sinapse"},"content":{"rendered":"<p><a href=\"https:\/\/sacod.ufpr.br\/decom\/wp-content\/uploads\/sites\/3\/2019\/07\/Logo-2.png\"><img loading=\"lazy\" decoding=\"async\" class=\" wp-image-2950 alignleft\" src=\"https:\/\/sacod.ufpr.br\/decom\/wp-content\/uploads\/sites\/3\/2019\/07\/Logo-2.png\" alt=\"\" width=\"189\" height=\"134\" \/><\/a>O Sinapse \u2014Laborat\u00f3rio de M\u00eddia, Consumo e Cultura \u00e9 o projeto de extens\u00e3o do curso de\u00a0 Publicidade e Propaganda da UFPR e tem como objetivo proporcionar aos alunos a participa\u00e7\u00e3o em diferentes processos criativos em reda\u00e7\u00e3o, design, audiovisual, pesquisa, digital, planejamento e eventos. No dia a dia do projeto, os alunos s\u00e3o divididos em cargos espec\u00edficos para lidar com clientes e situa\u00e7\u00f5es reais, adquirindo experi\u00eancia, compondo portf\u00f3lio e ganhando compet\u00eancias para o trabalho em equipe ao mesmo tempo com destaque para os talentos individuais. Para fazer parte da Ag\u00eancia \u00e9 necess\u00e1rio ser um calouro de Publicidade da UFPR \u2014 o projeto tamb\u00e9m est\u00e1 aberto para calouros de RP e Jornalismo \u2014 e passar por um processo seletivo que ocorre anualmente no in\u00edcio do ano letivo. Os alunos aprovados podem atuar em diferentes equipes do Sinapse como as de cria\u00e7\u00e3o e design, eventos, cinema e radiojornalismo.<\/p>\n<p>Instagram:<a href=\"https:\/\/www.instagram.com\/sinapseufpr\/?hl=pt-br\">@sinapseufpr<\/a><\/p>\n","protected":false},"excerpt":{"rendered":"<p>O Sinapse \u2014Laborat\u00f3rio de M\u00eddia, Consumo e Cultura \u00e9 o projeto de extens\u00e3o do curso de\u00a0 Publicidade e Propaganda da UFPR e tem como objetivo proporcionar aos alunos a participa\u00e7\u00e3o em diferentes processos criativos em reda\u00e7\u00e3o, design, audiovisual, pesquisa, digital, planejamento e eventos. No dia a dia do projeto, os alunos s\u00e3o divididos em cargos [&hellip;]<\/p>\n","protected":false},"author":1759,"featured_media":0,"parent":0,"menu_order":0,"comment_status":"closed","ping_status":"closed","template":"","meta":{"_acf_changed":false,"footnotes":""},"class_list":["post-2879","page","type-page","status-publish","hentry"],"acf":[],"_links":{"self":[{"href":"https:\/\/sacod.ufpr.br\/decom\/wp-json\/wp\/v2\/pages\/2879","targetHints":{"allow":["GET"]}}],"collection":[{"href":"https:\/\/sacod.ufpr.br\/decom\/wp-json\/wp\/v2\/pages"}],"about":[{"href":"https:\/\/sacod.ufpr.br\/decom\/wp-json\/wp\/v2\/types\/page"}],"author":[{"embeddable":true,"href":"https:\/\/sacod.ufpr.br\/decom\/wp-json\/wp\/v2\/users\/1759"}],"replies":[{"embeddable":true,"href":"https:\/\/sacod.ufpr.br\/decom\/wp-json\/wp\/v2\/comments?post=2879"}],"version-history":[{"count":3,"href":"https:\/\/sacod.ufpr.br\/decom\/wp-json\/wp\/v2\/pages\/2879\/revisions"}],"predecessor-version":[{"id":2951,"href":"https:\/\/sacod.ufpr.br\/decom\/wp-json\/wp\/v2\/pages\/2879\/revisions\/2951"}],"wp:attachment":[{"href":"https:\/\/sacod.ufpr.br\/decom\/wp-json\/wp\/v2\/media?parent=2879"}],"curies":[{"name":"wp","href":"https:\/\/api.w.org\/{rel}","templated":true}]}}