{"id":2863,"date":"2019-07-26T11:27:47","date_gmt":"2019-07-26T14:27:47","guid":{"rendered":"https:\/\/sacod.ufpr.br\/decom\/?page_id=2863"},"modified":"2025-10-20T11:10:00","modified_gmt":"2025-10-20T14:10:00","slug":"publicidade-e-propaganda","status":"publish","type":"page","link":"https:\/\/sacod.ufpr.br\/decom\/publicidade-e-propaganda\/","title":{"rendered":"Publicidade e Propaganda"},"content":{"rendered":"<p><strong><span style=\"color: #cb6109\">Denomina\u00e7\u00e3o:<\/span>\u00a0<\/strong>Bacharelado em Publicidade e Propaganda<\/p>\n<p><strong><span style=\"color: #cb6109\">Modalidade:<\/span>\u00a0<\/strong>Presencial<\/p>\n<p><strong><span style=\"color: #cb6109\">Regime:<\/span>\u00a0<\/strong>Semestral<\/p>\n<p><strong><a href=\"https:\/\/sacod.ufpr.br\/decom\/wp-content\/uploads\/sites\/3\/2025\/03\/dados-gerais-do-curso-PP-2025.pdf\">Dados Gerais do Curso (2025)<\/a><\/strong><\/p>\n<p><strong><span style=\"color: #cb6109\">Local de oferta:<\/span>\u00a0<\/strong>Setor de Artes, Comunica\u00e7\u00e3o e Design | Campus Juvev\u00ea (Rua Bom Jesus 650, Juvev\u00ea \u00a0\u2013 Curitiba\/PR)<\/p>\n<p><strong><span style=\"color: #cb6109\">Turno:<\/span>\u00a0<\/strong>Matutino e Noturno \u2013 MN<\/p>\n<p><strong><span style=\"color: #cb6109\">N\u00famero de vagas\/ano:<\/span>\u00a0<\/strong>30 por processo seletivo anual (vestibular\/SISU)<\/p>\n<p><strong><span style=\"color: #cb6109\">Carga hor\u00e1ria total:<\/span>\u00a0<\/strong>3.000 horas<\/p>\n<p><span style=\"color: #cb6109\"><strong>Integraliza\u00e7\u00e3o curricular m\u00ednima<\/strong>:<\/span> 4 anos (8 semestres)<\/p>\n<p><span style=\"color: #cb6109\"><strong>Integraliza\u00e7\u00e3o curricular m\u00e1xima<\/strong>:<\/span>\u00a06 anos (12 semestres)<\/p>\n<p><span style=\"color: #cb6109\"><strong>Diploma Concedido<\/strong>:<\/span> Bacharel em Publicidade e Propaganda<\/p>\n<p><span style=\"color: #cb6109\"><strong>Coordenador do Curso<\/strong>:<\/span>\u00a0Ary Azevedo Jr.<\/p>\n<p><strong><span style=\"color: #ff6600\">Vice Coordenadora:<\/span><\/strong> Ayumi Shibayama<\/p>\n<p><strong><span style=\"color: #ff6600\">Secret\u00e1rio:\u00a0<\/span><\/strong> Roberto Pro\u00e7ak<\/p>\n<p><strong><span style=\"color: #cb6109\">Fone:<\/span> Inoperante<\/strong><\/p>\n<p><span style=\"color: #cb6109\"><strong>Email<\/strong>:<\/span>\u00a0<a href=\"mailto:coordenacaopp.ufpr@gmail.com\">coordenacaopp.ufpr<span style=\"color: #333333\">@gmail.com<\/span><\/a><\/p>\n","protected":false},"excerpt":{"rendered":"<p>Denomina\u00e7\u00e3o:\u00a0Bacharelado em Publicidade e Propaganda Modalidade:\u00a0Presencial Regime:\u00a0Semestral Dados Gerais do Curso (2025) Local de oferta:\u00a0Setor de Artes, Comunica\u00e7\u00e3o e Design | Campus Juvev\u00ea (Rua Bom Jesus 650, Juvev\u00ea \u00a0\u2013 Curitiba\/PR) Turno:\u00a0Matutino e Noturno \u2013 MN N\u00famero de vagas\/ano:\u00a030 por processo seletivo anual (vestibular\/SISU) Carga hor\u00e1ria total:\u00a03.000 horas Integraliza\u00e7\u00e3o curricular m\u00ednima: 4 anos (8 semestres) Integraliza\u00e7\u00e3o [&hellip;]<\/p>\n","protected":false},"author":1759,"featured_media":0,"parent":0,"menu_order":0,"comment_status":"closed","ping_status":"closed","template":"","meta":{"_acf_changed":false,"footnotes":""},"class_list":["post-2863","page","type-page","status-publish","hentry"],"acf":[],"_links":{"self":[{"href":"https:\/\/sacod.ufpr.br\/decom\/wp-json\/wp\/v2\/pages\/2863","targetHints":{"allow":["GET"]}}],"collection":[{"href":"https:\/\/sacod.ufpr.br\/decom\/wp-json\/wp\/v2\/pages"}],"about":[{"href":"https:\/\/sacod.ufpr.br\/decom\/wp-json\/wp\/v2\/types\/page"}],"author":[{"embeddable":true,"href":"https:\/\/sacod.ufpr.br\/decom\/wp-json\/wp\/v2\/users\/1759"}],"replies":[{"embeddable":true,"href":"https:\/\/sacod.ufpr.br\/decom\/wp-json\/wp\/v2\/comments?post=2863"}],"version-history":[{"count":10,"href":"https:\/\/sacod.ufpr.br\/decom\/wp-json\/wp\/v2\/pages\/2863\/revisions"}],"predecessor-version":[{"id":3482,"href":"https:\/\/sacod.ufpr.br\/decom\/wp-json\/wp\/v2\/pages\/2863\/revisions\/3482"}],"wp:attachment":[{"href":"https:\/\/sacod.ufpr.br\/decom\/wp-json\/wp\/v2\/media?parent=2863"}],"curies":[{"name":"wp","href":"https:\/\/api.w.org\/{rel}","templated":true}]}}

<p><strong><span style="color: #cb6109">Denominação:</span> </strong>Bacharelado em Publicidade e Propaganda</p>
<p><strong><span style="color: #cb6109">Modalidade:</span> </strong>Presencial</p>
<p><strong><span style="color: #cb6109">Regime:</span> </strong>Semestral</p>
<p><strong><a href="https://sacod.ufpr.br/decom/wp-content/uploads/sites/3/2025/03/dados-gerais-do-curso-PP-2025.pdf">Dados Gerais do Curso (2025)</a></strong></p>
<p><strong><span style="color: #cb6109">Local de oferta:</span> </strong>Setor de Artes, Comunicação e Design | Campus Juvevê (Rua Bom Jesus 650, Juvevê  – Curitiba/PR)</p>
<p><strong><span style="color: #cb6109">Turno:</span> </strong>Matutino e Noturno – MN</p>
<p><strong><span style="color: #cb6109">Número de vagas/ano:</span> </strong>30 por processo seletivo anual (vestibular/SISU)</p>
<p><strong><span style="color: #cb6109">Carga horária total:</span> </strong>3.000 horas</p>
<p><span style="color: #cb6109"><strong>Integralização curricular mínima</strong>:</span> 4 anos (8 semestres)</p>
<p><span style="color: #cb6109"><strong>Integralização curricular máxima</strong>:</span> 6 anos (12 semestres)</p>
<p><span style="color: #cb6109"><strong>Diploma Concedido</strong>:</span> Bacharel em Publicidade e Propaganda</p>
<p><span style="color: #cb6109"><strong>Coordenador do Curso</strong>:</span> Ary Azevedo Jr.</p>
<p><strong><span style="color: #ff6600">Vice Coordenadora:</span></strong> Ayumi Shibayama</p>
<p><strong><span style="color: #ff6600">Secretário: </span></strong> Roberto Proçak</p>
<p><strong><span style="color: #cb6109">Fone:</span> Inoperante</strong></p>
<p><span style="color: #cb6109"><strong>Email</strong>:</span> <a href="mailto:coordenacaopp.ufpr@gmail.com">coordenacaopp.ufpr<span style="color: #333333">@gmail.com</span></a></p>

<p>Denominação: Bacharelado em Publicidade e Propaganda Modalidade: Presencial Regime: Semestral Dados Gerais do Curso (2025) Local de oferta: Setor de Artes, Comunicação e Design | Campus Juvevê (Rua Bom Jesus 650, Juvevê  – Curitiba/PR) Turno: Matutino e Noturno – MN Número de vagas/ano: 30 por processo seletivo anual (vestibular/SISU) Carga horária total: 3.000 horas Integralização curricular mínima: 4 anos (8 semestres) Integralização [&hellip;]</p>
