{"id":236,"date":"2017-08-30T15:11:11","date_gmt":"2017-08-30T18:11:11","guid":{"rendered":"https:\/\/sacod.ufpr.br\/decom\/?page_id=236"},"modified":"2017-08-30T15:11:58","modified_gmt":"2017-08-30T18:11:58","slug":"disciplinas-publicidade-e-propaganda","status":"publish","type":"page","link":"https:\/\/sacod.ufpr.br\/decom\/disciplinas-publicidade-e-propaganda\/","title":{"rendered":"Disciplinas Publicidade e Propaganda"},"content":{"rendered":"<p><a href=\"https:\/\/sacod.ufpr.br\/comunicacao\/wp-content\/uploads\/sites\/9\/2017\/05\/HH300-Hist%C3%B3ria-Contempor%C3%A2nea-2.pdf\">HH300 \u2013 Hist\u00f3ria Contempor\u00e2nea<\/a><br \/>\n<a href=\"https:\/\/sacod.ufpr.br\/comunicacao\/wp-content\/uploads\/sites\/9\/2017\/05\/LIB037-Comunica%C3%A7%C3%A3o-em-L%C3%ADnguas-Brasileira-de-Sinais-LIBRAS.pdf\">LIB037 \u2013 Comunica\u00e7\u00e3o em L\u00ednguas Brasileira de Sinais \u2013 LIBRAS<\/a><br \/>\n<a href=\"https:\/\/sacod.ufpr.br\/comunicacao\/wp-content\/uploads\/sites\/9\/2017\/05\/OC002-Fundamentos-da-Comunica%C3%A7%C3%A3o-Sonora.pdf\">OC002 \u2013 Fundamentos da Comunica\u00e7\u00e3o Sonora<\/a><br \/>\n<a href=\"https:\/\/sacod.ufpr.br\/comunicacao\/wp-content\/uploads\/sites\/9\/2017\/05\/OC003-Fundamentos-da-Fotografia-1.pdf\">OC003 \u2013 Fundamentos da Fotografia<\/a><br \/>\n<a href=\"https:\/\/sacod.ufpr.br\/comunicacao\/wp-content\/uploads\/sites\/9\/2017\/05\/OC004-Economia-Politica-da-Comunica%C3%A7%C3%A3o-1.pdf\">OC004 \u2013 Economia Politica da Comunica\u00e7\u00e3o<\/a><br \/>\n<a href=\"https:\/\/sacod.ufpr.br\/comunicacao\/wp-content\/uploads\/sites\/9\/2017\/05\/OC005-Oficina-de-Reda%C3%A7%C3%A3o-1.pdf\">OC005 \u2013 Oficina de Reda\u00e7\u00e3o<\/a><br \/>\n<a href=\"https:\/\/sacod.ufpr.br\/comunicacao\/wp-content\/uploads\/sites\/9\/2017\/05\/OC006-Leituras-em-Filosofia-1.pdf\">OC006 \u2013 Leituras em Filosofia<\/a><br \/>\n<a href=\"https:\/\/sacod.ufpr.br\/comunicacao\/wp-content\/uploads\/sites\/9\/2017\/05\/OC009-Fundamentos-de-Comunica%C3%A7%C3%A3o-Audiovisual-1.pdf\">OC009 \u2013 Fundamentos de Comunica\u00e7\u00e3o Audiovisual<\/a><br \/>\n<a href=\"https:\/\/sacod.ufpr.br\/comunicacao\/wp-content\/uploads\/sites\/9\/2017\/05\/OC010-Fundamentos-da-Comunica%C3%A7%C3%A3o-Visual-1.pdf\">OC010 \u2013 Fundamentos da Comunica\u00e7\u00e3o Visual<\/a><br \/>\n<a href=\"https:\/\/sacod.ufpr.br\/comunicacao\/wp-content\/uploads\/sites\/9\/2017\/05\/OC027-Hist%C3%B3ria-da-Comunica%C3%A7%C3%A3o-1.pdf\">OC027 \u2013 Hist\u00f3ria da Comunica\u00e7\u00e3o<\/a><br \/>\n<a href=\"https:\/\/sacod.ufpr.br\/comunicacao\/wp-content\/uploads\/sites\/9\/2017\/05\/OC028-Leituras-em-Sociologia-1.pdf\">OC028 \u2013 Leituras em Sociologia<\/a><br \/>\n<a href=\"https:\/\/sacod.ufpr.br\/comunicacao\/wp-content\/uploads\/sites\/9\/2017\/05\/OC030-Comunica%C3%A7%C3%A3o-e-Mercado-4.pdf\">OC030 \u2013 Comunica\u00e7\u00e3o e Mercado<\/a><br \/>\n<a href=\"https:\/\/sacod.ufpr.br\/comunicacao\/wp-content\/uploads\/sites\/9\/2017\/05\/OC055-T%C3%B3picos-Especiais-em-Comuncia%C3%A7%C3%A3o-e-Linguagem.pdf\">OC055 \u2013 T\u00f3picos Especiais em Comuncia\u00e7\u00e3o e Linguagem<\/a><br \/>\n<a href=\"https:\/\/sacod.ufpr.br\/comunicacao\/wp-content\/uploads\/sites\/9\/2017\/05\/OC057-Teorias-da-Comunica%C3%A7%C3%A3o-I-1.pdf\">OC057 \u2013 Teorias da Comunica\u00e7\u00e3o I<\/a><br \/>\n<a href=\"https:\/\/sacod.ufpr.br\/comunicacao\/wp-content\/uploads\/sites\/9\/2017\/05\/OC058-Antropologia-Comunica%C3%A7%C3%A3o-e-Cultura.pdf\">OC058 \u2013 Antropologia Comunica\u00e7\u00e3o e Cultura<\/a><br \/>\n<a href=\"https:\/\/sacod.ufpr.br\/comunicacao\/wp-content\/uploads\/sites\/9\/2017\/05\/OC059-Ci%C3%AAncias-Sociais-e-Comunica%C3%A7%C3%A3o-3.pdf\">OC059 \u2013 Ci\u00eancias Sociais e Comunica\u00e7\u00e3o<\/a><br \/>\n<a href=\"https:\/\/sacod.ufpr.br\/comunicacao\/wp-content\/uploads\/sites\/9\/2017\/05\/OC064-Comunica%C3%A7%C3%A3o-e-Linguagem-3.pdf\">OC064 \u2013 Comunica\u00e7\u00e3o e Linguagem<\/a><br \/>\n<a href=\"https:\/\/sacod.ufpr.br\/comunicacao\/wp-content\/uploads\/sites\/9\/2017\/05\/OC065-Pesquisa-em-Comunica%C3%A7%C3%A3o-I-3.pdf\">OC065 \u2013 Pesquisa em Comunica\u00e7\u00e3o I<\/a><br \/>\n<a href=\"https:\/\/sacod.ufpr.br\/comunicacao\/wp-content\/uploads\/sites\/9\/2017\/05\/OC066-Hist%C3%B3ria-da-Arte-3.pdf\">OC066 \u2013 Hist\u00f3ria da Arte<\/a><br \/>\n<a href=\"https:\/\/sacod.ufpr.br\/comunicacao\/wp-content\/uploads\/sites\/9\/2017\/05\/OC071-Comunica%C3%A7%C3%A3o-e-Tecnologia-3.pdf\">OC071 \u2013 Comunica\u00e7\u00e3o e Tecnologia<\/a><br \/>\n<a href=\"https:\/\/sacod.ufpr.br\/comunicacao\/wp-content\/uploads\/sites\/9\/2017\/05\/OC072-Pesquisa-em-Comunica%C3%A7%C3%A3o-II-3.pdf\">OC072 \u2013 Pesquisa em Comunica\u00e7\u00e3o II<\/a><br \/>\n<a href=\"https:\/\/sacod.ufpr.br\/comunicacao\/wp-content\/uploads\/sites\/9\/2017\/05\/OC073-Comunica%C3%A7%C3%A3o-e-Cidadania-3.pdf\">OC073 \u2013 Comunica\u00e7\u00e3o e Cidadania<\/a><br \/>\n<a href=\"https:\/\/sacod.ufpr.br\/comunicacao\/wp-content\/uploads\/sites\/9\/2017\/05\/OC079-Teorias-da-Comunica%C3%A7%C3%A3o-II-1.pdf\">OC079 \u2013 Teorias da Comunica\u00e7\u00e3o II<\/a><br \/>\n<a href=\"https:\/\/sacod.ufpr.br\/comunicacao\/wp-content\/uploads\/sites\/9\/2017\/05\/OC081-Comunica%C3%A7%C3%A3o-e-Educa%C3%A7%C3%A3o-3.pdf\">OC081 \u2013 Comunica\u00e7\u00e3o e Educa\u00e7\u00e3o<\/a><br \/>\n<a href=\"https:\/\/sacod.ufpr.br\/comunicacao\/wp-content\/uploads\/sites\/9\/2017\/05\/OC090-Comunica%C3%A7%C3%A3o-e-Politica-3.pdf\">OC090 \u2013 Comunica\u00e7\u00e3o e Politica<\/a><br \/>\n<a href=\"https:\/\/sacod.ufpr.br\/comunicacao\/wp-content\/uploads\/sites\/9\/2017\/05\/OC093-Comunica%C3%A7%C3%A3o-Poular-e-Alternativa.pdf\">OC093 \u2013 Comunica\u00e7\u00e3o Poular e Alternativa<\/a><br \/>\n<a href=\"https:\/\/sacod.ufpr.br\/comunicacao\/wp-content\/uploads\/sites\/9\/2017\/05\/OC094-Comunica%C3%A7%C3%A3-e-Arte.pdf\">OC094 \u2013 Comunica\u00e7\u00e3 e Arte<\/a><br \/>\n<a href=\"https:\/\/sacod.ufpr.br\/comunicacao\/wp-content\/uploads\/sites\/9\/2017\/05\/OC097-Hist%C3%B3ria-do-Cinema-3.pdf\">OC097 \u2013 Hist\u00f3ria do Cinema<\/a><br \/>\n<a href=\"https:\/\/sacod.ufpr.br\/comunicacao\/wp-content\/uploads\/sites\/9\/2017\/05\/OC098-Cinema-I-3.pdf\">OC098 \u2013 Cinema I<\/a><br \/>\n<a href=\"https:\/\/sacod.ufpr.br\/comunicacao\/wp-content\/uploads\/sites\/9\/2017\/05\/OC099-Cinema-II-2.pdf\">OC099 \u2013 Cinema II<\/a><br \/>\n<a href=\"https:\/\/sacod.ufpr.br\/comunicacao\/wp-content\/uploads\/sites\/9\/2017\/05\/OC100-Comunica%C3%A7%C3%A3o-e-Redes-urbanas-2.pdf\">OC100 \u2013 Comunica\u00e7\u00e3o e Redes urbanas<\/a><br \/>\n<a href=\"https:\/\/sacod.ufpr.br\/comunicacao\/wp-content\/uploads\/sites\/9\/2017\/05\/OC109-Fotografia-Publicit%C3%A1ria-2.pdf\">OC109 \u2013 Fotografia Publicit\u00e1ria<\/a><br \/>\n<a href=\"https:\/\/sacod.ufpr.br\/comunicacao\/wp-content\/uploads\/sites\/9\/2017\/05\/OC110-Meios-de-Comunica%C3%A7%C3%A3o-e-Contimente-Africano.pdf\">OC110 \u2013 Meios de Comunica\u00e7\u00e3o e Contimente Africano<\/a><br \/>\n<a href=\"https:\/\/sacod.ufpr.br\/comunicacao\/wp-content\/uploads\/sites\/9\/2017\/05\/OC128-Produ%C3%A7%C3%A3o-Audiovisual-1.pdf\">OC128 \u2013 Produ\u00e7\u00e3o Audiovisual<\/a><br \/>\n<a href=\"https:\/\/sacod.ufpr.br\/comunicacao\/wp-content\/uploads\/sites\/9\/2017\/05\/OC134-Psicologia-do-Consumidor-1.pdf\">OC134 \u2013 Psicologia do Consumidor<\/a><br \/>\n<a href=\"https:\/\/sacod.ufpr.br\/comunicacao\/wp-content\/uploads\/sites\/9\/2017\/05\/OC135-Comunica%C3%A7%C3%A3o-Publicidade-e-Mercado.pdf\">OC135 \u2013 Comunica\u00e7\u00e3o, Publicidade e Mercado<\/a><br \/>\n<a href=\"https:\/\/sacod.ufpr.br\/comunicacao\/wp-content\/uploads\/sites\/9\/2017\/05\/OC136-Produ%C3%A7%C3%A3o-Inovadora-em-Comunica%C3%A7%C3%A3o-I.pdf\">OC136 \u2013 Produ\u00e7\u00e3o Inovadora em Comunica\u00e7\u00e3o I<\/a><br \/>\n<a href=\"https:\/\/sacod.ufpr.br\/comunicacao\/wp-content\/uploads\/sites\/9\/2017\/05\/OC137-Cria%C3%A7%C3%A3o-Publicit%C3%A1ria.pdf\">OC137 \u2013 Cria\u00e7\u00e3o Publicit\u00e1ria<\/a><br \/>\n<a href=\"https:\/\/sacod.ufpr.br\/comunicacao\/wp-content\/uploads\/sites\/9\/2017\/05\/OC138-Introdu%C3%A7%C3%A3o-ao-Marketing.pdf\">OC138 \u2013 Introdu\u00e7\u00e3o ao Marketing<\/a><br \/>\n<a href=\"https:\/\/sacod.ufpr.br\/comunicacao\/wp-content\/uploads\/sites\/9\/2017\/05\/OC139-Pesquisa-de-Mercado-1.pdf\">OC139 \u2013 Pesquisa de Mercado<\/a><br \/>\n<a href=\"https:\/\/sacod.ufpr.br\/comunicacao\/wp-content\/uploads\/sites\/9\/2017\/05\/OC142-Produ%C3%A7%C3%A3o-Inovadora-emComunica%C3%A7%C3%A3o-II.pdf\">OC142 \u2013 Produ\u00e7\u00e3o Inovadora emComunica\u00e7\u00e3o II<\/a><br \/>\n<a href=\"https:\/\/sacod.ufpr.br\/comunicacao\/wp-content\/uploads\/sites\/9\/2017\/05\/OC143-Reda%C3%A7%C3%A3o-Publicit%C3%A1ria-I.pdf\">OC143 \u2013 Reda\u00e7\u00e3o Publicit\u00e1ria I<\/a><br \/>\n<a href=\"https:\/\/sacod.ufpr.br\/comunicacao\/wp-content\/uploads\/sites\/9\/2017\/05\/OC144-Programa%C3%A7%C3%A3o-Visual-I.pdf\">OC144 \u2013 Programa\u00e7\u00e3o Visual I<\/a><br \/>\n<a href=\"https:\/\/sacod.ufpr.br\/comunicacao\/wp-content\/uploads\/sites\/9\/2017\/05\/OC145-produ%C3%A7%C3%A3o-Inovadora-em-Comunica%C3%A7%C3%A3o-III.pdf\">OC145 \u2013 produ\u00e7\u00e3o Inovadora em Comunica\u00e7\u00e3o III<\/a><br \/>\n<a href=\"https:\/\/sacod.ufpr.br\/comunicacao\/wp-content\/uploads\/sites\/9\/2017\/05\/OC146-Reda%C3%A7%C3%A3o-Publicit%C3%A1ria-II.pdf\">OC146 \u2013 Reda\u00e7\u00e3o Publicit\u00e1ria II<\/a><br \/>\n<a href=\"https:\/\/sacod.ufpr.br\/comunicacao\/wp-content\/uploads\/sites\/9\/2017\/05\/OC155-programa%C3%A7%C3%A3o-Visual-II.pdf\">OC155 \u2013 programa\u00e7\u00e3o Visual II<\/a><br \/>\n<a href=\"https:\/\/sacod.ufpr.br\/comunicacao\/wp-content\/uploads\/sites\/9\/2017\/05\/OC156-Assessoria-de-Comunica%C3%A7%C3%A3o.pdf\">OC156 \u2013 Assessoria de Comunica\u00e7\u00e3o<\/a><br \/>\n<a href=\"https:\/\/sacod.ufpr.br\/comunicacao\/wp-content\/uploads\/sites\/9\/2017\/05\/OC157-Produ%C3%A7%C3%A3o-Inovadora-em-Comunica%C3%A7%C3%A3o-IV.pdf\">OC157 \u2013 Produ\u00e7\u00e3o Inovadora em Comunica\u00e7\u00e3o IV<\/a><br \/>\n<a href=\"https:\/\/sacod.ufpr.br\/comunicacao\/wp-content\/uploads\/sites\/9\/2017\/05\/OC158-Produ%C3%A7%C3%A3o-Publicit%C3%A1ria-Sonora.pdf\">OC158 \u2013 Produ\u00e7\u00e3o Publicit\u00e1ria Sonora<\/a><br \/>\n<a href=\"https:\/\/sacod.ufpr.br\/comunicacao\/wp-content\/uploads\/sites\/9\/2017\/05\/OC159-Planejamento-de-Marketing.pdf\">OC159 \u2013 Planejamento de Marketing<\/a><br \/>\n<a href=\"https:\/\/sacod.ufpr.br\/comunicacao\/wp-content\/uploads\/sites\/9\/2017\/05\/OC160-M%C3%ADdia.pdf\">OC160 \u2013 M\u00eddia<\/a><br \/>\n<a href=\"https:\/\/sacod.ufpr.br\/comunicacao\/wp-content\/uploads\/sites\/9\/2017\/05\/OC170-%C3%89tica-e-legisla%C3%A7%C3%A3o-em-PP.pdf\">OC170 \u2013 \u00c9tica e legisla\u00e7\u00e3o em PP<\/a><br \/>\n<a href=\"https:\/\/sacod.ufpr.br\/comunicacao\/wp-content\/uploads\/sites\/9\/2017\/05\/OC179-Produ%C3%A7%C3%A3o-Inovadora-em-comunica%C3%A7%C3%A3o-V.pdf\">OC179 \u2013 Produ\u00e7\u00e3o Inovadora em comunica\u00e7\u00e3o V<\/a><br \/>\n<a href=\"https:\/\/sacod.ufpr.br\/comunicacao\/wp-content\/uploads\/sites\/9\/2017\/05\/OC186-Pesquisa-Cientifica-em-PP.pdf\">OC186 \u2013 Pesquisa Cientifica em PP<\/a><br \/>\n<a href=\"https:\/\/sacod.ufpr.br\/comunicacao\/wp-content\/uploads\/sites\/9\/2017\/05\/OC189-Produ%C3%A7%C3%A3o-Publicit%C3%A1ria-em-Audiovisual.pdf\">OC189 \u2013 Produ\u00e7\u00e3o Publicit\u00e1ria em Audiovisual<\/a><br \/>\n<a href=\"https:\/\/sacod.ufpr.br\/comunicacao\/wp-content\/uploads\/sites\/9\/2017\/05\/OC204-Planejamento-de-Comunica%C3%A7%C3%A3o-1.pdf\">OC204 \u2013 Planejamento de Comunica\u00e7\u00e3o<\/a><br \/>\n<a href=\"https:\/\/sacod.ufpr.br\/comunicacao\/wp-content\/uploads\/sites\/9\/2017\/05\/OC205-Inova%C3%A7%C3%A3o-Digital.pdf\">OC205 \u2013 Inova\u00e7\u00e3o Digital<\/a><br \/>\n<a href=\"https:\/\/sacod.ufpr.br\/comunicacao\/wp-content\/uploads\/sites\/9\/2017\/05\/OC206-Produ%C3%A7%C3%A3o-Inovadora-em-Comunica%C3%A7%C3%A3o-VI.pdf\">OC206 \u2013 Produ\u00e7\u00e3o Inovadora em Comunica\u00e7\u00e3o VI<\/a><br \/>\n<a href=\"https:\/\/sacod.ufpr.br\/comunicacao\/wp-content\/uploads\/sites\/9\/2017\/05\/OC207-Produ%C3%A7%C3%A3o-cientifica-em-PP-I.pdf\">OC207 \u2013 Produ\u00e7\u00e3o cientifica em PP I<\/a><br \/>\n<a href=\"https:\/\/sacod.ufpr.br\/comunicacao\/wp-content\/uploads\/sites\/9\/2017\/05\/OC209-Promo%C3%A7%C3%A3o-de-Vendas-e-Merchandising-1.pdf\">OC209 \u2013 Promo\u00e7\u00e3o de Vendas e Merchandising<\/a><br \/>\n<a href=\"https:\/\/sacod.ufpr.br\/comunicacao\/wp-content\/uploads\/sites\/9\/2017\/05\/OC210-Gest%C3%A3o-de-Neg%C3%B3cios-em-Comunica%C3%A7%C3%A3o-1.pdf\">OC210 \u2013 Gest\u00e3o de Neg\u00f3cios em Comunica\u00e7\u00e3o<\/a><br \/>\n<a href=\"https:\/\/sacod.ufpr.br\/comunicacao\/wp-content\/uploads\/sites\/9\/2017\/05\/OC211-Marketing-Politico.pdf\">OC211 \u2013 Marketing Politico<\/a><br \/>\n<a href=\"https:\/\/sacod.ufpr.br\/comunicacao\/wp-content\/uploads\/sites\/9\/2017\/05\/OC212-Produ%C3%A7%C3%A3o-Digital.pdf\">OC212 \u2013 Produ\u00e7\u00e3o Digital<\/a><br \/>\n<a href=\"https:\/\/sacod.ufpr.br\/comunicacao\/wp-content\/uploads\/sites\/9\/2017\/05\/OC213-Produ%C3%A7%C3%A3o-Grafica.pdf\">OC213 \u2013 Produ\u00e7\u00e3o Grafica<\/a><br \/>\n<a href=\"https:\/\/sacod.ufpr.br\/comunicacao\/wp-content\/uploads\/sites\/9\/2017\/05\/OC217-Planejamento-e-Pr%C3%A1tica-em-PP-I.pdf\">OC217 \u2013 Planejamento e Pr\u00e1tica em PP I<\/a><br \/>\n<a href=\"https:\/\/sacod.ufpr.br\/comunicacao\/wp-content\/uploads\/sites\/9\/2017\/05\/OC218-Produ%C3%A7%C3%A3o-cientifica-em-PP-II.pdf\">OC218 \u2013 Produ\u00e7\u00e3o cientifica em PP II<\/a><br \/>\n<a href=\"https:\/\/sacod.ufpr.br\/comunicacao\/wp-content\/uploads\/sites\/9\/2017\/05\/OC220-Planejamento-e-Pr%C3%A1tica-em-PP-II.pdf\">OC220 \u2013 Planejamento e Pr\u00e1tica em PP II<\/a><br \/>\n<a href=\"https:\/\/sacod.ufpr.br\/comunicacao\/wp-content\/uploads\/sites\/9\/2017\/05\/OC226-Comunica%C3%A7%C3%A3o-Digital-Corporativa.pdf\">OC226 \u2013 Comunica\u00e7\u00e3o Digital Corporativa<\/a><br \/>\n<a href=\"https:\/\/sacod.ufpr.br\/comunicacao\/wp-content\/uploads\/sites\/9\/2017\/05\/OC230-Teoria-e-Pesquisa-de-Opini%C3%A3o-P%C3%BAblica-1.pdf\">OC230 \u2013 Teoria e Pesquisa de Opini\u00e3o P\u00fablica<\/a><br \/>\n<a href=\"https:\/\/sacod.ufpr.br\/comunicacao\/wp-content\/uploads\/sites\/9\/2017\/05\/OC231-Planejamento-Estrat%C3%A9gico-1.pdf\">OC231 \u2013 Planejamento Estrat\u00e9gico<\/a><br \/>\n<a href=\"https:\/\/sacod.ufpr.br\/comunicacao\/wp-content\/uploads\/sites\/9\/2017\/05\/OC232-Fundamentos-da-Administra%C3%A7%C3%A3o.pdf\">OC232 \u2013 Fundamentos da Administra\u00e7\u00e3o<\/a><br \/>\n<a href=\"https:\/\/sacod.ufpr.br\/comunicacao\/wp-content\/uploads\/sites\/9\/2017\/05\/OC234-M%C3%ADdias-Digitais.pdf\">OC234 \u2013 M\u00eddias Digitais<\/a><br \/>\n<a href=\"https:\/\/sacod.ufpr.br\/comunicacao\/wp-content\/uploads\/sites\/9\/2017\/05\/OC236-Comunica%C3%A7%C3%A3o-e-Tecnologias-nas-Rela%C3%A7%C3%B5es-P%C3%BAblicas.pdf\">OC236 \u2013 Comunica\u00e7\u00e3o e Tecnologias nas Rela\u00e7\u00f5es P\u00fablicas<\/a><br \/>\n<a href=\"https:\/\/sacod.ufpr.br\/comunicacao\/wp-content\/uploads\/sites\/9\/2017\/05\/OC238-Teorias-das-Rela%C3%A7%C3%B5es-P%C3%BAblicas.pdf\">OC238 \u2013 Teorias das Rela\u00e7\u00f5es P\u00fablicas<\/a><br \/>\n<a href=\"https:\/\/sacod.ufpr.br\/comunicacao\/wp-content\/uploads\/sites\/9\/2017\/05\/OC247-Comunica%C3%A7%C3%A3o-e-Marketing-1.pdf\">OC247 \u2013 Comunica\u00e7\u00e3o e Marketing<\/a><br \/>\n<a href=\"https:\/\/sacod.ufpr.br\/comunicacao\/wp-content\/uploads\/sites\/9\/2017\/05\/OC248-Comunica%C3%A7%C3%A3o-P%C3%BAblica-1.pdf\">OC248 \u2013 Comunica\u00e7\u00e3o P\u00fablica<\/a><br \/>\n<a href=\"https:\/\/sacod.ufpr.br\/comunicacao\/wp-content\/uploads\/sites\/9\/2017\/05\/OC253-Assessoria-e-Estrat%C3%A9gias-de-Comunica%C3%A7%C3%A3o-com-a-Midia.pdf\">OC253 \u2013 Assessoria e Estrat\u00e9gias de Comunica\u00e7\u00e3o com a Midia<\/a><br \/>\n<a href=\"https:\/\/sacod.ufpr.br\/comunicacao\/wp-content\/uploads\/sites\/9\/2017\/05\/OC276-Publicidade-e-Sociedade-1.pdf\">OC276 \u2013 Publicidade e Sociedade<\/a><br \/>\n<a href=\"https:\/\/sacod.ufpr.br\/comunicacao\/wp-content\/uploads\/sites\/9\/2017\/05\/OC277-Criatividade-em-Planejamento-1.pdf\">OC277 \u2013 Criatividade em Planejamento<\/a><br \/>\n<a href=\"https:\/\/sacod.ufpr.br\/comunicacao\/wp-content\/uploads\/sites\/9\/2017\/05\/OC279-Administra%C3%A7%C3%A3o-em-PP.pdf\">OC279 \u2013 Administra\u00e7\u00e3o em PP<\/a><br \/>\n<a href=\"https:\/\/sacod.ufpr.br\/comunicacao\/wp-content\/uploads\/sites\/9\/2017\/05\/OC293-T%C3%B3picos-Especiais-em-Marketing-I-1.pdf\">OC293 \u2013 T\u00f3picos Especiais em Marketing I<\/a><br \/>\n<a href=\"https:\/\/sacod.ufpr.br\/comunicacao\/wp-content\/uploads\/sites\/9\/2017\/05\/OC294-T%C3%B3picos-Especiais-em-Marketing-II-1.pdf\">OC294 \u2013 T\u00f3picos Especiais em Marketing II<\/a><br \/>\n<a href=\"https:\/\/sacod.ufpr.br\/comunicacao\/wp-content\/uploads\/sites\/9\/2017\/05\/OC295-T%C3%B3picos-Especiais-em-marketing-III.pdf\">OC295 \u2013 T\u00f3picos Especiais em marketing III<\/a><br \/>\n<a href=\"https:\/\/sacod.ufpr.br\/comunicacao\/wp-content\/uploads\/sites\/9\/2017\/05\/OC309-Comunica%C3%A7%C3%A3o-e-Diversidade-1.pdf\">OC309 \u2013 Comunica\u00e7\u00e3o e Diversidade<\/a><br \/>\n<a href=\"https:\/\/sacod.ufpr.br\/comunicacao\/wp-content\/uploads\/sites\/9\/2017\/05\/OC312-Linguagem-Cientifica-1.pdf\">OC312 \u2013 Linguagem Cientifica<\/a><br \/>\n<a href=\"https:\/\/sacod.ufpr.br\/comunicacao\/wp-content\/uploads\/sites\/9\/2017\/05\/OC327-Linguagem-Publicit%C3%A1ria-1.pdf\">OC327 \u2013 Linguagem Publicit\u00e1ria<\/a><br \/>\n<a href=\"https:\/\/sacod.ufpr.br\/comunicacao\/wp-content\/uploads\/sites\/9\/2017\/05\/OC328-Mercado-e-Agroneg%C3%B3cio-1.pdf\">OC328 \u2013 Mercado e Agroneg\u00f3cio<\/a><br \/>\n<a href=\"https:\/\/sacod.ufpr.br\/comunicacao\/wp-content\/uploads\/sites\/9\/2017\/05\/OC329-Midia-e-Mercado.pdf\">OC329 \u2013 Midia e Mercado<\/a><br \/>\n<a href=\"https:\/\/sacod.ufpr.br\/comunicacao\/wp-content\/uploads\/sites\/9\/2017\/05\/OC330-Comunica%C3%A7%C3%A3o-Empressarial-1.pdf\">OC330 \u2013 Comunica\u00e7\u00e3o Empressarial<\/a><br \/>\n<a href=\"https:\/\/sacod.ufpr.br\/comunicacao\/wp-content\/uploads\/sites\/9\/2017\/05\/OC331-M%C3%ADdia-e-Meio-Ambiente-1.pdf\">OC331 \u2013 M\u00eddia e Meio Ambiente<\/a><br \/>\n<a href=\"https:\/\/sacod.ufpr.br\/comunicacao\/wp-content\/uploads\/sites\/9\/2017\/05\/OC334-Semi%C3%B3tica-e-Publicidade-1.pdf\">OC334 \u2013 Semi\u00f3tica e Publicidade<\/a><br \/>\n<a href=\"https:\/\/sacod.ufpr.br\/comunicacao\/wp-content\/uploads\/sites\/9\/2017\/05\/OC335-Antropologia-do-Consumo-1.pdf\">OC335 \u2013 Antropologia do Consumo<\/a><br \/>\n<a href=\"https:\/\/sacod.ufpr.br\/comunicacao\/wp-content\/uploads\/sites\/9\/2017\/05\/OC336-Comunica%C3%A7%C3%A3o-e-Entretenimento-1.pdf\">OC336 \u2013 Comunica\u00e7\u00e3o e Entretenimento<\/a><br \/>\n<a href=\"https:\/\/sacod.ufpr.br\/comunicacao\/wp-content\/uploads\/sites\/9\/2017\/05\/OC337-Comunica%C3%A7%C3%A3o-e-Literatura.pdf\">OC337 \u2013 Comunica\u00e7\u00e3o e Literatura<\/a><\/p>\n","protected":false},"excerpt":{"rendered":"<p>HH300 \u2013 Hist\u00f3ria Contempor\u00e2nea LIB037 \u2013 Comunica\u00e7\u00e3o em L\u00ednguas Brasileira de Sinais \u2013 LIBRAS OC002 \u2013 Fundamentos da Comunica\u00e7\u00e3o Sonora OC003 \u2013 Fundamentos da Fotografia OC004 \u2013 Economia Politica da Comunica\u00e7\u00e3o OC005 \u2013 Oficina de Reda\u00e7\u00e3o OC006 \u2013 Leituras em Filosofia OC009 \u2013 Fundamentos de Comunica\u00e7\u00e3o Audiovisual OC010 \u2013 Fundamentos da Comunica\u00e7\u00e3o Visual OC027 \u2013 [&hellip;]<\/p>\n","protected":false},"author":11,"featured_media":0,"parent":0,"menu_order":0,"comment_status":"closed","ping_status":"closed","template":"","meta":{"_acf_changed":false,"footnotes":""},"class_list":["post-236","page","type-page","status-publish","hentry"],"acf":[],"_links":{"self":[{"href":"https:\/\/sacod.ufpr.br\/decom\/wp-json\/wp\/v2\/pages\/236","targetHints":{"allow":["GET"]}}],"collection":[{"href":"https:\/\/sacod.ufpr.br\/decom\/wp-json\/wp\/v2\/pages"}],"about":[{"href":"https:\/\/sacod.ufpr.br\/decom\/wp-json\/wp\/v2\/types\/page"}],"author":[{"embeddable":true,"href":"https:\/\/sacod.ufpr.br\/decom\/wp-json\/wp\/v2\/users\/11"}],"replies":[{"embeddable":true,"href":"https:\/\/sacod.ufpr.br\/decom\/wp-json\/wp\/v2\/comments?post=236"}],"version-history":[{"count":1,"href":"https:\/\/sacod.ufpr.br\/decom\/wp-json\/wp\/v2\/pages\/236\/revisions"}],"predecessor-version":[{"id":237,"href":"https:\/\/sacod.ufpr.br\/decom\/wp-json\/wp\/v2\/pages\/236\/revisions\/237"}],"wp:attachment":[{"href":"https:\/\/sacod.ufpr.br\/decom\/wp-json\/wp\/v2\/media?parent=236"}],"curies":[{"name":"wp","href":"https:\/\/api.w.org\/{rel}","templated":true}]}}