{"id":44,"date":"2013-12-19T20:21:16","date_gmt":"2013-12-19T20:21:16","guid":{"rendered":"https:\/\/sacod.ufpr.br\/coordesign\/?page_id=44"},"modified":"2021-09-13T21:25:56","modified_gmt":"2021-09-13T21:25:56","slug":"grade-curricular-grafico","status":"publish","type":"page","link":"https:\/\/sacod.ufpr.br\/coordesign\/grade-curricular-grafico\/","title":{"rendered":"PPC &#8211; Design Gr\u00e1fico e Ementas das disciplinas."},"content":{"rendered":"<p><span style=\"color: #008080\"><strong>CURR\u00cdCULO 2020<\/strong><\/span><\/p>\n<p>Este \u00e9 o <a href=\"https:\/\/drive.google.com\/file\/d\/1Ux9VRj_uBVIteSDncF4PQ6JSy8lkMQUf\/view?usp=sharing\"><span style=\"color: #008080\">PPC &#8211; PROJETO PEDAG\u00d3GICO DO CURSO DE&nbsp;DESIGN GR\u00c1FICO<\/span><\/a>&nbsp;do novo curr\u00edculo, implantado em 2020 e aqui suas respectivas <a href=\"https:\/\/drive.google.com\/file\/d\/1Rcah45PpiPsDK4imvAZGXkhjpGitztYf\/view?usp=sharing\"><span style=\"color: #008080\">ementas das disciplinas<\/span><\/a> que comp\u00f5e o curr\u00edculo.<\/p>\n<p><span style=\"color: #999999\">&#8230;&#8230;&#8230;&#8230;&#8230;&#8230;&#8230;&#8230;&#8230;&#8230;&#8230;&#8230;&#8230;&#8230;&#8230;&#8230;&#8230;&#8230;&#8230;&#8230;&#8230;&#8230;&#8230;&#8230;&#8230;&#8230;&#8230;&#8230;&#8230;&#8230;&#8230;&#8230;&#8230;&#8230;..<\/span><\/p>\n<p><span style=\"color: #33cccc\"><strong>CURR\u00cdCULO 2016&nbsp;<\/strong><\/span><\/p>\n<p>Este \u00e9 o <a href=\"https:\/\/drive.google.com\/file\/d\/1KCahEI-79chpzfaeuqriUsyOakD5sB6e\/view?usp=sharing\"><span style=\"color: #33cccc\">PPC &#8211; PROJETO PEDAG\u00d3GICO DO CURSO DE&nbsp;DESIGN GR\u00c1FICO<\/span><\/a>&nbsp;do antigo curr\u00edculo, implantado em 2016 e que est\u00e1 sendo finalizado conforme a integraliza\u00e7\u00e3o das atuais turmas, e aqui suas respectivas <a href=\"https:\/\/drive.google.com\/drive\/folders\/1wIPHcjYeGhf9IvUYajNNgc7NKrBCI1Hm?usp=sharing\"><span style=\"color: #33cccc\">ementas das disciplinas<\/span><\/a> que comp\u00f5e o curr\u00edculo.<\/p>\n<p>&nbsp;<\/p>\n","protected":false},"excerpt":{"rendered":"<p>CURR\u00cdCULO 2020 Este \u00e9 o PPC &#8211; PROJETO PEDAG\u00d3GICO DO CURSO DE&nbsp;DESIGN GR\u00c1FICO&nbsp;do novo curr\u00edculo, implantado em 2020 e aqui suas respectivas ementas das disciplinas que comp\u00f5e o curr\u00edculo. &#8230;&#8230;&#8230;&#8230;&#8230;&#8230;&#8230;&#8230;&#8230;&#8230;&#8230;&#8230;&#8230;&#8230;&#8230;&#8230;&#8230;&#8230;&#8230;&#8230;&#8230;&#8230;&#8230;&#8230;&#8230;&#8230;&#8230;&#8230;&#8230;&#8230;&#8230;&#8230;&#8230;&#8230;.. CURR\u00cdCULO 2016&nbsp; Este \u00e9 o PPC &#8211; PROJETO PEDAG\u00d3GICO DO CURSO DE&nbsp;DESIGN GR\u00c1FICO&nbsp;do antigo curr\u00edculo, implantado em 2016 e que est\u00e1 sendo finalizado conforme a [&hellip;]<\/p>\n","protected":false},"author":1766,"featured_media":0,"parent":0,"menu_order":0,"comment_status":"open","ping_status":"closed","template":"","meta":{"_acf_changed":false,"ngg_post_thumbnail":0,"footnotes":""},"class_list":["post-44","page","type-page","status-publish","hentry"],"acf":[],"_links":{"self":[{"href":"https:\/\/sacod.ufpr.br\/coordesign\/wp-json\/wp\/v2\/pages\/44","targetHints":{"allow":["GET"]}}],"collection":[{"href":"https:\/\/sacod.ufpr.br\/coordesign\/wp-json\/wp\/v2\/pages"}],"about":[{"href":"https:\/\/sacod.ufpr.br\/coordesign\/wp-json\/wp\/v2\/types\/page"}],"author":[{"embeddable":true,"href":"https:\/\/sacod.ufpr.br\/coordesign\/wp-json\/wp\/v2\/users\/1766"}],"replies":[{"embeddable":true,"href":"https:\/\/sacod.ufpr.br\/coordesign\/wp-json\/wp\/v2\/comments?post=44"}],"version-history":[{"count":25,"href":"https:\/\/sacod.ufpr.br\/coordesign\/wp-json\/wp\/v2\/pages\/44\/revisions"}],"predecessor-version":[{"id":1088,"href":"https:\/\/sacod.ufpr.br\/coordesign\/wp-json\/wp\/v2\/pages\/44\/revisions\/1088"}],"wp:attachment":[{"href":"https:\/\/sacod.ufpr.br\/coordesign\/wp-json\/wp\/v2\/media?parent=44"}],"curies":[{"name":"wp","href":"https:\/\/api.w.org\/{rel}","templated":true}]}}