{"id":1401,"date":"2024-01-29T13:46:40","date_gmt":"2024-01-29T13:46:40","guid":{"rendered":"https:\/\/sacod.ufpr.br\/coordesign\/?page_id=1401"},"modified":"2024-08-20T14:28:47","modified_gmt":"2024-08-20T14:28:47","slug":"2024-design-de-produto","status":"publish","type":"page","link":"https:\/\/sacod.ufpr.br\/coordesign\/2024-design-de-produto\/","title":{"rendered":"2024 &#8211; Design de Produto"},"content":{"rendered":"\n<p>\u2026\u2026\u2026\u2026\u2026\u2026\u2026\u2026\u2026\u2026\u2026\u2026\u2026\u2026\u2026\u2026\u2026\u2026\u2026\u2026\u2026\u2026\u2026\u2026\u2026\u2026\u2026\u2026\u2026\u2026\u2026\u2026\u2026\u2026\u2026\u2026\u2026\u2026\u2026\u2026\u2026\u2026\u2026.<\/p>\n\n\n\n<p><strong>&nbsp;DATAS IMPORTANTES<\/strong><\/p>\n\n\n\n<p><strong>&gt; 26 a 28<\/strong><strong> de agosto | Solicita\u00e7\u00e3o de MATR\u00cdCULA pelos\/as discentes, direto no SIGA;<\/strong><\/p>\n\n\n\n<p><strong>&gt;\u00a029 e 30 de agosto | Processamento de MATR\u00cdCULAS;<\/strong><\/p>\n\n\n\n<p><strong>&gt;\u00a02 a 13 de setembro | Per\u00edodo de solicita\u00e7\u00e3o de AJUSTE de matr\u00edcula na Coordena\u00e7\u00e3o do Curso de Design de Produto.<\/strong><\/p>\n\n\n\n<p><strong>&gt;\u00a02 de setembro | In\u00edcio das aulas do 2\u00ba semestre de\u00a0 2024, para os cursos de 15 semanas!<\/strong><\/p>\n\n\n\n<p>&gt;\u00a02 a 13 de setembro | Per\u00edodo de solicita\u00e7\u00e3o de Exame de Adiantamento de Conhecimento<\/p>\n\n\n\n<p>&gt;\u00a02 a 13 de setembro | Per\u00edodo de solicita\u00e7\u00e3o de Equival\u00eancia de Disciplinas (calouras\/os)<\/p>\n\n\n\n<p>&gt;\u00a009 e 10 de setembro | Per\u00edodo de solicita\u00e7\u00e3o de matr\u00edcula em Disciplina Eletiva<\/p>\n\n\n\n<p>&gt;\u00a014 de dezembro | Fim das aulas do 2\u00ba semestre de\u00a0 2024<\/p>\n\n\n\n<p>&gt;\u00a009 a 21 de dezembro | Semana de finais do 2\u00ba semestre de\u00a0 2024<\/p>\n\n\n\n<p>Voc\u00ea encontra o calend\u00e1rio completo da UFPR <a href=\"http:\/\/www.prograd.ufpr.br\/portal\/wp-content\/uploads\/2024\/07\/RESOLUCAO-No-11-24-CEPE-2.pdf\">aqui<\/a>.<\/p>\n\n\n\n<p>\u2026\u2026\u2026\u2026\u2026\u2026\u2026\u2026\u2026\u2026\u2026\u2026\u2026\u2026\u2026\u2026\u2026\u2026\u2026\u2026\u2026\u2026\u2026\u2026\u2026\u2026\u2026\u2026\u2026\u2026\u2026\u2026\u2026\u2026\u2026\u2026\u2026\u2026\u2026\u2026\u2026\u2026\u2026.<\/p>\n\n\n\n<p><strong>| Matr\u00edculas&nbsp;&nbsp;<\/strong><\/p>\n\n\n\n<p>O per\u00edodo de matr\u00edcula \u00e9 entre os dias\u00a0<strong>26 a 28 de agosto <\/strong>, via\u00a0<a href=\"https:\/\/www.prppg.ufpr.br\/siga\/login\">SIGA-UFPR\u00a0<\/a>.<\/p>\n\n\n\n<p>Calouras e Calouros de 2024, voc\u00eas devem solicitar matr\u00edcula para as disciplinas de segundo semestre, como Antropologia Cultural e Optativas, voc\u00eas continuam matriculados nas disciplinas anuais. <\/p>\n\n\n\n<p>E se voc\u00ea est\u00e1 utilizando o SIGA pela primeira vez, veja os tutoriais para matr\u00edcula e outros temas na&nbsp;<a href=\"https:\/\/ufpraberta.ufpr.br\/course\/view.php?id=9\">UFPR aberta<\/a>.<\/p>\n\n\n\n<p>\u2026\u2026\u2026\u2026\u2026\u2026\u2026\u2026\u2026\u2026\u2026\u2026\u2026\u2026\u2026\u2026\u2026\u2026\u2026\u2026\u2026\u2026\u2026\u2026\u2026\u2026\u2026\u2026\u2026\u2026\u2026\u2026\u2026\u2026\u2026\u2026\u2026\u2026\u2026\u2026\u2026\u2026\u2026.<\/p>\n\n\n\n<p><strong>| Ajuste de matr\u00edcula<\/strong><\/p>\n\n\n\n<p><strong><strong>29 e 30 de agosto<\/strong><\/strong>\u00a0\u2013\u00a0Processamento das solicita\u00e7\u00f5es de matr\u00edculas. ***\u00a0Conferir se sua solicita\u00e7\u00e3o foi efetivada.<br><strong><strong>2 a 13 de setembro<\/strong><\/strong>\u00a0\u2013 Per\u00edodo para a ajuste (corre\u00e7\u00e3o) de matr\u00edculas junto a\u00a0Coordena\u00e7\u00e3o de Curso de Design de Produto (presencial). A prioridade na ocupa\u00e7\u00e3o de vagas ser\u00e1 deliberada pela coordena\u00e7\u00e3o.<\/p>\n\n\n\n<p>\u2026\u2026\u2026\u2026\u2026\u2026\u2026\u2026\u2026\u2026\u2026\u2026\u2026\u2026\u2026\u2026\u2026\u2026\u2026\u2026\u2026\u2026\u2026\u2026\u2026\u2026\u2026\u2026\u2026\u2026\u2026\u2026\u2026\u2026\u2026\u2026\u2026\u2026\u2026\u2026\u2026\u2026\u2026.<\/p>\n\n\n\n<p><strong>| Disciplinas, planos de ensino, grade&nbsp;hor\u00e1ria<\/strong><\/p>\n\n\n\n<p>Veja nestes links abaixo:<\/p>\n\n\n\n<p>&gt;&gt; <strong>GRADE HOR\u00c1RIA<\/strong> de 2024&nbsp;&#8211; <a href=\"https:\/\/ufprbr0-my.sharepoint.com\/:x:\/g\/personal\/coord_design_produto_ufpr_br\/ESQ0di3EbINAgl5NhKfuzYQB_e5RSl-LPiy2vW8DBLkxDw?e=81hO5l\">acesso onedrive<\/a><\/p>\n\n\n\n<p>&gt;&gt; <strong>PLANOS DE ENSINO<\/strong> de 2024 &#8211; <a href=\"https:\/\/ufprbr0-my.sharepoint.com\/:f:\/g\/personal\/coord_design_produto_ufpr_br\/ErIKywvTflRBhDwt319hVgYBiMU1KC-Mtj2MszwE0nL0YQ?e=vnHLgp\">acesso onedrive<\/a> <\/p>\n\n\n\n<p>Optativas 1\u00ba semestre de 2024 &#8211; Design de Produto<\/p>\n\n\n\n<figure class=\"wp-block-table\"><table><tbody><tr><td><strong>C\u00f3digo<\/strong><\/td><td><strong>Disciplina<\/strong><\/td><td><strong>Tem\u00e1tica<\/strong><\/td><td><strong>Docente<\/strong><\/td><td><strong>Hor\u00e1rio<\/strong><\/td><\/tr><tr><td>OD601<\/td><td>Temas Emergentes em Design de Produto 1<\/td><td>Arte e Cultura Contempor\u00e2nea<\/td><td>Ronaldo<\/td><td>Sexta-feira 10:30\/12:30<\/td><\/tr><tr><td>OD602<\/td><td>Temas Emergentes em Design de Produto 2<\/td><td>Introdu\u00e7\u00e3o ao Design de Joias<\/td><td>Elisa<\/td><td>Sexta-feira 10:30\/12:30<\/td><\/tr><tr><td>OD100<\/td><td>Design de Cer\u00e2micos<\/td><td>Design de Cer\u00e2micos<\/td><td>Dulce<\/td><td>Ter\u00e7a-feira 14:00\/18:00<\/td><\/tr><tr><td>OD614<\/td><td>Temas Emergentes em Design de Produto 14<\/td><td>Food Design<\/td><td>Priscilla<\/td><td>Ter\u00e7a-Feira \u2013 <br>10:30\/12:30<\/td><\/tr><\/tbody><\/table><\/figure>\n\n\n\n<p>Optativas 2\u00ba semestre de 2024 &#8211; Design de Produto<\/p>\n\n\n\n<figure class=\"wp-block-table\"><table><tbody><tr><td><strong>C\u00f3digo<\/strong><\/td><td><strong>Disciplina<\/strong><\/td><td><strong>Tem\u00e1tica<\/strong><\/td><td><strong>Docente<\/strong><\/td><td><strong>Hor\u00e1rio<\/strong><\/td><\/tr><tr><td>OD611<\/td><td>Temas Emergentes em Design de Produto 11<\/td><td>Design e Rela\u00e7\u00f5es de G\u00eanero<\/td><td>Cl\u00e1udia<\/td><td>Segunda-Feira <br>7:30\/9:30<\/td><\/tr><tr><td>OD603<\/td><td>Temas Emergentes em Design de Produto 3<\/td><td>Pess\u00e2nka B\u00e1sica I<\/td><td>Viviane<\/td><td>Ter\u00e7a-feira 14:00\/17:00<\/td><\/tr><tr><td>OD607<\/td><td>Temas Emergentes em Design de Produto 7<\/td><td>Design e Colabora\u00e7\u00e3o<\/td><td>Adriano<\/td><td>Quarta-feira 10:30\/12:30<\/td><\/tr><tr><td>OD610<\/td><td>Temas Emergentes em Design de Produto 14<\/td><td>Experi\u00eancia do Usu\u00e1rio<\/td><td>Viviane<\/td><td>Quarta-Feira <br>14h\/16h<\/td><\/tr><tr><td>OD613<\/td><td>Temas Emergentes em Design de Produto 13<\/td><td>Design de Interiores<\/td><td>Gheysa<\/td><td>Quinta-feira 8:30\/10:30<\/td><\/tr><tr><td>OD112<\/td><td>Temas Especiais em Design de Produto II<\/td><td>Design e Criatividade<\/td><td>Adriano<\/td><td>Quinta-Feira <br>14h\/16h<\/td><\/tr><tr><td>OD614<\/td><td>Temas Emergentes em Design de Produto 14<\/td><td>Food Design<\/td><td>Priscilla<\/td><td>Quinta-feira 7:30\/9:30<\/td><\/tr><tr><td>OD605<\/td><td>Temas Emergentes em Design de Produto 5<\/td><td>Design de Superf\u00edcie<\/td><td>Ronaldo<\/td><td>Sexta-feira 10:30\/12:30<\/td><\/tr><tr><td>OD107<\/td><td>Temas Especiais em Design de Produto II<\/td><td>Introdu\u00e7\u00e3o ao Design Automotivo<\/td><td>Andr\u00e9 Demaison<\/td><td>Sexta-feira 10:30\/12:30<\/td><\/tr><tr><td>OD609<\/td><td>Temas Emergentes em Design de Produto 9<\/td><td>Design e Mudan\u00e7as Clim\u00e1ticas<\/td><td>Aguinaldo<\/td><td>Sexta-feira 14h\/16h<\/td><\/tr><\/tbody><\/table><\/figure>\n","protected":false},"excerpt":{"rendered":"<p>\u2026\u2026\u2026\u2026\u2026\u2026\u2026\u2026\u2026\u2026\u2026\u2026\u2026\u2026\u2026\u2026\u2026\u2026\u2026\u2026\u2026\u2026\u2026\u2026\u2026\u2026\u2026\u2026\u2026\u2026\u2026\u2026\u2026\u2026\u2026\u2026\u2026\u2026\u2026\u2026\u2026\u2026\u2026. &nbsp;DATAS IMPORTANTES &gt; 26 a 28 de agosto | Solicita\u00e7\u00e3o de MATR\u00cdCULA pelos\/as discentes, direto no SIGA; &gt;\u00a029 e 30 de agosto | Processamento de MATR\u00cdCULAS; &gt;\u00a02 a 13 de setembro | Per\u00edodo de solicita\u00e7\u00e3o de AJUSTE de matr\u00edcula na Coordena\u00e7\u00e3o do Curso de Design de Produto. &gt;\u00a02 de setembro | In\u00edcio das aulas [&hellip;]<\/p>\n","protected":false},"author":1766,"featured_media":0,"parent":0,"menu_order":0,"comment_status":"closed","ping_status":"closed","template":"","meta":{"_acf_changed":false,"ngg_post_thumbnail":0,"footnotes":""},"class_list":["post-1401","page","type-page","status-publish","hentry"],"acf":[],"_links":{"self":[{"href":"https:\/\/sacod.ufpr.br\/coordesign\/wp-json\/wp\/v2\/pages\/1401","targetHints":{"allow":["GET"]}}],"collection":[{"href":"https:\/\/sacod.ufpr.br\/coordesign\/wp-json\/wp\/v2\/pages"}],"about":[{"href":"https:\/\/sacod.ufpr.br\/coordesign\/wp-json\/wp\/v2\/types\/page"}],"author":[{"embeddable":true,"href":"https:\/\/sacod.ufpr.br\/coordesign\/wp-json\/wp\/v2\/users\/1766"}],"replies":[{"embeddable":true,"href":"https:\/\/sacod.ufpr.br\/coordesign\/wp-json\/wp\/v2\/comments?post=1401"}],"version-history":[{"count":8,"href":"https:\/\/sacod.ufpr.br\/coordesign\/wp-json\/wp\/v2\/pages\/1401\/revisions"}],"predecessor-version":[{"id":1463,"href":"https:\/\/sacod.ufpr.br\/coordesign\/wp-json\/wp\/v2\/pages\/1401\/revisions\/1463"}],"wp:attachment":[{"href":"https:\/\/sacod.ufpr.br\/coordesign\/wp-json\/wp\/v2\/media?parent=1401"}],"curies":[{"name":"wp","href":"https:\/\/api.w.org\/{rel}","templated":true}]}}