{"id":2662,"date":"2016-11-23T16:23:43","date_gmt":"2016-11-23T16:23:43","guid":{"rendered":"https:\/\/sacod.ufpr.br\/comunicacaomestrado\/?page_id=2662"},"modified":"2016-11-24T16:48:57","modified_gmt":"2016-11-24T16:48:57","slug":"dissertacoes_turma05","status":"publish","type":"page","link":"https:\/\/sacod.ufpr.br\/comunicacaomestrado\/dissertacoes_turma05\/","title":{"rendered":"Disserta\u00e7\u00f5es 3\u00aa turma 2012-2014"},"content":{"rendered":"<table width=\"100%\">\n<tbody>\n<tr>\n<td><strong>\u00a0<a href=\"http:\/\/lattes.cnpq.br\/7026341552659511\">Aline de Oliveira Gon\u00e7alves<\/a><\/strong><br \/>\n<a href=\"https:\/\/sacod.ufpr.br\/comunicacaomestrado\/wp-content\/uploads\/sites\/10\/2016\/11\/ALINE-DE-OLIVEIRA-GONCALVES.pdf\">Da Internet \u00e0s ruas: A Marcha do Parto em Casa.<\/a><br \/>\nOrientadora: Profa. Dra. Celsi Br\u00f6nstrup Silvestrin<\/td>\n<\/tr>\n<tr>\n<td>\u00a0<strong><a href=\"http:\/\/lattes.cnpq.br\/8963014089253109\">Ana Paula Heck<\/a><\/strong><br \/>\n<a href=\"https:\/\/sacod.ufpr.br\/comunicacaomestrado\/wp-content\/uploads\/sites\/10\/2016\/11\/ANA-PAULA-HECK.pdf\">Uma ideia e um escr\u00fapulo: a apropria\u00e7\u00e3o de Capitu como experi\u00eancia educomunicativa.<\/a><br \/>\nOrientadora : Prof\u00aa. Dr\u00aa. Rosa Maria Cardoso Dalla Costa<\/td>\n<\/tr>\n<\/tbody>\n<tbody>\n<tr>\n<td><strong>\u00a0<a href=\"http:\/\/lattes.cnpq.br\/6749691464036151\">Andr\u00e9 Richard Durante Vieira<\/a><\/strong><br \/>\n<a href=\"http:\/\/acervodigital.ufpr.br\/bitstream\/handle\/1884\/35121\/R%20-%20D%20-%20ANDRE%20RICHARD%20DURANTE%20VIEIRA.pdf?sequence=1&amp;isAllowed=y\">Os desenhos animados na \u00e1rea da comunica\u00e7\u00e3o: conte\u00fados e\u00a0abordagens interdisciplinares presentes nas teses e disserta\u00e7\u00f5es defendidas\u00a0entre 1987 e 2012.<\/a><br \/>\nOrientadora: Prof\u00aa. Dr\u00aa. Glaucia da Silva Brito<\/td>\n<\/tr>\n<tr>\n<td>\u00a0<strong><a href=\"http:\/\/lattes.cnpq.br\/8459388881535452\">Anne Carolina Festucci<\/a><\/strong><br \/>\n<a href=\"https:\/\/sacod.ufpr.br\/comunicacaomestrado\/wp-content\/uploads\/sites\/10\/2016\/11\/ANNE-CAROLINA-FESTUCCI.pdf\">Um olhar pragm\u00e1tico sobre o discurso publicit\u00e1rio institucional do programa Cultivando \u00c1gua Boa da usina de Itaipu.<\/a><br \/>\nOrientador: Prof. Dr. Jair Antonio de Oliveira<\/td>\n<\/tr>\n<tr>\n<td>\u00a0<strong><a href=\"http:\/\/lattes.cnpq.br\/0019921371918535\">Camila Olivia de Melo<\/a><\/strong><br \/>\n<a href=\"https:\/\/sacod.ufpr.br\/comunicacaomestrado\/wp-content\/uploads\/sites\/10\/2016\/11\/CAMILA-OLIVIA-DE-MELO.pdf\">Do palco ao asfalto, dos meios aos corpos : observando os tent\u00e1culos da performance-polvo como estrat\u00e9gias comunicativa-educativa.<\/a><br \/>\nOrientadora: Prof\u00aa. Dr\u00aa. Regiane Ribeiro<\/td>\n<\/tr>\n<tr>\n<td>\u00a0<strong><a href=\"http:\/\/lattes.cnpq.br\/5003990024044093\">Evanise Rodrigues Gomes<\/a><\/strong><br \/>\n<a href=\"https:\/\/sacod.ufpr.br\/comunicacaomestrado\/wp-content\/uploads\/sites\/10\/2016\/11\/EVANISE-RODRIGUES-GOMES.pdf\">A educomunica\u00e7\u00e3o e o fortalecimento de v\u00ednculos sociais e afetivos: a experi\u00eancia nos Centros de Refer\u00eancia de Assist\u00eancia Social de Curitiba.<\/a><br \/>\nOrientadora: Prof\u00aa. Dr\u00aa. Rosa Maria Cardoso Dalla Costa<\/td>\n<\/tr>\n<tr>\n<td>\u00a0<strong><a href=\"http:\/\/lattes.cnpq.br\/9688339380492347\">Gabriel Alexandre Bozza\u00a0<\/a><\/strong><br \/>\n<a href=\"https:\/\/sacod.ufpr.br\/comunicacaomestrado\/wp-content\/uploads\/sites\/10\/2016\/11\/GABRIEL-ALEXANDRE-BOZZA.pdf\">O uso de redes sociais como processo comunicativo pelo movimento emocional mexicano #YoSoy132 no confronto pol\u00edtico durante o per\u00edodo (p\u00f3s-) eleitoral.<\/a><br \/>\nOrientadora : Prof\u00aa. Dr\u00aa. Luciane Panke<\/td>\n<\/tr>\n<tr>\n<td><strong>\u00a0<a href=\"http:\/\/lattes.cnpq.br\/1364853912637657\">Gabrielle Staniszewski<\/a><\/strong><br \/>\n<a href=\"https:\/\/sacod.ufpr.br\/comunicacaomestrado\/wp-content\/uploads\/sites\/10\/2016\/11\/GABRIELLE-STANISZEWSKI.pdf\">Configura\u00e7\u00f5es do processo comunicativo da leitura sob um olhar pragm\u00e1tico-reflexivo : as pr\u00e1ticas leitoras de alunos do 3\u00ba ano do ensino m\u00e9dio.<\/a><br \/>\nOrientador: Prof\u00ba. Dr\u00ba. Jair Antonio de Oliveira<\/td>\n<\/tr>\n<tr>\n<td>\u00a0<strong><a href=\"http:\/\/lattes.cnpq.br\/3976398247572288\">Giovana Montes Celinski<\/a><\/strong><br \/>\n<a href=\"https:\/\/sacod.ufpr.br\/comunicacaomestrado\/wp-content\/uploads\/sites\/10\/2016\/11\/GIOVANA-MONTES-CELINSKI.pdf\">Revista Ci\u00eancia Hoje das crian\u00e7as: um estudo sobre potencialidades fragilidades educativas da comunica\u00e7\u00e3o da ci\u00eancia no \u00e2mbito escolar.<\/a>Orientadora : Prof. Dra. Myrian Del Vecchio de Lima<\/td>\n<\/tr>\n<tr>\n<td>\u00a0<strong><a href=\"http:\/\/lattes.cnpq.br\/0011817346524529\">Gustavo Luiz Ferreira Santos<\/a><\/strong><br \/>\n<a href=\"https:\/\/sacod.ufpr.br\/comunicacaomestrado\/wp-content\/uploads\/sites\/10\/2016\/11\/GUSTAVO-LUIZ-FERREIRA-SANTOS.pdf\">Significados da experi\u00eancia para apoiadores de projetos musicais de <em>crowdfunding<\/em> : relacionamentos, participa\u00e7\u00e3o e consumo cultural em tempos\u00a0de cibercultura e letramento digital.<\/a><br \/>\nOrientadora : Prof\u00aa. Dr\u00aa. Regiane Regina Ribeiro<\/td>\n<\/tr>\n<tr>\n<td>\u00a0<strong><a href=\"http:\/\/lattes.cnpq.br\/9299142795341472\">Igor Iuan<\/a><\/strong><br \/>\n<a href=\"https:\/\/sacod.ufpr.br\/comunicacaomestrado\/wp-content\/uploads\/sites\/10\/2016\/11\/IGOR-IUAN.pdf\">Veja e Carta Capital: as estrat\u00e9gias discursivas e ideol\u00f3gicas na revela\u00e7\u00e3o do c\u00e2ncer de Dilma Rousseff.<\/a><br \/>\nOrientador: Jo\u00e3o Somma Neto<\/td>\n<\/tr>\n<tr>\n<td>\u00a0<strong><a href=\"http:\/\/lattes.cnpq.br\/3254135028507177\">Jeferson Thauny<\/a><\/strong><br \/>\n<a href=\"https:\/\/sacod.ufpr.br\/comunicacaomestrado\/wp-content\/uploads\/sites\/10\/2016\/11\/JEFERSON-THAUNY.pdf\">Do moderno ao p\u00f3s-moderno: HGPE e Facebook para veicula\u00e7\u00e3o de conte\u00fado eleitoral nas majorit\u00e1rias de Curitiba, 2012.<\/a><br \/>\nOrientadora: Prof\u00aa. Dr\u00aa. Luciana Panke<\/td>\n<\/tr>\n<tr>\n<td>\u00a0<a href=\"http:\/\/lattes.cnpq.br\/0292825636545959\"><strong>Jos\u00e9 Geraldo da Silva Junio<\/strong>r<\/a><br \/>\n<a href=\"https:\/\/sacod.ufpr.br\/comunicacaomestrado\/wp-content\/uploads\/sites\/10\/2016\/11\/JOSE-GERALDO-DA-SILVA-JUNIOR.pdf\">Quadros do reconhecimento : a comunica\u00e7\u00e3o pol\u00edtica do movimento Hip-Hop de Curitiba.<\/a><br \/>\nOrientadora : Prof\u00aa. Dr\u00aa. Kelly Cristina de Souza Prudencio<\/td>\n<\/tr>\n<tr>\n<td>\u00a0<strong><a href=\"http:\/\/lattes.cnpq.br\/2804474746743606\">Luis Antonio Hangai<\/a><\/strong><br \/>\n<a href=\"https:\/\/sacod.ufpr.br\/comunicacaomestrado\/wp-content\/uploads\/sites\/10\/2016\/11\/LUIS-ANTONIO-HANGAI.pdf\">Cada um no seu quadro: Os limites da comunica\u00e7\u00e3o na conversa\u00e7\u00e3o do movimento Paran\u00e1 sem Corrup\u00e7\u00e3o.<\/a><br \/>\nOrientadora: Profa. Dra. Kelly Cristina de Souza Prudencio<\/td>\n<\/tr>\n<tr>\n<td>\u00a0<strong><a href=\"http:\/\/lattes.cnpq.br\/7232792368850095\">Miguel Sgarbi Pachioni<\/a><\/strong><br \/>\n<a href=\"https:\/\/sacod.ufpr.br\/comunicacaomestrado\/wp-content\/uploads\/sites\/10\/2016\/11\/MIGUEL-SGARBI-PACHIONI.pdf\">Comunicando identidades : o patrim\u00f4nio cultural sob a \u00f3tica dos educandos mediados pela educomunica\u00e7\u00e3o.<\/a><br \/>\nOrientadora: Prof\u00aa. Dr\u00aa. Regiane Regina Ribeiro<\/td>\n<\/tr>\n<tr>\n<td>\u00a0<strong><a href=\"http:\/\/lattes.cnpq.br\/5158032910039079\">Patricia Guilhem de Salles\u00a0Carvalho<\/a><\/strong><br \/>\n<a href=\"https:\/\/sacod.ufpr.br\/comunicacaomestrado\/wp-content\/uploads\/sites\/10\/2016\/11\/PATRICIA-GUILHEM-DE-SALLES-CARVALHO.pdf\">Comunica\u00e7\u00e3o e responsabilidade social: um estudo sobre o Festival de\u00a0Inverno da Universidade Federal do Paran\u00e1.<\/a><br \/>\nOrientadora: Prof.\u00aa Dr.\u00aa Celsi Br\u00f6nstrup Silvestrin<\/td>\n<\/tr>\n<tr>\n<td>\u00a0<strong><a href=\"http:\/\/lattes.cnpq.br\/3191280918528274\">Paula Maia Wunder Andreola<\/a><\/strong><br \/>\n<a href=\"https:\/\/sacod.ufpr.br\/comunicacaomestrado\/wp-content\/uploads\/sites\/10\/2016\/11\/PAULA-MAIA-WUNDER-ANDREOLA.pdf\">A transmiss\u00e3o de esc\u00e2ndalos pol\u00edticos pelo telejornalismo paranaense: um estudo de caso sobre a s\u00e9rie \u201cDi\u00e1rios Secretos\u201d.<\/a><br \/>\nOrientador: Prof. Dr. Jo\u00e3o Somma Neto<\/td>\n<\/tr>\n<tr>\n<td><strong>\u00a0<a href=\"http:\/\/lattes.cnpq.br\/1815402632460442\">Rui Beliz\u00e1rio Silva da Fontoura<\/a><\/strong><br \/>\n<a href=\"https:\/\/sacod.ufpr.br\/comunicacaomestrado\/wp-content\/uploads\/sites\/10\/2016\/11\/RUI-BELIZARIO-SILVA-DA-FONTOURA.pdf\">A campanha permanente interrompida: Refer\u00eancias \u00e0 comunica\u00e7\u00e3o governamental na comunica\u00e7\u00e3o eleitoral do candidato \u00e0 reelei\u00e7\u00e3o para prefeito de Curitiba em 2012.<\/a><br \/>\nOrientador: Prof. Dr. Emerson Urizzi Cervi<\/td>\n<\/tr>\n<tr>\n<td>\u00a0<strong><a href=\"http:\/\/lattes.cnpq.br\/9501169269467768\">Tha\u00eds Mocelin<\/a><\/strong><br \/>\n<a href=\"https:\/\/sacod.ufpr.br\/comunicacaomestrado\/wp-content\/uploads\/sites\/10\/2016\/11\/THAIS-MOCELIN.pdf\">Entre a rigidez da tradi\u00e7\u00e3o e a flexibilidade da compaix\u00e3o: As pr\u00e1ticas comunicativas na mobiliza\u00e7\u00e3o social da rede feminina de combate ao c\u00e2ncer no hospital Erasto Gaertner.<\/a><br \/>\nOrientadora: Prof\u00aa Dr\u00aa Celsi Br\u00f6nstrup Silvestrin<\/td>\n<\/tr>\n<tr>\n<td>\u00a0<strong><a href=\"http:\/\/lattes.cnpq.br\/4607937304856468\">Weslley Dalcol Leite<\/a><\/strong><br \/>\n<a href=\"https:\/\/sacod.ufpr.br\/comunicacaomestrado\/wp-content\/uploads\/sites\/10\/2016\/11\/WESLLEY-DALCOL-LEITE.pdf\">Comunica\u00e7\u00e3o e confronto pol\u00edtico: enquadramentos da mobiliza\u00e7\u00e3o dos pontos de cultura.<\/a><br \/>\nOrientadora: Prof.\u00aa Dr.\u00aa Kelly Prudencio<\/td>\n<\/tr>\n<\/tbody>\n<\/table>\n<h4><\/h4>\n<h4><a href=\"https:\/\/sacod.ufpr.br\/comunicacaomestrado\/dissertacoe\/dissertacoes_turma01\">1\u00aa TURMA 2010-2012<\/a><\/h4>\n<p>&nbsp;<\/p>\n<h4><a href=\"https:\/\/sacod.ufpr.br\/comunicacaomestrado\/dissertacoes_turma02\">2\u00aa TURMA 2011-2013<\/a><\/h4>\n<p>&nbsp;<\/p>\n<h4><a href=\"https:\/\/sacod.ufpr.br\/comunicacaomestrado\/dissertacoes_turma05\/\">3\u00aa TURMA 2012-2014<\/a><\/h4>\n<p>&nbsp;<\/p>\n<h4><a href=\"https:\/\/sacod.ufpr.br\/comunicacaomestrado\/dissertacoes_turma03\/\">4\u00aa TURMA 2013-2015<\/a><\/h4>\n<p>&nbsp;<\/p>\n<h4><a href=\"https:\/\/sacod.ufpr.br\/comunicacaomestrado\/dissertacoes_turma04\/\">5\u00aa TURMA 2014-2016<\/a><\/h4>\n","protected":false},"excerpt":{"rendered":"<p>\u00a0Aline de Oliveira Gon\u00e7alves Da Internet \u00e0s ruas: A Marcha do Parto em Casa. Orientadora: Profa. Dra. Celsi Br\u00f6nstrup Silvestrin \u00a0Ana Paula Heck Uma ideia e um escr\u00fapulo: a apropria\u00e7\u00e3o de Capitu como experi\u00eancia educomunicativa. Orientadora : Prof\u00aa. Dr\u00aa. Rosa Maria Cardoso Dalla Costa \u00a0Andr\u00e9 Richard Durante Vieira Os desenhos animados na \u00e1rea da comunica\u00e7\u00e3o: [&hellip;]<\/p>\n","protected":false},"author":9,"featured_media":0,"parent":0,"menu_order":0,"comment_status":"closed","ping_status":"closed","template":"","meta":{"_acf_changed":false,"ngg_post_thumbnail":0,"footnotes":""},"class_list":["post-2662","page","type-page","status-publish","hentry"],"acf":[],"_links":{"self":[{"href":"https:\/\/sacod.ufpr.br\/comunicacaomestrado\/wp-json\/wp\/v2\/pages\/2662","targetHints":{"allow":["GET"]}}],"collection":[{"href":"https:\/\/sacod.ufpr.br\/comunicacaomestrado\/wp-json\/wp\/v2\/pages"}],"about":[{"href":"https:\/\/sacod.ufpr.br\/comunicacaomestrado\/wp-json\/wp\/v2\/types\/page"}],"author":[{"embeddable":true,"href":"https:\/\/sacod.ufpr.br\/comunicacaomestrado\/wp-json\/wp\/v2\/users\/9"}],"replies":[{"embeddable":true,"href":"https:\/\/sacod.ufpr.br\/comunicacaomestrado\/wp-json\/wp\/v2\/comments?post=2662"}],"version-history":[{"count":21,"href":"https:\/\/sacod.ufpr.br\/comunicacaomestrado\/wp-json\/wp\/v2\/pages\/2662\/revisions"}],"predecessor-version":[{"id":2733,"href":"https:\/\/sacod.ufpr.br\/comunicacaomestrado\/wp-json\/wp\/v2\/pages\/2662\/revisions\/2733"}],"wp:attachment":[{"href":"https:\/\/sacod.ufpr.br\/comunicacaomestrado\/wp-json\/wp\/v2\/media?parent=2662"}],"curies":[{"name":"wp","href":"https:\/\/api.w.org\/{rel}","templated":true}]}}