{"id":1947,"date":"2015-08-14T15:22:02","date_gmt":"2015-08-14T15:22:02","guid":{"rendered":"https:\/\/sacod.ufpr.br\/comunicacaomestrado\/?page_id=1947"},"modified":"2020-07-31T16:31:09","modified_gmt":"2020-07-31T16:31:09","slug":"disciplinas-2","status":"publish","type":"page","link":"https:\/\/sacod.ufpr.br\/comunicacaomestrado\/disciplinas-2\/","title":{"rendered":"Disciplinas"},"content":{"rendered":"<h1><strong>Disciplinas obrigat\u00f3rias para o Mestrado<\/strong><\/h1>\n<p><a href=\"https:\/\/sacod.ufpr.br\/comunicacaomestrado\/wp-content\/uploads\/sites\/10\/2015\/08\/Teorias-da-Comunica\u00e7\u00e3o.pdf\">Teorias da Comunica\u00e7\u00e3o<\/a>,&nbsp; 4&nbsp;cr\u00e9ditos, 60 horas.<br \/>\n<a href=\"https:\/\/sacod.ufpr.br\/comunicacaomestrado\/wp-content\/uploads\/sites\/10\/2015\/08\/Metodologias-de-Pesquisa-em-Comunica\u00e7\u00e3o-.pdf\">Metodologias de Pesquisa em Comunica\u00e7\u00e3o<\/a>, 4 cr\u00e9ditos, 60 horas.<br \/>\nSemin\u00e1rio de disserta\u00e7\u00e3o, 4 cr\u00e9ditos, 60 horas.<\/p>\n<h1>Disciplinas obrigat\u00f3ria para o Doutorado<\/h1>\n<p><a href=\"https:\/\/sacod.ufpr.br\/comunicacaomestrado\/wp-content\/uploads\/sites\/10\/2015\/08\/Teorias-da-Comunica\u00e7\u00e3o.pdf\">Teorias da Comunica\u00e7\u00e3o<\/a>,&nbsp; 4&nbsp;cr\u00e9ditos, 60 horas.<br \/>\n<a href=\"https:\/\/sacod.ufpr.br\/comunicacaomestrado\/wp-content\/uploads\/sites\/10\/2015\/08\/Metodologias-de-Pesquisa-em-Comunica\u00e7\u00e3o-.pdf\">Metodologias de Pesquisa em Comunica\u00e7\u00e3o<\/a>, 4 cr\u00e9ditos, 60 horas.<\/p>\n<p>&nbsp;T\u00f3picos Avan\u00e7ados de Teoria e Pesquisa em Comunica\u00e7\u00e3o, 4 cr\u00e9ditos, 60 horas<\/p>\n<p>Semin\u00e1rio de Tese I,&nbsp;4 cr\u00e9ditos, 60 horas<\/p>\n<p>Semin\u00e1rio de Tese II,&nbsp;4 cr\u00e9ditos, 60 horas<\/p>\n<h1><strong>Disciplinas optativas<\/strong><\/h1>\n<p><a href=\"https:\/\/sacod.ufpr.br\/comunicacaomestrado\/wp-content\/uploads\/sites\/10\/2018\/06\/Comunica\u00e7\u00e3o-Esfera-P\u00fablica-e-Atores-Sociais-1.pdf\">Comunica\u00e7\u00e3o, Esfera P\u00fablica e Atores Sociais<\/a> , 4&nbsp; cr\u00e9ditos,&nbsp; 60 horas<br \/>\n<a href=\"https:\/\/sacod.ufpr.br\/comunicacaomestrado\/wp-content\/uploads\/sites\/10\/2018\/06\/Consumo-Cultural-e-Midi\u00e1tico.pdf\">Consumo Cultural e Midi\u00e1tico<\/a>, 4 cr\u00e9ditos, 60 horas<br \/>\n<a href=\"https:\/\/sacod.ufpr.br\/comunicacaomestrado\/wp-content\/uploads\/sites\/10\/2015\/08\/Cultura-Digital-e-Sociedade-Contempor\u00e2nea.pdf\">Cultura Digital e Sociedade Contempor\u00e2nea<\/a>,&nbsp; 4&nbsp; cr\u00e9ditos, 60 horas<br \/>\n<a href=\"https:\/\/sacod.ufpr.br\/comunicacaomestrado\/wp-content\/uploads\/sites\/10\/2015\/08\/Jornalismo-Mem\u00f3ria-e-Narrativas-Culturais.pdf\">Jornalismo, Mem\u00f3ria e Narrativas Culturais<\/a>,&nbsp; 4 cr\u00e9ditos,&nbsp; 60 horas<br \/>\n<a href=\"https:\/\/sacod.ufpr.br\/comunicacaomestrado\/wp-content\/uploads\/sites\/10\/2018\/06\/Est\u00e1gio-de-Doc\u00eancia-I.pdf\">Est\u00e1gio de Doc\u00eancia I<\/a>,&nbsp; 2&nbsp; cr\u00e9ditos, 30 horas (obrigat\u00f3ria para todos os doutorandos e para os bolsistas do Mestrado)<br \/>\n<a href=\"https:\/\/sacod.ufpr.br\/comunicacaomestrado\/wp-content\/uploads\/sites\/10\/2018\/06\/Est\u00e1gio-de-Doc\u00eancia-II.pdf\">Est\u00e1gio de Doc\u00eancia II<\/a>,&nbsp; 2&nbsp; cr\u00e9ditos, 30 horas (obrigat\u00f3ria para todos os doutorandos)<br \/>\n<a href=\"https:\/\/sacod.ufpr.br\/comunicacaomestrado\/wp-content\/uploads\/sites\/10\/2018\/06\/Internet-e-Pol\u00edtica.pdf\">Internet e Pol\u00edtica<\/a>,&nbsp; 4 cr\u00e9ditos,&nbsp; 60 horas<br \/>\n<a href=\"https:\/\/sacod.ufpr.br\/comunicacaomestrado\/wp-content\/uploads\/sites\/10\/2018\/06\/Jornalismo-Pol\u00edtico-e-Opini\u00e3o-P\u00fablica.pdf\">Jornalismo Pol\u00edtico e Opini\u00e3o P\u00fablica<\/a>, 4&nbsp; cr\u00e9ditos&nbsp; 60 horas.<br \/>\n<a href=\"https:\/\/sacod.ufpr.br\/comunicacaomestrado\/wp-content\/uploads\/sites\/10\/2018\/06\/M\u00eddia-e-Elei\u00e7\u00f5es.pdf\">M\u00eddia e Elei\u00e7\u00f5es<\/a>, 4 cr\u00e9ditos, 60<br \/>\n<a href=\"https:\/\/sacod.ufpr.br\/comunicacaomestrado\/wp-content\/uploads\/sites\/10\/2018\/06\/M\u00eddia-e-Representa\u00e7\u00f5es-Identit\u00e1rias.pdf\">M\u00eddia e Representa\u00e7\u00f5es Identit\u00e1rias<\/a>, 4 cr\u00e9ditos, 60 horas.<br \/>\n<a href=\"https:\/\/sacod.ufpr.br\/comunicacaomestrado\/wp-content\/uploads\/sites\/10\/2018\/06\/Semin\u00e1rio-Tem\u00e1tico-I.pdf\">Semin\u00e1rio Tem\u00e1tico I&nbsp;<\/a>&nbsp;2 cr\u00e9ditos, 30 horas.<br \/>\n<a href=\"https:\/\/sacod.ufpr.br\/comunicacaomestrado\/wp-content\/uploads\/sites\/10\/2018\/06\/Semin\u00e1rio-Tem\u00e1tico-II.pdf\">Semin\u00e1rio Tem\u00e1tico II&nbsp;<\/a>&nbsp;2&nbsp; cr\u00e9ditos, 30 horas.<br \/>\n<a href=\"https:\/\/sacod.ufpr.br\/comunicacaomestrado\/wp-content\/uploads\/sites\/10\/2018\/06\/Semin\u00e1rio-Tem\u00e1tico-III.pdf\">Semin\u00e1rio Tem\u00e1tico III<\/a>&nbsp;2&nbsp; cr\u00e9ditos, 30 horas.<br \/>\n<a href=\"https:\/\/sacod.ufpr.br\/comunicacaomestrado\/wp-content\/uploads\/sites\/10\/2018\/06\/Semin\u00e1rio-Tem\u00e1tico-IV.pdf\">Semin\u00e1rio Tem\u00e1tico IV<\/a> 2&nbsp;cr\u00e9ditos,&nbsp; 30 horas.<br \/>\n<a href=\"https:\/\/sacod.ufpr.br\/comunicacaomestrado\/wp-content\/uploads\/sites\/10\/2015\/08\/Teoria-Pol\u00edtica-e-Comunica\u00e7\u00e3o.pdf\">Teoria Pol\u00edtica e Comunica\u00e7\u00e3o<\/a> , 4&nbsp;cr\u00e9ditos,&nbsp; 60 horas.<br \/>\n<a href=\"https:\/\/sacod.ufpr.br\/comunicacaomestrado\/wp-content\/uploads\/sites\/10\/2018\/06\/T\u00f3picos-Especiais-em-Comunica\u00e7\u00e3o-e-Forma\u00e7\u00f5es-Socioculturais-I-Metodologias-Espec\u00edficas-1.pdf\">T\u00f3picos Especiais em Comunica\u00e7\u00e3o e Forma\u00e7\u00f5es Socioculturais I &#8211; Metodologias Espec\u00edficas<\/a>, 4 cr\u00e9ditos, 60 horas.<br \/>\n<a href=\"https:\/\/sacod.ufpr.br\/comunicacaomestrado\/wp-content\/uploads\/sites\/10\/2018\/06\/T\u00f3picos-Especiais-em-Comunica\u00e7\u00e3o-e-Forma\u00e7\u00f5es-Socioculturais-II-Processos-Midi\u00e1ticos-e-Pr\u00e1ticas-Culturais.pdf\">T\u00f3picos Especiais em Comunica\u00e7\u00e3o e Forma\u00e7\u00f5es Socioculturais II &#8211; Processos Midi\u00e1ticos e Pr\u00e1ticas Culturais<\/a>, 4 cr\u00e9ditos, 60 horas.<br \/>\n<a href=\"https:\/\/sacod.ufpr.br\/comunicacaomestrado\/wp-content\/uploads\/sites\/10\/2018\/06\/T\u00f3picos-Especiais-em-Comunica\u00e7\u00e3o-e-Pol\u00edtica-I-Metodologias-Espec\u00edficas.pdf\">T\u00f3picos Especiais em Comunica\u00e7\u00e3o e Pol\u00edtica I &#8211; Metodologias Espec\u00edficas<\/a>, 4&nbsp; horas, 60 horas<br \/>\n<a href=\"https:\/\/sacod.ufpr.br\/comunicacaomestrado\/wp-content\/uploads\/sites\/10\/2018\/06\/T\u00f3picos-Especiais-em-Comunica\u00e7\u00e3o-e-Pol\u00edtica-II-Comunica\u00e7\u00e3o-e-Democracia.pdf\">T\u00f3picos Especiais em Comunica\u00e7\u00e3o e Pol\u00edtica II &#8211; Comunica\u00e7\u00e3o e Democracia<\/a>, 4 horas, 60 horas<\/p>\n<p>&nbsp;<\/p>\n<h1><strong>Ementas<\/strong><\/h1>\n<p><b>METODOLOGIA DE PESQUISA EM COMUNICA\u00c7\u00c3O<\/b><span style=\"font-weight: 400\"> &#8211; obrigat\u00f3ria (M\/D), 60 horas, 4 cr\u00e9ditos &#8211; <\/span><b>Ementa<\/b><span style=\"font-weight: 400\"> &#8211; A Comunica\u00e7\u00e3o como campo do conhecimento cient\u00edfico. Paradigmas te\u00f3rico-metodol\u00f3gicos da pesquisa em Comunica\u00e7\u00e3o. M\u00e9todos e T\u00e9cnicas de Pesquisa Cient\u00edfica. A pesquisa como processo em constru\u00e7\u00e3o. Defini\u00e7\u00e3o do objeto de pesquisa; formula\u00e7\u00e3o de hip\u00f3teses e an\u00e1lise dos resultados. Etapas de elabora\u00e7\u00e3o do Projeto de Pesquisa.<\/span><\/p>\n<p><b>TEORIAS DA COMUNICA\u00c7\u00c3O<\/b><span style=\"font-weight: 400\"> &#8211; obrigat\u00f3ria (M\/D), 60 horas, 4 cr\u00e9ditos &#8211; <\/span><b>Ementa<\/b><span style=\"font-weight: 400\"> &#8211; Bibliografia Trajet\u00f3ria te\u00f3rica da comunica\u00e7\u00e3o como objeto de estudo e como campo do conhecimento. Media effects, abordagem compreensiva do processo de comunica\u00e7\u00e3o, estudos cr\u00edticos sobre a m\u00eddia. Estudos culturais: escola de Birmingham, perspectiva latino-americana e outras abordagens contempor\u00e2neas.<\/span><\/p>\n<p><strong>T\u00d3PICOS AVAN\u00c7ADOS DE TEORIA E PESQUISA EM COMUNICA\u00c7\u00c3O<\/strong> &#8211; obrigat\u00f3ria (D),&nbsp;<span style=\"font-weight: 400\">60 horas, 4 cr\u00e9ditos &#8211; <\/span><b>Ementa &#8211;&nbsp;<\/b>Aprofundamento das discuss\u00f5es mais recentes sobre comunica\u00e7\u00e3o nas suas diversas interfaces. Debates contempor\u00e2neos sobre diferentes perspectivas te\u00f3rico-metodol\u00f3gicas: pesquisas comparativas, estudos de sistemas midi\u00e1ticos, utiliza\u00e7\u00e3o de pesquisas com big data, discuss\u00f5es epistemol\u00f3gicas sobre o campo da comunica\u00e7\u00e3o, midiatiza\u00e7\u00e3o e sociedade.<\/p>\n<p><strong>SEMIN\u00c1RIO DE DISSERTA\u00c7\u00c3O<\/strong>&nbsp;&#8211; obrigat\u00f3ria (M),&nbsp;<span style=\"font-weight: 400\">60 horas, 4 cr\u00e9ditos &#8211; <\/span><b>Ementa &#8211;&nbsp;<\/b>Acompanhamento do andamento das pesquisas que fundamentam as disserta\u00e7\u00f5es de Mestrado.<\/p>\n<p><strong>SEMIN\u00c1RIO DE TESE I&nbsp;&#8211;<\/strong> obrigat\u00f3ria (D),&nbsp;<span style=\"font-weight: 400\">60 horas, 4 cr\u00e9ditos &#8211; <\/span><b>Ementa &#8211;&nbsp;<\/b>Busca suplementar os conte\u00fados oferecidos na disciplina Metodologia de pesquisa e T\u00f3picos Avan\u00e7ados, com o objetivo de contribuir no processo de matura\u00e7\u00e3o e implementa\u00e7\u00e3o dos projetos de tese. As op\u00e7\u00f5es bibliogr\u00e1ficas dever\u00e3o se ajustar \u00e0s demandas espec\u00edficas colocadas pelos mestrandos em diferentes etapas de suas trajet\u00f3rias de pesquisa.<\/p>\n<p><strong>SEMIN\u00c1RIO DE TESE II<\/strong>&nbsp;&#8211; obrigat\u00f3ria (D),&nbsp;<span style=\"font-weight: 400\">60 horas, 4 cr\u00e9ditos &#8211; <\/span><b>Ementa &#8211;&nbsp;<\/b>Acompanhamento do andamento das pesquisas que fundamentam as teses de doutorado.<\/p>\n<p><b>COMUNICA\u00c7\u00c3O, ESFERA P\u00daBLICA E ATORES SOCIAIS<\/b><span style=\"font-weight: 400\"> &#8211; eletiva, 60 horas, 4 cr\u00e9ditos \u2013 <\/span><b>Ementa &#8211; <\/b><span style=\"font-weight: 400\">A rela\u00e7\u00e3o entre comunica\u00e7\u00e3o e esfera p\u00fablica. Participa\u00e7\u00e3o popular e mobiliza\u00e7\u00e3o social como processos de comunica\u00e7\u00e3o pol\u00edtica. Lutas por reconhecimento. Condi\u00e7\u00f5es para argumenta\u00e7\u00e3o p\u00fablica e constru\u00e7\u00e3o do debate pol\u00edtico.<\/span><\/p>\n<p><b>CONSUMO CULTURAL E MIDI\u00c1TICO<\/b><span style=\"font-weight: 400\"> &#8211; eletiva, 60 horas, 4 cr\u00e9ditos &#8211; <\/span><b>Ementa<\/b><span style=\"font-weight: 400\"> &#8211; O consumo e suas implica\u00e7\u00f5es econ\u00f4micas, sociais e culturais. O consumo e a pesquisa acad\u00eamica: pr\u00e9-conceitos, teorias e tend\u00eancias. Consumo como campo de pesquisa em comunica\u00e7\u00e3o e as interdisciplinaridades poss\u00edveis. Consumo, imagem, est\u00e9tica e cultura midi\u00e1tica. Consumo e imagin\u00e1rio: mito, m\u00eddia, culto e arte. Consumo, grupos, identidades e etnografias.<\/span><\/p>\n<p><b>CULTURA DIGITAL E SOCIABILIDADE CONTEMPOR\u00c2NEA<\/b><span style=\"font-weight: 400\"> &#8211; eletiva, 60 horas, 4 cr\u00e9ditos &#8211; <\/span><b>Ementa<\/b><span style=\"font-weight: 400\"> &#8211; Conceitos de cultura digital. Sociabilidade mediada por intera\u00e7\u00f5es digitais em rede. Pr\u00e1ticas de comunica\u00e7\u00e3o em processo de reconfigura\u00e7\u00e3o de produ\u00e7\u00e3o, circula\u00e7\u00e3o e consumo. Aspectos espec\u00edficos da sociabilidade contempor\u00e2nea em espa\u00e7os de fluxos: lugar e n\u00e3o-lugar; espa\u00e7o e tempo; corpo; cultura urbana digital; ativismo em rede.<\/span><\/p>\n<p><b>EST\u00c1GIO DE DOC\u00caNCIA I<\/b><span style=\"font-weight: 400\"> &#8211; obrigat\u00f3ria para todos os doutorandos e para os bolsistas do Mestrado, 30 horas, 2 cr\u00e9ditos &#8211; <\/span><b>Ementa<\/b><span style=\"font-weight: 400\"> &#8211; Atividade curricular definida como a participa\u00e7\u00e3o do aluno em atividades de Ensino na educa\u00e7\u00e3o superior da UFPR. Compreende acompanhamento, prepara\u00e7\u00e3o, planejamento e execu\u00e7\u00e3o das aulas \u2013 sempre com a supervis\u00e3o do professor.<\/span><\/p>\n<p><b>EST\u00c1GIO DE DOC\u00caNCIA II<\/b><span style=\"font-weight: 400\"> &#8211; obrigat\u00f3ria para todos os doutorandos, eletiva para os mestrandos, 30 horas, 2 cr\u00e9ditos &#8211; <\/span><b>Ementa<\/b><span style=\"font-weight: 400\"> &#8211; Atividade curricular definida como a participa\u00e7\u00e3o de aluno em atividades de Ensino na educa\u00e7\u00e3o superior da UFPR. Compreende acompanhamento, prepara\u00e7\u00e3o, planejamento e execu\u00e7\u00e3o das aulas, com a supervis\u00e3o do professor, bem como aux\u00edlio na avalia\u00e7\u00e3o discente e exerc\u00edcio de orienta\u00e7\u00e3o de trabalho de conclus\u00e3o de curso na gradua\u00e7\u00e3o. <\/span><\/p>\n<p><b>INTERNET E POL\u00cdTICA <\/b><span style=\"font-weight: 400\">&#8211; eletiva, 60 horas, 4 cr\u00e9ditos &#8211; <\/span><b>Ementa<\/b><span style=\"font-weight: 400\"> &#8211; O impacto das redes digitais, m\u00eddias sociais e tecnologias m\u00f3veis nas formas de comunica\u00e7\u00e3o pol\u00edtica contempor\u00e2neas e nas diferentes atividades pol\u00edticas. O uso de tais tecnologias por institui\u00e7\u00f5es e atores ligados ao sistema pol\u00edtico-formal. A apropria\u00e7\u00e3o das tecnologias digitais pela sociedade civil, incluindo diferentes meios de organiza\u00e7\u00e3o, mobiliza\u00e7\u00e3o, manifesta\u00e7\u00e3o, protestos por agentes da esfera civil.<\/span><\/p>\n<p><b>JORNALISMO POL\u00cdTICO E OPINI\u00c3O P\u00daBLICA<\/b><span style=\"font-weight: 400\"> &#8211; eletiva, 60 horas, 4 cr\u00e9ditos &#8211; <\/span><b>Ementa<\/b><span style=\"font-weight: 400\"> &#8211; Interfaces entre Teorias do Jornalismo e Teorias da Democracia. Jornalismo Pol\u00edtico e o conceito de Campo Social. Organiza\u00e7\u00f5es jornal\u00edsticas, institui\u00e7\u00f5es pol\u00edticas e opini\u00e3o p\u00fablica. O Jornalismo como ator pol\u00edtico. A rela\u00e7\u00e3o entre a cobertura pol\u00edtica e as se\u00e7\u00f5es noticiosa e opinativa dos jornais. Jornalismo e elei\u00e7\u00f5es. Estudos sobre Jornalismo Pol\u00edtico e efeitos de m\u00eddia.<\/span><\/p>\n<p><b>JORNALISMO, MEM\u00d3RIA E NARRATIVAS CULTURAIS<\/b><span style=\"font-weight: 400\"> &#8211; eletiva, 60 horas, 4 cr\u00e9ditos &#8211; <\/span><b>Ementa<\/b><span style=\"font-weight: 400\"> &#8211; Narrativa jornal\u00edstica como constru\u00e7\u00e3o da mem\u00f3ria. Narrativas horizontais e verticais em profundidade: hist\u00f3ria, movimentos, conceitos, g\u00eaneros. Narrativas midi\u00e1ticas contempor\u00e2neas e jornalismo. Est\u00e9tica e sistemas narrativos no jornalismo digital. Leitura e experi\u00eancia est\u00e9tica.<\/span><\/p>\n<p><b>M\u00cdDIA E ELEI\u00c7\u00d5ES<\/b><span style=\"font-weight: 400\"> &#8211; eletiva, 60 horas, 4 cr\u00e9ditos &#8211; <\/span><b>Ementa<\/b><span style=\"font-weight: 400\"> &#8211; Conceitos de campanhas eleitorais modernas. Democracia representativa. Campanhas permanentes. Imagem p\u00fablica. Meios de comunica\u00e7\u00e3o e informa\u00e7\u00e3o em per\u00edodos eleitorais. Sistemas pol\u00edticos e sistemas midi\u00e1ticos.<\/span><\/p>\n<p><b>M\u00cdDIA E REPRESENTA\u00c7\u00d5ES IDENTIT\u00c1RIAS<\/b><span style=\"font-weight: 400\"> &#8211; eletiva, 60 horas, 4 cr\u00e9ditos &#8211; <\/span><b>Ementa<\/b><span style=\"font-weight: 400\"> &#8211; Narrativas midi\u00e1ticas, identidades e representa\u00e7\u00f5es sociais. Identidades e diversidade sociocultural na m\u00eddia: conte\u00fados, circula\u00e7\u00e3o e modos de apropria\u00e7\u00e3o. Representa\u00e7\u00f5es sociais, m\u00eddia e pr\u00e1ticas socioculturais<\/span><\/p>\n<p><b>SEMIN\u00c1RIO TEM\u00c1TICO I<\/b><span style=\"font-weight: 400\"> &#8211; eletiva, 30 horas, 2 cr\u00e9ditos \u2013 <\/span><b>Ementa &#8211; <\/b><span style=\"font-weight: 400\">Os semin\u00e1rios tem\u00e1ticos abordam quest\u00f5es espec\u00edficas com o objetivo de atualizar, complementar e aprofundar discuss\u00f5es te\u00f3ricas e metodol\u00f3gicas em comunica\u00e7\u00e3o. Os semin\u00e1rios podem ser oferecidos e ministrados por professores convidados de outros programas de p\u00f3s-gradua\u00e7\u00e3o.<\/span><\/p>\n<p><b>SEMIN\u00c1RIO TEM\u00c1TICO II<\/b><span style=\"font-weight: 400\"> &#8211; eletiva, 30 horas, 2 cr\u00e9ditos \u2013 <\/span><b>Ementa &#8211; <\/b><span style=\"font-weight: 400\">Os semin\u00e1rios tem\u00e1ticos abordam quest\u00f5es espec\u00edficas com o objetivo de atualizar, complementar e aprofundar discuss\u00f5es te\u00f3ricas e metodol\u00f3gicas em comunica\u00e7\u00e3o. Os semin\u00e1rios podem ser oferecidos e ministrados por professores convidados de outros programas de p\u00f3s-gradua\u00e7\u00e3o.<\/span><\/p>\n<p><b>SEMIN\u00c1RIO TEM\u00c1TICO III<\/b><span style=\"font-weight: 400\"> &#8211; eletiva, 30 horas, 2 cr\u00e9ditos \u2013 <\/span><b>Ementa &#8211; <\/b><span style=\"font-weight: 400\">Os semin\u00e1rios tem\u00e1ticos abordam quest\u00f5es espec\u00edficas com o objetivo de atualizar, complementar e aprofundar discuss\u00f5es te\u00f3ricas e metodol\u00f3gicas em comunica\u00e7\u00e3o. Os semin\u00e1rios podem ser oferecidos e ministrados por professores convidados de outros programas de p\u00f3s-gradua\u00e7\u00e3o.<\/span><\/p>\n<p><b>SEMIN\u00c1RIO TEM\u00c1TICO IV<\/b><span style=\"font-weight: 400\"> &#8211; eletiva, 30 horas, 2 cr\u00e9ditos &#8211; <\/span><b>Ementa<\/b><span style=\"font-weight: 400\"> &#8211; Os semin\u00e1rios tem\u00e1ticos abordam quest\u00f5es espec\u00edficas com o objetivo de atualizar, complementar e aprofundar discuss\u00f5es te\u00f3ricas e metodol\u00f3gicas em comunica\u00e7\u00e3o. Os semin\u00e1rios podem ser oferecidos e ministrados por professores convidados de outros programas de p\u00f3s-gradua\u00e7\u00e3o.<\/span><\/p>\n<p><b>TEORIA POL\u00cdTICA E COMUNICA\u00c7\u00c3O<\/b><span style=\"font-weight: 400\"> &#8211; eletiva, 60 horas, 4 cr\u00e9ditos &#8211; <\/span><b>Ementa<\/b><span style=\"font-weight: 400\"> &#8211; Princ\u00edpios da teoria pol\u00edtica moderna. Teoria cr\u00edtica da comunica\u00e7\u00e3o. Comportamento pol\u00edtico. Cultura pol\u00edtica. Comunica\u00e7\u00e3o e processos de representa\u00e7\u00e3o. Esfera p\u00fablica moderna. Conceitos de poder, sociedade, Estado, institui\u00e7\u00f5es e sistemas comunicacionais.<\/span><\/p>\n<p><b>T\u00d3PICOS ESPECIAIS EM COMUNICA\u00c7\u00c3O E FORMA\u00c7\u00d5ES SOCIOCULTURAIS I: METODOLOGIAS ESPEC\u00cdFICAS<\/b><span style=\"font-weight: 400\"> &#8211; eletiva, 60 horas, 4 cr\u00e9ditos &#8211; <\/span><b>Ementa<\/b><span style=\"font-weight: 400\"> &#8211; A disciplina visa atender \u00e0s necessidades das pesquisas dos p\u00f3s-graduandos, bem como as especificidades dos grupos de pesquisa do PPGCOM. Pode abordar m\u00e9todos e t\u00e9cnicas espec\u00edficas, como an\u00e1lise de conte\u00fado e de discurso, grupos focais, etnografia, netnografia, observa\u00e7\u00e3o sistem\u00e1tica, an\u00e1lise de imagem, estudos de recep\u00e7\u00e3o, entre outros, possibilitando o di\u00e1logo com o desenvolvimento de novas perspectivas te\u00f3rico metodol\u00f3gicas no campo da Comunica\u00e7\u00e3o.<\/span><\/p>\n<p><b>T\u00d3PICOS ESPECIAIS EM COMUNICA\u00c7\u00c3O E FORMA\u00c7\u00d5ES SOCIOCULTURAIS II: PROCESSOS MIDI\u00c1TICOS E PR\u00c1TICAS CULTURAIS<\/b><span style=\"font-weight: 400\"> &#8211; eletiva, 60 horas, 4 cr\u00e9ditos &#8211; <\/span><b>Ementa<\/b><span style=\"font-weight: 400\"> &#8211; Processos e pr\u00e1ticas de produ\u00e7\u00e3o, circula\u00e7\u00e3o e recep\u00e7\u00e3o dos produtos midi\u00e1ticos. An\u00e1lise cr\u00edtica de m\u00eddia: conte\u00fados, narrativas linguagem, suportes e converg\u00eancia. M\u00eddia, produ\u00e7\u00e3o de sentidos, intera\u00e7\u00f5es e modos de sociabilidade contempor\u00e2neos.<\/span><\/p>\n<p><b>T\u00d3PICOS ESPECIAIS EM COMUNICA\u00c7\u00c3O E POL\u00cdTICA I: METODOLOGIAS ESPEC\u00cdFICAS<\/b><span style=\"font-weight: 400\"> &#8211; eletiva, 60 horas, 4 cr\u00e9ditos &#8211; <\/span><b>Ementa<\/b><span style=\"font-weight: 400\"> &#8211; A disciplina visa atender \u00e0s necessidades das pesquisas dos p\u00f3s-graduandos da linha de pesquisa Comunica\u00e7\u00e3o e Pol\u00edtica, podendo abordar an\u00e1lises estat\u00edsticas, estudos de enquadramento noticioso e interpretativo, an\u00e1lises de conte\u00fado e de discurso, t\u00e9cnicas de entrevistas e grupos focais, bem como explorar softwares de tratamento de dados.<\/span><\/p>\n<p><b>T\u00d3PICOS ESPECIAIS EM COMUNICA\u00c7\u00c3O E POL\u00cdTICA II: COMUNICA\u00c7\u00c3O E DEMOCRACIA<\/b><span style=\"font-weight: 400\"> &#8211; eletiva, 60 horas, 4 cr\u00e9ditos &#8211; <\/span><b>Ementa<\/b><span style=\"font-weight: 400\"> &#8211; Estudos espec\u00edficos das diferentes teorias democr\u00e1ticas em interface com os processos comunicacionais, abordando os modelos de democracia representativa, deliberativa, participativa e digital, com \u00eanfase nesta \u00faltima. Influ\u00eancia das tecnologias de comunica\u00e7\u00e3o e informa\u00e7\u00e3o, m\u00eddias sociais e m\u00eddias m\u00f3veis sobre a teoria democr\u00e1tica. Avalia\u00e7\u00e3o de iniciativas institucionais (top-down) e societais (bottom-up) de democracia digital. Diferentes formatos de participa\u00e7\u00e3o, engajamento, delibera\u00e7\u00e3o e consultas digitais.<\/span><\/p>\n","protected":false},"excerpt":{"rendered":"<p>Disciplinas obrigat\u00f3rias para o Mestrado Teorias da Comunica\u00e7\u00e3o,&nbsp; 4&nbsp;cr\u00e9ditos, 60 horas. Metodologias de Pesquisa em Comunica\u00e7\u00e3o, 4 cr\u00e9ditos, 60 horas. Semin\u00e1rio de disserta\u00e7\u00e3o, 4 cr\u00e9ditos, 60 horas. Disciplinas obrigat\u00f3ria para o Doutorado Teorias da Comunica\u00e7\u00e3o,&nbsp; 4&nbsp;cr\u00e9ditos, 60 horas. Metodologias de Pesquisa em Comunica\u00e7\u00e3o, 4 cr\u00e9ditos, 60 horas. &nbsp;T\u00f3picos Avan\u00e7ados de Teoria e Pesquisa em Comunica\u00e7\u00e3o, [&hellip;]<\/p>\n","protected":false},"author":9,"featured_media":0,"parent":0,"menu_order":0,"comment_status":"open","ping_status":"open","template":"","meta":{"_acf_changed":false,"ngg_post_thumbnail":0,"footnotes":""},"class_list":["post-1947","page","type-page","status-publish","hentry"],"acf":[],"_links":{"self":[{"href":"https:\/\/sacod.ufpr.br\/comunicacaomestrado\/wp-json\/wp\/v2\/pages\/1947","targetHints":{"allow":["GET"]}}],"collection":[{"href":"https:\/\/sacod.ufpr.br\/comunicacaomestrado\/wp-json\/wp\/v2\/pages"}],"about":[{"href":"https:\/\/sacod.ufpr.br\/comunicacaomestrado\/wp-json\/wp\/v2\/types\/page"}],"author":[{"embeddable":true,"href":"https:\/\/sacod.ufpr.br\/comunicacaomestrado\/wp-json\/wp\/v2\/users\/9"}],"replies":[{"embeddable":true,"href":"https:\/\/sacod.ufpr.br\/comunicacaomestrado\/wp-json\/wp\/v2\/comments?post=1947"}],"version-history":[{"count":32,"href":"https:\/\/sacod.ufpr.br\/comunicacaomestrado\/wp-json\/wp\/v2\/pages\/1947\/revisions"}],"predecessor-version":[{"id":3659,"href":"https:\/\/sacod.ufpr.br\/comunicacaomestrado\/wp-json\/wp\/v2\/pages\/1947\/revisions\/3659"}],"wp:attachment":[{"href":"https:\/\/sacod.ufpr.br\/comunicacaomestrado\/wp-json\/wp\/v2\/media?parent=1947"}],"curies":[{"name":"wp","href":"https:\/\/api.w.org\/{rel}","templated":true}]}}