{"id":1929,"date":"2015-08-14T15:15:24","date_gmt":"2015-08-14T15:15:24","guid":{"rendered":"https:\/\/sacod.ufpr.br\/comunicacaomestrado\/?page_id=1929"},"modified":"2019-07-16T15:08:05","modified_gmt":"2019-07-16T15:08:05","slug":"colegiado","status":"publish","type":"page","link":"https:\/\/sacod.ufpr.br\/comunicacaomestrado\/colegiado\/","title":{"rendered":"Colegiado"},"content":{"rendered":"<p>O colegiado do PPGCOM, presidido pelo coordenador, \u00e9 formado por representantes dos alunos e por todos os professores&nbsp;permanentes e colaboradores.<\/p>\n<p>Linha 1 &nbsp;&#8211; &nbsp;Comunica\u00e7\u00e3o e Forma\u00e7\u00f5es Socioculturais<\/p>\n<p>Professores Permanentes<strong>&nbsp;<\/strong><\/p>\n<p><a href=\"http:\/\/lattes.cnpq.br\/8293988696774235\">Dra. &nbsp;Claudia Irene Quadros&nbsp;&nbsp;<\/a><br \/>\nclauquadros@gmail.com<\/p>\n<p><a href=\"http:\/\/lattes.cnpq.br\/1353697328915770\">Dr. &nbsp; Fabio Hansen&nbsp;<\/a><br \/>\nfabiohansen@yahoo.com<\/p>\n<p><a href=\"http:\/\/lattes.cnpq.br\/5245380818198943\">Dr. Jo\u00e3o Ladeira&nbsp;<\/a><br \/>\njoaomartinsladeira@gmail.com<\/p>\n<p><a href=\"http:\/\/lattes.cnpq.br\/2778413245735367\">Dr. &nbsp; Hertez Wendel de Camargo<br \/>\n<\/a>hertzwendel@yahoo.com.br<\/p>\n<p><a href=\"http:\/\/buscatextual.cnpq.br\/buscatextual\/visualizacv.do?id=K4796124P1\">&nbsp;Dra. &nbsp;Myrian Regina Del Vecchio de Lima&nbsp;<\/a><br \/>\nmyriandel@gmail.com<\/p>\n<p><a href=\"http:\/\/buscatextual.cnpq.br\/buscatextual\/visualizacv.do?id=K4751080P4\">Dra. &nbsp;Regiane Regina Ribeiro&nbsp;<\/a><br \/>\nregianeribeiro@gmail.com<\/p>\n<p><a href=\"http:\/\/lattes.cnpq.br\/2664701896506145\">Dr. Rodrigo Botelho-Francisco&nbsp;<\/a><br \/>\nrodrigobotelho@ufpr.br<\/p>\n<p><a href=\"http:\/\/lattes.cnpq.br\/0028569012805646\">Dra. Valquiria Michela John&nbsp;<br \/>\n<\/a>vmichela@gmail.com<\/p>\n<p>Professor Colaborador<\/p>\n<p><a href=\"http:\/\/lattes.cnpq.br\/8555844320658036\">Dr. Jos\u00e9 Carlos Fernandes&nbsp;<\/a><br \/>\nzeca@ufpr.br&nbsp;<\/p>\n<p>Linha 2 &#8211; Comunica\u00e7\u00e3o, Pol\u00edtica e &nbsp;Atores Coletivos<\/p>\n<p>Professores Permanentes&nbsp;<\/p>\n<p><a href=\"http:\/\/lattes.cnpq.br\/1172479976966505\">&nbsp;Dra. Carla Candida Rizzotto<\/a><br \/>\ncarla_rizzotto@yahoo.com.br&nbsp; &nbsp; &nbsp;<\/p>\n<p><a href=\"http:\/\/buscatextual.cnpq.br\/buscatextual\/visualizacv.do?id=C461219\">Dr. &nbsp; Emerson Urizzi Cervi<\/a><br \/>\n&nbsp;ecervi7@gmail.com<\/p>\n<p><a href=\"http:\/\/lattes.cnpq.br\/5523350812734008\">&nbsp;Dr. &nbsp;Francisco Paulo Jamil Almeida Marques&nbsp;<\/a><br \/>\nmarquesjamil@gmail.com<\/p>\n<p><a href=\"http:\/\/buscatextual.cnpq.br\/buscatextual\/visualizacv.do?id=K4739456H3\">&nbsp;Dra. &nbsp;Kelly Cristina de Souza Prudencio&nbsp;<\/a><br \/>\nkelly.prudencio5@gmail.com<\/p>\n<p><a href=\"http:\/\/lattes.cnpq.br\/3447103897680398\">Dra. &nbsp;Luciana Panke&nbsp;<\/a><br \/>\nlupanke@gmail.com<\/p>\n<p><a href=\"http:\/\/lattes.cnpq.br\/2274642614968177\">Dra Michele Goulart Massuchin&nbsp;<\/a><br \/>\nmimassuchin@gmail.com<\/p>\n<p><a href=\"http:\/\/lattes.cnpq.br\/6603480808884218\">Dr. &nbsp;Rafael Cardoso Sampaio&nbsp;<\/a><br \/>\ncardososampaio@gmail.com<\/p>\n<p>Professor Colaborador<br \/>\n<a href=\"http:\/\/lattes.cnpq.br\/8293600258731349\">Dr. &nbsp; Aryovaldo de Castro Azevedo Junior<br \/>\n<span style=\"color: #333333\">castroazevedo@ufpr.br&nbsp;<\/span><br \/>\n<\/a><\/p>\n<p>Bolsista PNPD<br \/>\n<a href=\"http:\/\/lattes.cnpq.br\/7325821038513196\">Maur\u00edcio Liesen <\/a><br \/>\nmauricioliesen@ufpr.br<\/p>\n<p>Representantes do Corpo Discente<\/p>\n<p><a href=\"http:\/\/lattes.cnpq.br\/5210439782686261\">&nbsp;Mariana Munaretto&nbsp;<\/a><br \/>\nmari.munaretto@gmail.com<\/p>\n<p><a href=\"http:\/\/lattes.cnpq.br\/1376775327271040\">Louize Nascimento&nbsp;<\/a><br \/>\nlunanasci1987@gmail.com<\/p>\n","protected":false},"excerpt":{"rendered":"<p>O colegiado do PPGCOM, presidido pelo coordenador, \u00e9 formado por representantes dos alunos e por todos os professores&nbsp;permanentes e colaboradores. Linha 1 &nbsp;&#8211; &nbsp;Comunica\u00e7\u00e3o e Forma\u00e7\u00f5es Socioculturais Professores Permanentes&nbsp; Dra. &nbsp;Claudia Irene Quadros&nbsp;&nbsp; clauquadros@gmail.com Dr. &nbsp; Fabio Hansen&nbsp; fabiohansen@yahoo.com Dr. Jo\u00e3o Ladeira&nbsp; joaomartinsladeira@gmail.com Dr. &nbsp; Hertez Wendel de Camargo hertzwendel@yahoo.com.br &nbsp;Dra. &nbsp;Myrian Regina Del Vecchio [&hellip;]<\/p>\n","protected":false},"author":9,"featured_media":0,"parent":0,"menu_order":0,"comment_status":"open","ping_status":"open","template":"","meta":{"_acf_changed":false,"ngg_post_thumbnail":0,"footnotes":""},"class_list":["post-1929","page","type-page","status-publish","hentry"],"acf":[],"_links":{"self":[{"href":"https:\/\/sacod.ufpr.br\/comunicacaomestrado\/wp-json\/wp\/v2\/pages\/1929","targetHints":{"allow":["GET"]}}],"collection":[{"href":"https:\/\/sacod.ufpr.br\/comunicacaomestrado\/wp-json\/wp\/v2\/pages"}],"about":[{"href":"https:\/\/sacod.ufpr.br\/comunicacaomestrado\/wp-json\/wp\/v2\/types\/page"}],"author":[{"embeddable":true,"href":"https:\/\/sacod.ufpr.br\/comunicacaomestrado\/wp-json\/wp\/v2\/users\/9"}],"replies":[{"embeddable":true,"href":"https:\/\/sacod.ufpr.br\/comunicacaomestrado\/wp-json\/wp\/v2\/comments?post=1929"}],"version-history":[{"count":52,"href":"https:\/\/sacod.ufpr.br\/comunicacaomestrado\/wp-json\/wp\/v2\/pages\/1929\/revisions"}],"predecessor-version":[{"id":3499,"href":"https:\/\/sacod.ufpr.br\/comunicacaomestrado\/wp-json\/wp\/v2\/pages\/1929\/revisions\/3499"}],"wp:attachment":[{"href":"https:\/\/sacod.ufpr.br\/comunicacaomestrado\/wp-json\/wp\/v2\/media?parent=1929"}],"curies":[{"name":"wp","href":"https:\/\/api.w.org\/{rel}","templated":true}]}}