{"id":82,"date":"2012-04-24T14:52:40","date_gmt":"2012-04-24T14:52:40","guid":{"rendered":"https:\/\/sacod.ufpr.br\/comunicacao\/?page_id=82"},"modified":"2017-05-22T11:40:35","modified_gmt":"2017-05-22T14:40:35","slug":"grupos-de-pesquisa","status":"publish","type":"page","link":"https:\/\/sacod.ufpr.br\/comunicacao\/curso-de-comunicacao-social-2\/grupos-de-pesquisa\/","title":{"rendered":"Grupos de Pesquisa"},"content":{"rendered":"<p><a href=\"https:\/\/sacod.ufpr.br\/comunicacao\/grupos-de-pesquisa\/ecoep\/\"><strong>ECOEP<\/strong> <strong>&#8211; Estudos sobre Comunica\u00e7\u00e3o Organizacional: estrat\u00e9gias e processos<\/strong><\/a><\/p>\n<p><strong><a title=\"Comunica\u00e7\u00e3o Eleitoral\" href=\"https:\/\/sacod.ufpr.br\/comunicacao\/grupos-de-pesquisa\/comunicacao-eleitoral\/\">Comunica\u00e7\u00e3o Eleitoral\u00a0<\/a><\/strong><\/p>\n<p><strong><a href=\"https:\/\/sacod.ufpr.br\/comunicacao\/grupos-de-pesquisa\/gepete\/\">GEPETE: Grupo de Estudos professor, escola e tecnologias educacionais\u00a0<\/a><\/strong><\/p>\n<p><strong><a href=\"https:\/\/sacod.ufpr.br\/comunicacao\/grupos-de-pesquisa\/gceorg\/\">GCEORG \u2013 Comunica\u00e7\u00e3o, Educa\u00e7\u00e3o e Organiza\u00e7\u00f5es<\/a><\/strong><\/p>\n<p><strong><a href=\"https:\/\/sacod.ufpr.br\/comunicacao\/grupos-de-pesquisa\/grupo-de-estudos-da-imagem\">GRUPO DE ESTUDOS DA IMAGEM<\/a><\/strong><\/p>\n<p><strong><a href=\"https:\/\/sacod.ufpr.br\/comunicacao\/grupos-de-pesquisa\/meduc\/\">MEDUC &#8211; M\u00eddia, Linguagem e Educa\u00e7\u00e3o<\/a><\/strong><\/p>\n<p><strong><a href=\"https:\/\/sacod.ufpr.br\/comunicacao\/grupos-de-pesquisa\/necomgraf\/\">N\u00facleo de Estudos de Comunica\u00e7\u00e3o Gr\u00e1fica \u2013 NECOMGRAF<\/a>\u00a0<\/strong><\/p>\n<p>&nbsp;<\/p>\n","protected":false},"excerpt":{"rendered":"<p>ECOEP &#8211; Estudos sobre Comunica\u00e7\u00e3o Organizacional: estrat\u00e9gias e processos Comunica\u00e7\u00e3o Eleitoral\u00a0 GEPETE: Grupo de Estudos professor, escola e tecnologias educacionais\u00a0 GCEORG \u2013 Comunica\u00e7\u00e3o, Educa\u00e7\u00e3o e Organiza\u00e7\u00f5es GRUPO DE ESTUDOS DA IMAGEM MEDUC &#8211; M\u00eddia, Linguagem e Educa\u00e7\u00e3o N\u00facleo de Estudos de Comunica\u00e7\u00e3o Gr\u00e1fica \u2013 NECOMGRAF\u00a0 &nbsp;<\/p>\n","protected":false},"author":7,"featured_media":0,"parent":1656,"menu_order":0,"comment_status":"open","ping_status":"open","template":"","meta":{"_acf_changed":false,"ngg_post_thumbnail":0,"footnotes":""},"class_list":["post-82","page","type-page","status-publish","hentry"],"acf":[],"_links":{"self":[{"href":"https:\/\/sacod.ufpr.br\/comunicacao\/wp-json\/wp\/v2\/pages\/82","targetHints":{"allow":["GET"]}}],"collection":[{"href":"https:\/\/sacod.ufpr.br\/comunicacao\/wp-json\/wp\/v2\/pages"}],"about":[{"href":"https:\/\/sacod.ufpr.br\/comunicacao\/wp-json\/wp\/v2\/types\/page"}],"author":[{"embeddable":true,"href":"https:\/\/sacod.ufpr.br\/comunicacao\/wp-json\/wp\/v2\/users\/7"}],"replies":[{"embeddable":true,"href":"https:\/\/sacod.ufpr.br\/comunicacao\/wp-json\/wp\/v2\/comments?post=82"}],"version-history":[{"count":5,"href":"https:\/\/sacod.ufpr.br\/comunicacao\/wp-json\/wp\/v2\/pages\/82\/revisions"}],"predecessor-version":[{"id":2617,"href":"https:\/\/sacod.ufpr.br\/comunicacao\/wp-json\/wp\/v2\/pages\/82\/revisions\/2617"}],"up":[{"embeddable":true,"href":"https:\/\/sacod.ufpr.br\/comunicacao\/wp-json\/wp\/v2\/pages\/1656"}],"wp:attachment":[{"href":"https:\/\/sacod.ufpr.br\/comunicacao\/wp-json\/wp\/v2\/media?parent=82"}],"curies":[{"name":"wp","href":"https:\/\/api.w.org\/{rel}","templated":true}]}}