{"id":2489,"date":"2017-05-16T08:41:36","date_gmt":"2017-05-16T11:41:36","guid":{"rendered":"https:\/\/sacod.ufpr.br\/comunicacao\/?page_id=2489"},"modified":"2017-05-22T10:43:28","modified_gmt":"2017-05-22T13:43:28","slug":"optativas-2","status":"publish","type":"page","link":"https:\/\/sacod.ufpr.br\/comunicacao\/168-a-curso-de-relacoes-publicas\/optativas-2\/","title":{"rendered":"Disciplinas Optativas"},"content":{"rendered":"<p><strong>\u00a0<\/strong><span style=\"color: #333399\"><strong>O aluno ter\u00e1 que cursar o m\u00ednimo de 420 horas entre as disciplinas:<\/strong><\/span><\/p>\n<table style=\"height: 1677px\" width=\"639\">\n<tbody>\n<tr>\n<td width=\"66\"><span style=\"color: #333399\"><strong>C\u00f3digo<\/strong><\/span><\/td>\n<td width=\"198\"><span style=\"color: #333399\"><strong>Conte\u00fados<\/strong><\/span><\/td>\n<td width=\"50\"><span style=\"color: #333399\"><strong>CHT<\/strong><\/span><\/td>\n<td width=\"46\"><span style=\"color: #333399\"><strong>CH EaD<\/strong><\/span><\/td>\n<td width=\"47\"><span style=\"color: #333399\"><strong>CHS<\/strong><\/span><\/td>\n<td width=\"38\"><span style=\"color: #333399\"><strong>PD<\/strong><\/span><\/td>\n<td width=\"38\"><span style=\"color: #333399\"><strong>LB<\/strong><\/span><\/td>\n<td width=\"38\"><span style=\"color: #333399\"><strong>CP<\/strong><\/span><\/td>\n<td width=\"38\"><span style=\"color: #333399\"><strong>ES<\/strong><\/span><\/td>\n<td width=\"47\"><span style=\"color: #333399\"><strong>OR<\/strong><\/span><\/td>\n<td width=\"38\"><span style=\"color: #333399\"><strong>PE<\/strong><\/span><\/td>\n<td width=\"95\"><span style=\"color: #333399\"><strong>PR\u00c9-REQ<\/strong><\/span><\/td>\n<\/tr>\n<tr>\n<td width=\"66\"><span style=\"color: #333399\">LIB037<\/span><\/td>\n<td width=\"198\"><span style=\"color: #333399\">Comunica\u00e7\u00e3o em L\u00edngua Brasileira de Sinais &#8211; Libras<\/span><\/td>\n<td width=\"50\"><span style=\"color: #333399\">30<\/span><\/td>\n<td width=\"46\"><span style=\"color: #333399\">00<\/span><\/td>\n<td width=\"47\"><span style=\"color: #333399\">02<\/span><\/td>\n<td width=\"38\"><span style=\"color: #333399\">30<\/span><\/td>\n<td width=\"38\"><span style=\"color: #333399\">00<\/span><\/td>\n<td width=\"38\"><span style=\"color: #333399\">00<\/span><\/td>\n<td width=\"38\"><span style=\"color: #333399\">00<\/span><\/td>\n<td width=\"47\"><span style=\"color: #333399\">00<\/span><\/td>\n<td width=\"38\"><span style=\"color: #333399\">00<\/span><\/td>\n<td width=\"95\"><span style=\"color: #333399\">&#8212;<\/span><\/td>\n<\/tr>\n<tr>\n<td width=\"66\"><span style=\"color: #333399\">OC030<\/span><\/td>\n<td width=\"198\"><span style=\"color: #333399\">Comunica\u00e7\u00e3o e Mercado<\/span><\/td>\n<td width=\"50\"><span style=\"color: #333399\">60<\/span><\/td>\n<td width=\"46\"><span style=\"color: #333399\">00<\/span><\/td>\n<td width=\"47\"><span style=\"color: #333399\">04<\/span><\/td>\n<td width=\"38\"><span style=\"color: #333399\">60<\/span><\/td>\n<td width=\"38\"><span style=\"color: #333399\">00<\/span><\/td>\n<td width=\"38\"><span style=\"color: #333399\">00<\/span><\/td>\n<td width=\"38\"><span style=\"color: #333399\">00<\/span><\/td>\n<td width=\"47\"><span style=\"color: #333399\">00<\/span><\/td>\n<td width=\"38\"><span style=\"color: #333399\">00<\/span><\/td>\n<td width=\"95\"><span style=\"color: #333399\">&#8212;<\/span><\/td>\n<\/tr>\n<tr>\n<td width=\"66\"><span style=\"color: #333399\">OC055<\/span><\/td>\n<td width=\"198\"><span style=\"color: #333399\">T\u00f3picos Especiais em Comunica\u00e7\u00e3o e Linguagem<\/span><\/td>\n<td width=\"50\"><span style=\"color: #333399\">60<\/span><\/td>\n<td width=\"46\"><span style=\"color: #333399\">00<\/span><\/td>\n<td width=\"47\"><span style=\"color: #333399\">04<\/span><\/td>\n<td width=\"38\"><span style=\"color: #333399\">60<\/span><\/td>\n<td width=\"38\"><span style=\"color: #333399\">00<\/span><\/td>\n<td width=\"38\"><span style=\"color: #333399\">00<\/span><\/td>\n<td width=\"38\"><span style=\"color: #333399\">00<\/span><\/td>\n<td width=\"47\"><span style=\"color: #333399\">00<\/span><\/td>\n<td width=\"38\"><span style=\"color: #333399\">00<\/span><\/td>\n<td width=\"95\"><span style=\"color: #333399\">&#8212;<\/span><\/td>\n<\/tr>\n<tr>\n<td width=\"66\"><span style=\"color: #333399\">OC093<\/span><\/td>\n<td width=\"198\"><span style=\"color: #333399\">Comunica\u00e7\u00e3o Popular e Alternativa<\/span><\/td>\n<td width=\"50\"><span style=\"color: #333399\">60<\/span><\/td>\n<td width=\"46\"><span style=\"color: #333399\">00<\/span><\/td>\n<td width=\"47\"><span style=\"color: #333399\">04<\/span><\/td>\n<td width=\"38\"><span style=\"color: #333399\">60<\/span><\/td>\n<td width=\"38\"><span style=\"color: #333399\">00<\/span><\/td>\n<td width=\"38\"><span style=\"color: #333399\">00<\/span><\/td>\n<td width=\"38\"><span style=\"color: #333399\">00<\/span><\/td>\n<td width=\"47\"><span style=\"color: #333399\">00<\/span><\/td>\n<td width=\"38\"><span style=\"color: #333399\">00<\/span><\/td>\n<td width=\"95\"><span style=\"color: #333399\">&#8212;<\/span><\/td>\n<\/tr>\n<tr>\n<td width=\"66\"><span style=\"color: #333399\">OC094<\/span><\/td>\n<td width=\"198\"><span style=\"color: #333399\">Comunica\u00e7\u00e3o e Arte<\/span><\/td>\n<td width=\"50\"><span style=\"color: #333399\">30<\/span><\/td>\n<td width=\"46\"><span style=\"color: #333399\">00<\/span><\/td>\n<td width=\"47\"><span style=\"color: #333399\">02<\/span><\/td>\n<td width=\"38\"><span style=\"color: #333399\">30<\/span><\/td>\n<td width=\"38\"><span style=\"color: #333399\">00<\/span><\/td>\n<td width=\"38\"><span style=\"color: #333399\">00<\/span><\/td>\n<td width=\"38\"><span style=\"color: #333399\">00<\/span><\/td>\n<td width=\"47\"><span style=\"color: #333399\">00<\/span><\/td>\n<td width=\"38\"><span style=\"color: #333399\">00<\/span><\/td>\n<td width=\"95\"><span style=\"color: #333399\">&#8212;<\/span><\/td>\n<\/tr>\n<tr>\n<td width=\"66\"><span style=\"color: #333399\">OC097<\/span><\/td>\n<td width=\"198\"><span style=\"color: #333399\">Hist\u00f3ria do Cinema<\/span><\/td>\n<td width=\"50\"><span style=\"color: #333399\">60<\/span><\/td>\n<td width=\"46\"><span style=\"color: #333399\">00<\/span><\/td>\n<td width=\"47\"><span style=\"color: #333399\">04<\/span><\/td>\n<td width=\"38\"><span style=\"color: #333399\">60<\/span><\/td>\n<td width=\"38\"><span style=\"color: #333399\">00<\/span><\/td>\n<td width=\"38\"><span style=\"color: #333399\">00<\/span><\/td>\n<td width=\"38\"><span style=\"color: #333399\">00<\/span><\/td>\n<td width=\"47\"><span style=\"color: #333399\">00<\/span><\/td>\n<td width=\"38\"><span style=\"color: #333399\">00<\/span><\/td>\n<td width=\"95\"><span style=\"color: #333399\">&#8212;<\/span><\/td>\n<\/tr>\n<tr>\n<td width=\"66\"><span style=\"color: #333399\">OC098<\/span><\/td>\n<td width=\"198\"><span style=\"color: #333399\">Cinema I<\/span><\/td>\n<td width=\"50\"><span style=\"color: #333399\">60<\/span><\/td>\n<td width=\"46\"><span style=\"color: #333399\">00<\/span><\/td>\n<td width=\"47\"><span style=\"color: #333399\">04<\/span><\/td>\n<td width=\"38\"><span style=\"color: #333399\">60<\/span><\/td>\n<td width=\"38\"><span style=\"color: #333399\">00<\/span><\/td>\n<td width=\"38\"><span style=\"color: #333399\">00<\/span><\/td>\n<td width=\"38\"><span style=\"color: #333399\">00<\/span><\/td>\n<td width=\"47\"><span style=\"color: #333399\">00<\/span><\/td>\n<td width=\"38\"><span style=\"color: #333399\">00<\/span><\/td>\n<td width=\"95\"><span style=\"color: #333399\">&#8212;<\/span><\/td>\n<\/tr>\n<tr>\n<td width=\"66\"><span style=\"color: #333399\">OC099<\/span><\/td>\n<td width=\"198\"><span style=\"color: #333399\">Cinema II<\/span><\/td>\n<td width=\"50\"><span style=\"color: #333399\">60<\/span><\/td>\n<td width=\"46\"><span style=\"color: #333399\">00<\/span><\/td>\n<td width=\"47\"><span style=\"color: #333399\">04<\/span><\/td>\n<td width=\"38\"><span style=\"color: #333399\">60<\/span><\/td>\n<td width=\"38\"><span style=\"color: #333399\">00<\/span><\/td>\n<td width=\"38\"><span style=\"color: #333399\">00<\/span><\/td>\n<td width=\"38\"><span style=\"color: #333399\">00<\/span><\/td>\n<td width=\"47\"><span style=\"color: #333399\">00<\/span><\/td>\n<td width=\"38\"><span style=\"color: #333399\">00<\/span><\/td>\n<td width=\"95\"><span style=\"color: #333399\">&#8212;<\/span><\/td>\n<\/tr>\n<tr>\n<td width=\"66\"><span style=\"color: #333399\">OC128<\/span><\/td>\n<td width=\"198\"><span style=\"color: #333399\">Produ\u00e7\u00e3o Audiovisual<\/span><\/td>\n<td width=\"50\"><span style=\"color: #333399\">60<\/span><\/td>\n<td width=\"46\"><span style=\"color: #333399\">00<\/span><\/td>\n<td width=\"47\"><span style=\"color: #333399\">04<\/span><\/td>\n<td width=\"38\"><span style=\"color: #333399\">30<\/span><\/td>\n<td width=\"38\"><span style=\"color: #333399\">30<\/span><\/td>\n<td width=\"38\"><span style=\"color: #333399\">00<\/span><\/td>\n<td width=\"38\"><span style=\"color: #333399\">00<\/span><\/td>\n<td width=\"47\"><span style=\"color: #333399\">00<\/span><\/td>\n<td width=\"38\"><span style=\"color: #333399\">00<\/span><\/td>\n<td width=\"95\"><span style=\"color: #333399\">&#8212;<\/span><\/td>\n<\/tr>\n<tr>\n<td width=\"66\"><span style=\"color: #333399\">OC247<\/span><\/td>\n<td width=\"198\"><span style=\"color: #333399\">Comunica\u00e7\u00e3o e Marketing<\/span><\/td>\n<td width=\"50\"><span style=\"color: #333399\">60<\/span><\/td>\n<td width=\"46\"><span style=\"color: #333399\">00<\/span><\/td>\n<td width=\"47\"><span style=\"color: #333399\">04<\/span><\/td>\n<td width=\"38\"><span style=\"color: #333399\">60<\/span><\/td>\n<td width=\"38\"><span style=\"color: #333399\">00<\/span><\/td>\n<td width=\"38\"><span style=\"color: #333399\">00<\/span><\/td>\n<td width=\"38\"><span style=\"color: #333399\">00<\/span><\/td>\n<td width=\"47\"><span style=\"color: #333399\">00<\/span><\/td>\n<td width=\"38\"><span style=\"color: #333399\">00<\/span><\/td>\n<td width=\"95\"><span style=\"color: #333399\">&#8212;<\/span><\/td>\n<\/tr>\n<tr>\n<td width=\"66\"><span style=\"color: #333399\">OC276<\/span><\/td>\n<td width=\"198\"><span style=\"color: #333399\">Publicidade e Sociedade<\/span><\/td>\n<td width=\"50\"><span style=\"color: #333399\">30<\/span><\/td>\n<td width=\"46\"><span style=\"color: #333399\">00<\/span><\/td>\n<td width=\"47\"><span style=\"color: #333399\">02<\/span><\/td>\n<td width=\"38\"><span style=\"color: #333399\">30<\/span><\/td>\n<td width=\"38\"><span style=\"color: #333399\">00<\/span><\/td>\n<td width=\"38\"><span style=\"color: #333399\">00<\/span><\/td>\n<td width=\"38\"><span style=\"color: #333399\">00<\/span><\/td>\n<td width=\"47\"><span style=\"color: #333399\">00<\/span><\/td>\n<td width=\"38\"><span style=\"color: #333399\">00<\/span><\/td>\n<td width=\"95\"><span style=\"color: #333399\">&#8212;<\/span><\/td>\n<\/tr>\n<tr>\n<td width=\"66\"><span style=\"color: #333399\">OC277<\/span><\/td>\n<td width=\"198\"><span style=\"color: #333399\">Criatividade em Planejamento<\/span><\/td>\n<td width=\"50\"><span style=\"color: #333399\">30<\/span><\/td>\n<td width=\"46\"><span style=\"color: #333399\">00<\/span><\/td>\n<td width=\"47\"><span style=\"color: #333399\">02<\/span><\/td>\n<td width=\"38\"><span style=\"color: #333399\">30<\/span><\/td>\n<td width=\"38\"><span style=\"color: #333399\">00<\/span><\/td>\n<td width=\"38\"><span style=\"color: #333399\">00<\/span><\/td>\n<td width=\"38\"><span style=\"color: #333399\">00<\/span><\/td>\n<td width=\"47\"><span style=\"color: #333399\">00<\/span><\/td>\n<td width=\"38\"><span style=\"color: #333399\">00<\/span><\/td>\n<td width=\"95\"><span style=\"color: #333399\">&#8212;<\/span><\/td>\n<\/tr>\n<tr>\n<td width=\"66\"><span style=\"color: #333399\">OC279<\/span><\/td>\n<td width=\"198\"><span style=\"color: #333399\">Administra\u00e7\u00e3o em Publicidade e Propaganda<\/span><\/td>\n<td width=\"50\"><span style=\"color: #333399\">30<\/span><\/td>\n<td width=\"46\"><span style=\"color: #333399\">00<\/span><\/td>\n<td width=\"47\"><span style=\"color: #333399\">02<\/span><\/td>\n<td width=\"38\"><span style=\"color: #333399\">30<\/span><\/td>\n<td width=\"38\"><span style=\"color: #333399\">00<\/span><\/td>\n<td width=\"38\"><span style=\"color: #333399\">00<\/span><\/td>\n<td width=\"38\"><span style=\"color: #333399\">00<\/span><\/td>\n<td width=\"47\"><span style=\"color: #333399\">00<\/span><\/td>\n<td width=\"38\"><span style=\"color: #333399\">00<\/span><\/td>\n<td width=\"95\"><span style=\"color: #333399\">&#8212;<\/span><\/td>\n<\/tr>\n<tr>\n<td width=\"66\"><span style=\"color: #333399\">OC293<\/span><\/td>\n<td width=\"198\"><span style=\"color: #333399\">T\u00f3picos Especiais em Marketing I<\/span><\/td>\n<td width=\"50\"><span style=\"color: #333399\">30<\/span><\/td>\n<td width=\"46\"><span style=\"color: #333399\"> 00<\/span><\/td>\n<td width=\"47\"><span style=\"color: #333399\">02<\/span><\/td>\n<td width=\"38\"><span style=\"color: #333399\">30<\/span><\/td>\n<td width=\"38\"><span style=\"color: #333399\">00<\/span><\/td>\n<td width=\"38\"><span style=\"color: #333399\">00<\/span><\/td>\n<td width=\"38\"><span style=\"color: #333399\">00<\/span><\/td>\n<td width=\"47\"><span style=\"color: #333399\">00<\/span><\/td>\n<td width=\"38\"><span style=\"color: #333399\">00<\/span><\/td>\n<td width=\"95\"><span style=\"color: #333399\">&#8212;<\/span><\/td>\n<\/tr>\n<tr>\n<td width=\"66\"><span style=\"color: #333399\">OC294<\/span><\/td>\n<td width=\"198\"><span style=\"color: #333399\">T\u00f3picos Especiais em Marketing II<\/span><\/td>\n<td width=\"50\"><span style=\"color: #333399\">30<\/span><\/td>\n<td width=\"46\"><span style=\"color: #333399\">00<\/span><\/td>\n<td width=\"47\"><span style=\"color: #333399\">02<\/span><\/td>\n<td width=\"38\"><span style=\"color: #333399\">30<\/span><\/td>\n<td width=\"38\"><span style=\"color: #333399\">00<\/span><\/td>\n<td width=\"38\"><span style=\"color: #333399\">00<\/span><\/td>\n<td width=\"38\"><span style=\"color: #333399\">00<\/span><\/td>\n<td width=\"47\"><span style=\"color: #333399\">00<\/span><\/td>\n<td width=\"38\"><span style=\"color: #333399\">00<\/span><\/td>\n<td width=\"95\"><span style=\"color: #333399\">&#8212;<\/span><\/td>\n<\/tr>\n<tr>\n<td width=\"66\"><span style=\"color: #333399\">OC295<\/span><\/td>\n<td width=\"198\"><span style=\"color: #333399\">T\u00f3picos Especiais em Marketing III<\/span><\/td>\n<td width=\"50\"><span style=\"color: #333399\">30<\/span><\/td>\n<td width=\"46\"><span style=\"color: #333399\">00<\/span><\/td>\n<td width=\"47\"><span style=\"color: #333399\">02<\/span><\/td>\n<td width=\"38\"><span style=\"color: #333399\">30<\/span><\/td>\n<td width=\"38\"><span style=\"color: #333399\">00<\/span><\/td>\n<td width=\"38\"><span style=\"color: #333399\">00<\/span><\/td>\n<td width=\"38\"><span style=\"color: #333399\">00<\/span><\/td>\n<td width=\"47\"><span style=\"color: #333399\">00<\/span><\/td>\n<td width=\"38\"><span style=\"color: #333399\">00<\/span><\/td>\n<td width=\"95\"><span style=\"color: #333399\">&#8212;<\/span><\/td>\n<\/tr>\n<tr>\n<td width=\"66\"><span style=\"color: #333399\">OC031<\/span><\/td>\n<td width=\"198\"><span style=\"color: #333399\">T\u00f3picos Especiais em Teoria da Comunica\u00e7\u00e3o I<\/span><\/td>\n<td width=\"50\"><span style=\"color: #333399\">60<\/span><\/td>\n<td width=\"46\"><span style=\"color: #333399\">00<\/span><\/td>\n<td width=\"47\"><span style=\"color: #333399\">04<\/span><\/td>\n<td width=\"38\"><span style=\"color: #333399\">60<\/span><\/td>\n<td width=\"38\"><span style=\"color: #333399\">00<\/span><\/td>\n<td width=\"38\"><span style=\"color: #333399\">00<\/span><\/td>\n<td width=\"38\"><span style=\"color: #333399\">00<\/span><\/td>\n<td width=\"47\"><span style=\"color: #333399\">00<\/span><\/td>\n<td width=\"38\"><span style=\"color: #333399\">00<\/span><\/td>\n<td width=\"95\"><span style=\"color: #333399\">&#8212;<\/span><\/td>\n<\/tr>\n<tr>\n<td width=\"66\"><span style=\"color: #333399\">OC032<\/span><\/td>\n<td width=\"198\"><span style=\"color: #333399\">T\u00f3picos Especiais em Teoria da Comunica\u00e7\u00e3o II<\/span><\/td>\n<td width=\"50\"><span style=\"color: #333399\">60<\/span><\/td>\n<td width=\"46\"><span style=\"color: #333399\">00<\/span><\/td>\n<td width=\"47\"><span style=\"color: #333399\">04<\/span><\/td>\n<td width=\"38\"><span style=\"color: #333399\">60<\/span><\/td>\n<td width=\"38\"><span style=\"color: #333399\">00<\/span><\/td>\n<td width=\"38\"><span style=\"color: #333399\">00<\/span><\/td>\n<td width=\"38\"><span style=\"color: #333399\">00<\/span><\/td>\n<td width=\"47\"><span style=\"color: #333399\">00<\/span><\/td>\n<td width=\"38\"><span style=\"color: #333399\">00<\/span><\/td>\n<td width=\"95\"><span style=\"color: #333399\">&#8212;<\/span><\/td>\n<\/tr>\n<tr>\n<td width=\"66\"><span style=\"color: #333399\">OC033<\/span><\/td>\n<td width=\"198\"><span style=\"color: #333399\">T\u00f3picos Especiais em Teoria da Comunica\u00e7\u00e3o III<\/span><\/td>\n<td width=\"50\"><span style=\"color: #333399\">60<\/span><\/td>\n<td width=\"46\"><span style=\"color: #333399\">00<\/span><\/td>\n<td width=\"47\"><span style=\"color: #333399\">04<\/span><\/td>\n<td width=\"38\"><span style=\"color: #333399\">60<\/span><\/td>\n<td width=\"38\"><span style=\"color: #333399\">00<\/span><\/td>\n<td width=\"38\"><span style=\"color: #333399\">00<\/span><\/td>\n<td width=\"38\"><span style=\"color: #333399\">00<\/span><\/td>\n<td width=\"47\"><span style=\"color: #333399\">00<\/span><\/td>\n<td width=\"38\"><span style=\"color: #333399\">00<\/span><\/td>\n<td width=\"95\"><span style=\"color: #333399\">&#8212;<\/span><\/td>\n<\/tr>\n<tr>\n<td width=\"66\"><span style=\"color: #333399\">OC034<\/span><\/td>\n<td width=\"198\"><span style=\"color: #333399\">T\u00f3picos Especiais em Teoria da Comunica\u00e7\u00e3o IV<\/span><\/td>\n<td width=\"50\"><span style=\"color: #333399\">60<\/span><\/td>\n<td width=\"46\"><span style=\"color: #333399\">00<\/span><\/td>\n<td width=\"47\"><span style=\"color: #333399\">04<\/span><\/td>\n<td width=\"38\"><span style=\"color: #333399\">60<\/span><\/td>\n<td width=\"38\"><span style=\"color: #333399\">00<\/span><\/td>\n<td width=\"38\"><span style=\"color: #333399\">00<\/span><\/td>\n<td width=\"38\"><span style=\"color: #333399\">00<\/span><\/td>\n<td width=\"47\"><span style=\"color: #333399\">00<\/span><\/td>\n<td width=\"38\"><span style=\"color: #333399\">00<\/span><\/td>\n<td width=\"95\"><span style=\"color: #333399\">&#8212;<\/span><\/td>\n<\/tr>\n<tr>\n<td width=\"66\"><span style=\"color: #333399\">OC035<\/span><\/td>\n<td width=\"198\"><span style=\"color: #333399\">T\u00f3picos Especiais em Teoria da Comunica\u00e7\u00e3o V<\/span><\/td>\n<td width=\"50\"><span style=\"color: #333399\">60<\/span><\/td>\n<td width=\"46\"><span style=\"color: #333399\">00<\/span><\/td>\n<td width=\"47\"><span style=\"color: #333399\">04<\/span><\/td>\n<td width=\"38\"><span style=\"color: #333399\">60<\/span><\/td>\n<td width=\"38\"><span style=\"color: #333399\">00<\/span><\/td>\n<td width=\"38\"><span style=\"color: #333399\">00<\/span><\/td>\n<td width=\"38\"><span style=\"color: #333399\">00<\/span><\/td>\n<td width=\"47\"><span style=\"color: #333399\">00<\/span><\/td>\n<td width=\"38\"><span style=\"color: #333399\">00<\/span><\/td>\n<td width=\"95\"><span style=\"color: #333399\">&#8212;<\/span><\/td>\n<\/tr>\n<tr>\n<td width=\"66\"><span style=\"color: #333399\">OC036<\/span><\/td>\n<td width=\"198\"><span style=\"color: #333399\">T\u00f3picos Especiais em Teoria da Comunica\u00e7\u00e3o VI<\/span><\/td>\n<td width=\"50\"><span style=\"color: #333399\">30<\/span><\/td>\n<td width=\"46\"><span style=\"color: #333399\">00<\/span><\/td>\n<td width=\"47\"><span style=\"color: #333399\">02<\/span><\/td>\n<td width=\"38\"><span style=\"color: #333399\">30<\/span><\/td>\n<td width=\"38\"><span style=\"color: #333399\">00<\/span><\/td>\n<td width=\"38\"><span style=\"color: #333399\">00<\/span><\/td>\n<td width=\"38\"><span style=\"color: #333399\">00<\/span><\/td>\n<td width=\"47\"><span style=\"color: #333399\">00<\/span><\/td>\n<td width=\"38\"><span style=\"color: #333399\">00<\/span><\/td>\n<td width=\"95\"><span style=\"color: #333399\">&#8212;<\/span><\/td>\n<\/tr>\n<tr>\n<td width=\"66\"><span style=\"color: #333399\">OC037<\/span><\/td>\n<td width=\"198\"><span style=\"color: #333399\">T\u00f3picos Especiais em Teoria da Comunica\u00e7\u00e3o VII<\/span><\/td>\n<td width=\"50\"><span style=\"color: #333399\">30<\/span><\/td>\n<td width=\"46\"><span style=\"color: #333399\">00<\/span><\/td>\n<td width=\"47\"><span style=\"color: #333399\">02<\/span><\/td>\n<td width=\"38\"><span style=\"color: #333399\">30<\/span><\/td>\n<td width=\"38\"><span style=\"color: #333399\">00<\/span><\/td>\n<td width=\"38\"><span style=\"color: #333399\">00<\/span><\/td>\n<td width=\"38\"><span style=\"color: #333399\">00<\/span><\/td>\n<td width=\"47\"><span style=\"color: #333399\">00<\/span><\/td>\n<td width=\"38\"><span style=\"color: #333399\">00<\/span><\/td>\n<td width=\"95\"><span style=\"color: #333399\">&#8212;<\/span><\/td>\n<\/tr>\n<tr>\n<td width=\"66\"><span style=\"color: #333399\">OC038<\/span><\/td>\n<td width=\"198\"><span style=\"color: #333399\">T\u00f3picos Especiais em Teoria da Comunica\u00e7\u00e3o VIII<\/span><\/td>\n<td width=\"50\"><span style=\"color: #333399\">30<\/span><\/td>\n<td width=\"46\"><span style=\"color: #333399\">00<\/span><\/td>\n<td width=\"47\"><span style=\"color: #333399\">02<\/span><\/td>\n<td width=\"38\"><span style=\"color: #333399\">30<\/span><\/td>\n<td width=\"38\"><span style=\"color: #333399\">00<\/span><\/td>\n<td width=\"38\"><span style=\"color: #333399\">00<\/span><\/td>\n<td width=\"38\"><span style=\"color: #333399\">00<\/span><\/td>\n<td width=\"47\"><span style=\"color: #333399\">00<\/span><\/td>\n<td width=\"38\"><span style=\"color: #333399\">00<\/span><\/td>\n<td width=\"95\"><span style=\"color: #333399\">&#8212;<\/span><\/td>\n<\/tr>\n<tr>\n<td width=\"66\"><span style=\"color: #333399\">OC039<\/span><\/td>\n<td width=\"198\"><span style=\"color: #333399\">T\u00f3picos Especiais em Teoria da Comunica\u00e7\u00e3o IX<\/span><\/td>\n<td width=\"50\"><span style=\"color: #333399\">30<\/span><\/td>\n<td width=\"46\"><span style=\"color: #333399\">00<\/span><\/td>\n<td width=\"47\"><span style=\"color: #333399\">02<\/span><\/td>\n<td width=\"38\"><span style=\"color: #333399\">30<\/span><\/td>\n<td width=\"38\"><span style=\"color: #333399\">00<\/span><\/td>\n<td width=\"38\"><span style=\"color: #333399\">00<\/span><\/td>\n<td width=\"38\"><span style=\"color: #333399\">00<\/span><\/td>\n<td width=\"47\"><span style=\"color: #333399\">00<\/span><\/td>\n<td width=\"38\"><span style=\"color: #333399\">00<\/span><\/td>\n<td width=\"95\"><span style=\"color: #333399\">&#8212;<\/span><\/td>\n<\/tr>\n<tr>\n<td width=\"66\"><span style=\"color: #333399\">OC351<\/span><\/td>\n<td width=\"198\"><span style=\"color: #333399\">T\u00f3picos Especiais em Rela\u00e7\u00f5es P\u00fablicas I<\/span><\/td>\n<td width=\"50\"><span style=\"color: #333399\">60<\/span><\/td>\n<td width=\"46\"><span style=\"color: #333399\"> 00<\/span><\/td>\n<td width=\"47\"><span style=\"color: #333399\">04<\/span><\/td>\n<td width=\"38\"><span style=\"color: #333399\">30<\/span><\/td>\n<td width=\"38\"><span style=\"color: #333399\">30<\/span><\/td>\n<td width=\"38\"><span style=\"color: #333399\">00<\/span><\/td>\n<td width=\"38\"><span style=\"color: #333399\">00<\/span><\/td>\n<td width=\"47\"><span style=\"color: #333399\">00<\/span><\/td>\n<td width=\"38\"><span style=\"color: #333399\">00<\/span><\/td>\n<td width=\"95\"><span style=\"color: #333399\">&#8212;<\/span><\/td>\n<\/tr>\n<tr>\n<td width=\"66\"><span style=\"color: #333399\">OC352<\/span><\/td>\n<td width=\"198\"><span style=\"color: #333399\">T\u00f3picos Especiais em Rela\u00e7\u00f5es P\u00fablicas II<\/span><\/td>\n<td width=\"50\"><span style=\"color: #333399\">60<\/span><\/td>\n<td width=\"46\"><span style=\"color: #333399\">00<\/span><\/td>\n<td width=\"47\"><span style=\"color: #333399\">04<\/span><\/td>\n<td width=\"38\"><span style=\"color: #333399\">30<\/span><\/td>\n<td width=\"38\"><span style=\"color: #333399\">30<\/span><\/td>\n<td width=\"38\"><span style=\"color: #333399\">00<\/span><\/td>\n<td width=\"38\"><span style=\"color: #333399\">00<\/span><\/td>\n<td width=\"47\"><span style=\"color: #333399\">00<\/span><\/td>\n<td width=\"38\"><span style=\"color: #333399\">00<\/span><\/td>\n<td width=\"95\"><span style=\"color: #333399\">&#8212;<\/span><\/td>\n<\/tr>\n<\/tbody>\n<\/table>\n","protected":false},"excerpt":{"rendered":"<p>\u00a0O aluno ter\u00e1 que cursar o m\u00ednimo de 420 horas entre as disciplinas: C\u00f3digo Conte\u00fados CHT CH EaD CHS PD LB CP ES OR PE PR\u00c9-REQ LIB037 Comunica\u00e7\u00e3o em L\u00edngua Brasileira de Sinais &#8211; Libras 30 00 02 30 00 00 00 00 00 &#8212; OC030 Comunica\u00e7\u00e3o e Mercado 60 00 04 60 00 00 [&hellip;]<\/p>\n","protected":false},"author":7,"featured_media":0,"parent":1732,"menu_order":0,"comment_status":"closed","ping_status":"closed","template":"","meta":{"_acf_changed":false,"ngg_post_thumbnail":0,"footnotes":""},"class_list":["post-2489","page","type-page","status-publish","hentry"],"acf":[],"_links":{"self":[{"href":"https:\/\/sacod.ufpr.br\/comunicacao\/wp-json\/wp\/v2\/pages\/2489","targetHints":{"allow":["GET"]}}],"collection":[{"href":"https:\/\/sacod.ufpr.br\/comunicacao\/wp-json\/wp\/v2\/pages"}],"about":[{"href":"https:\/\/sacod.ufpr.br\/comunicacao\/wp-json\/wp\/v2\/types\/page"}],"author":[{"embeddable":true,"href":"https:\/\/sacod.ufpr.br\/comunicacao\/wp-json\/wp\/v2\/users\/7"}],"replies":[{"embeddable":true,"href":"https:\/\/sacod.ufpr.br\/comunicacao\/wp-json\/wp\/v2\/comments?post=2489"}],"version-history":[{"count":5,"href":"https:\/\/sacod.ufpr.br\/comunicacao\/wp-json\/wp\/v2\/pages\/2489\/revisions"}],"predecessor-version":[{"id":2496,"href":"https:\/\/sacod.ufpr.br\/comunicacao\/wp-json\/wp\/v2\/pages\/2489\/revisions\/2496"}],"up":[{"embeddable":true,"href":"https:\/\/sacod.ufpr.br\/comunicacao\/wp-json\/wp\/v2\/pages\/1732"}],"wp:attachment":[{"href":"https:\/\/sacod.ufpr.br\/comunicacao\/wp-json\/wp\/v2\/media?parent=2489"}],"curies":[{"name":"wp","href":"https:\/\/api.w.org\/{rel}","templated":true}]}}