{"id":1910,"date":"2017-05-09T09:42:31","date_gmt":"2017-05-09T12:42:31","guid":{"rendered":"https:\/\/sacod.ufpr.br\/comunicacao\/?page_id=1910"},"modified":"2017-05-18T12:14:30","modified_gmt":"2017-05-18T15:14:30","slug":"ementas-168a","status":"publish","type":"page","link":"https:\/\/sacod.ufpr.br\/comunicacao\/168-a-curso-de-relacoes-publicas\/ementas-168a\/","title":{"rendered":"Ementas curso de RP"},"content":{"rendered":"<p><a href=\"https:\/\/sacod.ufpr.br\/comunicacao\/wp-content\/uploads\/sites\/9\/2017\/05\/HH300-Historia-Contemporanea.pdf\">HH300 &#8211; Historia Contemporanea<\/a><br \/>\n<a href=\"https:\/\/sacod.ufpr.br\/comunicacao\/wp-content\/uploads\/sites\/9\/2017\/05\/LIB037-Comunica\u00e7\u00e3o-em-L\u00edngua-Brasileira-de-Sinais-LIBRAS-1.pdf\">LIB037 &#8211; Comunica\u00e7\u00e3o em L\u00edngua Brasileira de Sinais &#8211; LIBRAS<\/a><br \/>\n<a href=\"https:\/\/sacod.ufpr.br\/comunicacao\/wp-content\/uploads\/sites\/9\/2017\/05\/OC002-Fundamentos-de-Comunica\u00e7\u00e3o-Sonora.pdf\">OC002 &#8211; Fundamentos de Comunica\u00e7\u00e3o Sonora<\/a><br \/>\n<a href=\"https:\/\/sacod.ufpr.br\/comunicacao\/wp-content\/uploads\/sites\/9\/2017\/05\/OC003-Fundamentos-da-Fotografia.pdf\">OC003 &#8211; Fundamentos da Fotografia<\/a><br \/>\n<a href=\"https:\/\/sacod.ufpr.br\/comunicacao\/wp-content\/uploads\/sites\/9\/2017\/05\/OC004-Economia-Politica-da-Comunica\u00e7\u00e3o.pdf\">OC004 &#8211; Economia Politica da Comunica\u00e7\u00e3o<\/a><br \/>\n<a href=\"https:\/\/sacod.ufpr.br\/comunicacao\/wp-content\/uploads\/sites\/9\/2017\/05\/OC005-Oficina-de-Reda\u00e7\u00e3o.pdf\">OC005 &#8211; Oficina de Reda\u00e7\u00e3o<\/a><br \/>\n<a href=\"https:\/\/sacod.ufpr.br\/comunicacao\/wp-content\/uploads\/sites\/9\/2017\/05\/OC006-Leituras-em-Filosofia.pdf\">OC006 &#8211; Leituras em Filosofia<\/a><br \/>\n<a href=\"https:\/\/sacod.ufpr.br\/comunicacao\/wp-content\/uploads\/sites\/9\/2017\/05\/OC007-Introdu\u00e7\u00e3o-ao-Jornalismo.pdf\">OC007 &#8211; Introdu\u00e7\u00e3o ao Jornalismo<\/a><br \/>\n<a href=\"https:\/\/sacod.ufpr.br\/comunicacao\/wp-content\/uploads\/sites\/9\/2017\/05\/OC008-Reda\u00e7\u00e3o-Jornalistica-I.pdf\">OC008 &#8211; Reda\u00e7\u00e3o Jornalistica I<\/a><br \/>\n<a href=\"https:\/\/sacod.ufpr.br\/comunicacao\/wp-content\/uploads\/sites\/9\/2017\/05\/OC009-Fundamentos-de-Comunica\u00e7\u00e3o-Audiovisual.pdf\">OC009 &#8211; Fundamentos de Comunica\u00e7\u00e3o Audiovisual<\/a><br \/>\n<a href=\"https:\/\/sacod.ufpr.br\/comunicacao\/wp-content\/uploads\/sites\/9\/2017\/05\/OC010-Fundamentos-da-Comunica\u00e7\u00e3o-Visual.pdf\">OC010 &#8211; Fundamentos da Comunica\u00e7\u00e3o Visual<\/a><br \/>\n<a href=\"https:\/\/sacod.ufpr.br\/comunicacao\/wp-content\/uploads\/sites\/9\/2017\/05\/OC027-Hist\u00f3ria-da-Comunica\u00e7\u00e3o.pdf\">OC027 &#8211; Hist\u00f3ria da Comunica\u00e7\u00e3o<\/a><br \/>\n<a href=\"https:\/\/sacod.ufpr.br\/comunicacao\/wp-content\/uploads\/sites\/9\/2017\/05\/OC028-Leituras-em-Sociologia.pdf\">OC028 &#8211; Leituras em Sociologia<\/a><br \/>\n<a href=\"https:\/\/sacod.ufpr.br\/comunicacao\/wp-content\/uploads\/sites\/9\/2017\/05\/OC029-Reda\u00e7\u00e3o-Jornal\u00edstica-II-1.pdf\">OC029 &#8211; Reda\u00e7\u00e3o Jornal\u00edstica II<\/a><br \/>\n<a href=\"https:\/\/sacod.ufpr.br\/comunicacao\/wp-content\/uploads\/sites\/9\/2017\/05\/OC030-Comunica\u00e7\u00e3o-e-Mercado-2.pdf\">OC030 &#8211; Comunica\u00e7\u00e3o e Mercado<\/a><br \/>\n<a href=\"https:\/\/sacod.ufpr.br\/comunicacao\/wp-content\/uploads\/sites\/9\/2017\/05\/OC031-T\u00f3picos-Especiais-em-Teoria-da-Comunica\u00e7\u00e3o-I.pdf\">OC031 &#8211; T\u00f3picos Especiais em Teoria da Comunica\u00e7\u00e3o I<\/a><br \/>\n<a href=\"https:\/\/sacod.ufpr.br\/comunicacao\/wp-content\/uploads\/sites\/9\/2017\/05\/OC032-T\u00f3picos-Especiais-em-Teoria-da-Comunica\u00e7\u00e3o-II.pdf\">OC032 &#8211; T\u00f3picos Especiais em Teoria da Comunica\u00e7\u00e3o II<\/a><br \/>\n<a href=\"https:\/\/sacod.ufpr.br\/comunicacao\/wp-content\/uploads\/sites\/9\/2017\/05\/OC033-T\u00f3picos-Especiais-em-Teoria-da-Comunica\u00e7\u00e3o-III.pdf\">OC033 &#8211; T\u00f3picos Especiais em Teoria da Comunica\u00e7\u00e3o III<\/a><br \/>\n<a href=\"https:\/\/sacod.ufpr.br\/comunicacao\/wp-content\/uploads\/sites\/9\/2017\/05\/OC034-T\u00f3picos-Especiais-em-Teoria-da-Comunica\u00e7\u00e3o-IV.pdf\">OC034 &#8211; T\u00f3picos Especiais em Teoria da Comunica\u00e7\u00e3o IV<\/a><br \/>\n<a href=\"https:\/\/sacod.ufpr.br\/comunicacao\/wp-content\/uploads\/sites\/9\/2017\/05\/OC035-T\u00f3picos-Especiais-em-Teoria-da-Comunica\u00e7\u00e3o-V.pdf\">OC035 &#8211; T\u00f3picos Especiais em Teoria da Comunica\u00e7\u00e3o V<\/a><br \/>\n<a href=\"https:\/\/sacod.ufpr.br\/comunicacao\/wp-content\/uploads\/sites\/9\/2017\/05\/OC036-T\u00f3picos-Especiais-em-Teoria-da-Comunica\u00e7\u00e3o-VI.pdf\">OC036 &#8211; T\u00f3picos Especiais em Teoria da Comunica\u00e7\u00e3o VI<\/a><br \/>\n<a href=\"https:\/\/sacod.ufpr.br\/comunicacao\/wp-content\/uploads\/sites\/9\/2017\/05\/OC037-T\u00f3picos-Especiais-em-Teoria-da-Comunica\u00e7\u00e3o-VII.pdf\">OC037 &#8211; T\u00f3picos Especiais em Teoria da Comunica\u00e7\u00e3o VII<\/a><br \/>\n<a href=\"https:\/\/sacod.ufpr.br\/comunicacao\/wp-content\/uploads\/sites\/9\/2017\/05\/OC038-T\u00f3picos-Especiais-em-Teoria-da-Comunica\u00e7\u00e3o-VIII.pdf\">OC038 &#8211; T\u00f3picos Especiais em Teoria da Comunica\u00e7\u00e3o VIII<\/a><br \/>\n<a href=\"https:\/\/sacod.ufpr.br\/comunicacao\/wp-content\/uploads\/sites\/9\/2017\/05\/OC039-T\u00f3picos-Especiais-em-Teoria-da-Comunica\u00e7\u00e3o-IX.pdf\">OC039 &#8211; T\u00f3picos Especiais em Teoria da Comunica\u00e7\u00e3o IX<\/a><br \/>\n<a href=\"https:\/\/sacod.ufpr.br\/comunicacao\/wp-content\/uploads\/sites\/9\/2017\/05\/OC055-T\u00f3picos-Especiais-em-Comunica\u00e7\u00e3o-e-Linguagem-1.pdf\">OC055 &#8211; T\u00f3picos Especiais em Comunica\u00e7\u00e3o e Linguagem<\/a><br \/>\n<a href=\"https:\/\/sacod.ufpr.br\/comunicacao\/wp-content\/uploads\/sites\/9\/2017\/05\/OC057-Teorias-da-Comunica\u00e7\u00e3o-I.pdf\">OC057 &#8211; Teorias da Comunica\u00e7\u00e3o I<\/a><br \/>\n<a href=\"https:\/\/sacod.ufpr.br\/comunicacao\/wp-content\/uploads\/sites\/9\/2017\/05\/OC058-antropologia-Comunica\u00e7\u00e3o-e-Cultura.pdf\">OC058 &#8211; antropologia Comunica\u00e7\u00e3o e Cultura<\/a><br \/>\n<a href=\"https:\/\/sacod.ufpr.br\/comunicacao\/wp-content\/uploads\/sites\/9\/2017\/05\/OC059-Ci\u00eancias-Sociais-e-Comunica\u00e7\u00e3o-1.pdf\">OC059 &#8211; Ci\u00eancias Sociais e Comunica\u00e7\u00e3o<\/a><br \/>\n<a href=\"https:\/\/sacod.ufpr.br\/comunicacao\/wp-content\/uploads\/sites\/9\/2017\/05\/OC063-Reda\u00e7\u00e3o-Jornalistica-III.pdf\">OC063 &#8211; Reda\u00e7\u00e3o Jornalistica III<\/a><br \/>\n<a href=\"https:\/\/sacod.ufpr.br\/comunicacao\/wp-content\/uploads\/sites\/9\/2017\/05\/OC064-Comunica\u00e7\u00e3o-e-Linguagem-1.pdf\">OC064 &#8211; Comunica\u00e7\u00e3o e Linguagem<\/a><br \/>\n<a href=\"https:\/\/sacod.ufpr.br\/comunicacao\/wp-content\/uploads\/sites\/9\/2017\/05\/OC065-Pesquisa-em-Comunica\u00e7\u00e3o-I-1.pdf\">OC065 &#8211; Pesquisa em Comunica\u00e7\u00e3o I<\/a><br \/>\n<a href=\"https:\/\/sacod.ufpr.br\/comunicacao\/wp-content\/uploads\/sites\/9\/2017\/05\/OC066-Hist\u00f3ria-da-Arte-1.pdf\">OC066 &#8211; Hist\u00f3ria da Arte<\/a><br \/>\n<a href=\"https:\/\/sacod.ufpr.br\/comunicacao\/wp-content\/uploads\/sites\/9\/2017\/05\/OC071-Comunica\u00e7\u00e3o-e-Tecnologia-1.pdf\">OC071 &#8211; Comunica\u00e7\u00e3o e Tecnologia<\/a><br \/>\n<a href=\"https:\/\/sacod.ufpr.br\/comunicacao\/wp-content\/uploads\/sites\/9\/2017\/05\/OC072-Pesquisa-em-Comunica\u00e7\u00e3o-II-1.pdf\">OC072 &#8211; Pesquisa em Comunica\u00e7\u00e3o II<\/a><br \/>\n<a href=\"https:\/\/sacod.ufpr.br\/comunicacao\/wp-content\/uploads\/sites\/9\/2017\/05\/OC073-Comunica\u00e7\u00e3o-e-Cidadania-1.pdf\">OC073 &#8211; Comunica\u00e7\u00e3o e Cidadania<\/a><br \/>\n<a href=\"https:\/\/sacod.ufpr.br\/comunicacao\/wp-content\/uploads\/sites\/9\/2017\/05\/OC077-Projeto-de-Assessoria-de-Comunica\u00e7\u00e3o.pdf\">OC077 &#8211; Projeto de Assessoria de Comunica\u00e7\u00e3o<\/a><br \/>\n<a href=\"https:\/\/sacod.ufpr.br\/comunicacao\/wp-content\/uploads\/sites\/9\/2017\/05\/OC079-Teorias-da-Comunica\u00e7\u00e3o-II.pdf\">OC079 &#8211; Teorias da Comunica\u00e7\u00e3o II<\/a><br \/>\n<a href=\"https:\/\/sacod.ufpr.br\/comunicacao\/wp-content\/uploads\/sites\/9\/2017\/05\/OC081-Comunica\u00e7\u00e3o-e-Educa\u00e7\u00e3o-1.pdf\">OC081 &#8211; Comunica\u00e7\u00e3o e Educa\u00e7\u00e3o<\/a><br \/>\n<a href=\"https:\/\/sacod.ufpr.br\/comunicacao\/wp-content\/uploads\/sites\/9\/2017\/05\/OC090-Comunica\u00e7\u00e3o-e-Politica-1.pdf\">OC090 &#8211; Comunica\u00e7\u00e3o e Politica<\/a><br \/>\n<a href=\"https:\/\/sacod.ufpr.br\/comunicacao\/wp-content\/uploads\/sites\/9\/2017\/05\/OC093-Comunica\u00e7\u00e3o-Popular-e-Alternativa.pdf\">OC093 &#8211; Comunica\u00e7\u00e3o Popular e Alternativa<\/a><br \/>\n<a href=\"https:\/\/sacod.ufpr.br\/comunicacao\/wp-content\/uploads\/sites\/9\/2017\/05\/OC094-Comunica\u00e7\u00e3o-e-Arte-1.pdf\">OC094 &#8211; Comunica\u00e7\u00e3o e Arte<\/a><br \/>\n<a href=\"https:\/\/sacod.ufpr.br\/comunicacao\/wp-content\/uploads\/sites\/9\/2017\/05\/OC097-Hist\u00f3ria-do-Cinema-1.pdf\">OC097 &#8211; Hist\u00f3ria do Cinema<\/a><br \/>\n<a href=\"https:\/\/sacod.ufpr.br\/comunicacao\/wp-content\/uploads\/sites\/9\/2017\/05\/OC098-Cinema-I-1.pdf\">OC098 &#8211; Cinema I<\/a><br \/>\n<a href=\"https:\/\/sacod.ufpr.br\/comunicacao\/wp-content\/uploads\/sites\/9\/2017\/05\/OC099-cinema-II.pdf\">OC099 &#8211; cinema II<\/a><br \/>\n<a href=\"https:\/\/sacod.ufpr.br\/comunicacao\/wp-content\/uploads\/sites\/9\/2017\/05\/OC100-Comunica\u00e7\u00e3o-e-Redes-Urbanas.pdf\">OC100 &#8211; Comunica\u00e7\u00e3o e Redes Urbanas<\/a><br \/>\n<a href=\"https:\/\/sacod.ufpr.br\/comunicacao\/wp-content\/uploads\/sites\/9\/2017\/05\/OC110-T\u00f3picos-Especiais-em-Teoria-do-Conhecimento-Meios-de-Comunica\u00e7\u00e3o-e-Continente-Africano-1.pdf\">OC110 &#8211; T\u00f3picos Especiais em Teoria do Conhecimento &#8211; Meios de Comunica\u00e7\u00e3o e Continente Africano<\/a><br \/>\n<a href=\"https:\/\/sacod.ufpr.br\/comunicacao\/wp-content\/uploads\/sites\/9\/2017\/05\/OC128-Produ\u00e7\u00e3o-Audiovisual.pdf\">OC128 &#8211; Produ\u00e7\u00e3o Audiovisual<\/a><br \/>\n<a href=\"https:\/\/sacod.ufpr.br\/comunicacao\/wp-content\/uploads\/sites\/9\/2017\/05\/OC134-Psicologia-do-Consumidor.pdf\">OC134 &#8211; Psicologia do Consumidor<\/a><br \/>\n<a href=\"https:\/\/sacod.ufpr.br\/comunicacao\/wp-content\/uploads\/sites\/9\/2017\/05\/OC135-Comunica\u00e7\u00e3o-Sociedade-e-Mercado.pdf\">OC135 &#8211; Comunica\u00e7\u00e3o, Sociedade e Mercado<\/a><br \/>\n<a href=\"https:\/\/sacod.ufpr.br\/comunicacao\/wp-content\/uploads\/sites\/9\/2017\/05\/OC138-Introdu\u00e7\u00e3o-ao-marketing.pdf\">OC138 &#8211; Introdu\u00e7\u00e3o ao marketing<\/a><br \/>\n<a href=\"https:\/\/sacod.ufpr.br\/comunicacao\/wp-content\/uploads\/sites\/9\/2017\/05\/OC139-Pesquisa-de-Mercado.pdf\">OC139 &#8211; Pesquisa de Mercado<\/a><br \/>\n<a href=\"https:\/\/sacod.ufpr.br\/comunicacao\/wp-content\/uploads\/sites\/9\/2017\/05\/OC144-programa\u00e7\u00e3o-Visual-I.pdf\">OC144 &#8211; programa\u00e7\u00e3o Visual I<\/a><br \/>\n<a href=\"https:\/\/sacod.ufpr.br\/comunicacao\/wp-content\/uploads\/sites\/9\/2017\/05\/OC156-Asssessoria-de-Comunica\u00e7\u00e3o.pdf\">OC156 &#8211; Asssessoria de Comunica\u00e7\u00e3o<\/a><br \/>\n<a href=\"https:\/\/sacod.ufpr.br\/comunicacao\/wp-content\/uploads\/sites\/9\/2017\/05\/OC158-produ\u00e7\u00e3o-Publicit\u00e1ria-Sonora.pdf\">OC158 &#8211; produ\u00e7\u00e3o Publicit\u00e1ria Sonora<\/a><br \/>\n<a href=\"https:\/\/sacod.ufpr.br\/comunicacao\/wp-content\/uploads\/sites\/9\/2017\/05\/OC189-Produ\u00e7\u00e3o-Publicit\u00e1ria-Audiovisual.pdf\">OC189 &#8211; Produ\u00e7\u00e3o Publicit\u00e1ria Audiovisual<\/a><br \/>\n<a href=\"https:\/\/sacod.ufpr.br\/comunicacao\/wp-content\/uploads\/sites\/9\/2017\/05\/OC204-Planejamento-de-Comunica\u00e7\u00e3o.pdf\">OC204 &#8211; Planejamento de Comunica\u00e7\u00e3o<\/a><br \/>\n<a href=\"https:\/\/sacod.ufpr.br\/comunicacao\/wp-content\/uploads\/sites\/9\/2017\/05\/OC209-Promo\u00e7\u00e3o-de-Vendas-e-Merchandising.pdf\">OC209 &#8211; Promo\u00e7\u00e3o de Vendas e Merchandising<\/a><br \/>\n<a href=\"https:\/\/sacod.ufpr.br\/comunicacao\/wp-content\/uploads\/sites\/9\/2017\/05\/OC210-Gest\u00e3o-de-Neg\u00f3cios-em-Comunica\u00e7\u00e3o.pdf\">OC210 &#8211; Gest\u00e3o de Neg\u00f3cios em Comunica\u00e7\u00e3o<\/a><br \/>\n<a href=\"https:\/\/sacod.ufpr.br\/comunicacao\/wp-content\/uploads\/sites\/9\/2017\/05\/OC211-marketing-Politico.pdf\">OC211 &#8211; marketing Politico<\/a><br \/>\n<a href=\"https:\/\/sacod.ufpr.br\/comunicacao\/wp-content\/uploads\/sites\/9\/2017\/05\/OC230-Teoria-e-Pesquisa-de-Opini\u00e3o-P\u00fablica.pdf\">OC230 &#8211; Teoria e Pesquisa de Opini\u00e3o P\u00fablica<\/a><br \/>\n<a href=\"https:\/\/sacod.ufpr.br\/comunicacao\/wp-content\/uploads\/sites\/9\/2017\/05\/OC231-Planejamento-Estrat\u00e9gico.pdf\">OC231 &#8211; Planejamento Estrat\u00e9gico<\/a><br \/>\n<a href=\"https:\/\/sacod.ufpr.br\/comunicacao\/wp-content\/uploads\/sites\/9\/2017\/05\/OC232-Fundamentos-de-Administra\u00e7\u00e3o.pdf\">OC232 &#8211; Fundamentos de Administra\u00e7\u00e3o<\/a><br \/>\n<a href=\"https:\/\/sacod.ufpr.br\/comunicacao\/wp-content\/uploads\/sites\/9\/2017\/05\/OC233-Introdu\u00e7\u00e3o-\u00e0s-Rela\u00e7\u00f5es-P\u00fablicas.pdf\">OC233 &#8211; Introdu\u00e7\u00e3o \u00e0s Rela\u00e7\u00f5es P\u00fablicas<\/a><br \/>\n<a href=\"https:\/\/sacod.ufpr.br\/comunicacao\/wp-content\/uploads\/sites\/9\/2017\/05\/OC234-Midias-digitais.pdf\">OC234 &#8211; Midias digitais<\/a><br \/>\n<a href=\"https:\/\/sacod.ufpr.br\/comunicacao\/wp-content\/uploads\/sites\/9\/2017\/05\/OC235-Projeto-Interdisciplinar.pdf\">OC235 &#8211; Projeto Interdisciplinar<\/a><br \/>\n<a href=\"https:\/\/sacod.ufpr.br\/comunicacao\/wp-content\/uploads\/sites\/9\/2017\/05\/OC236-Comunica\u00e7\u00e3o-e-Tecnol\u00e7ogia-nas-Rela\u00e7\u00f5es-P\u00fablicas.pdf\">OC236 &#8211; Comunica\u00e7\u00e3o e Tecnol\u00e7ogia nas Rela\u00e7\u00f5es P\u00fablicas<\/a><br \/>\n<a href=\"https:\/\/sacod.ufpr.br\/comunicacao\/wp-content\/uploads\/sites\/9\/2017\/05\/OC237-Fotografia-Interdisciplinar.pdf\">OC237 &#8211; Fotografia Interdisciplinar<\/a><br \/>\n<a href=\"https:\/\/sacod.ufpr.br\/comunicacao\/wp-content\/uploads\/sites\/9\/2017\/05\/OC238-Teoria-das-Rela\u00e7\u00f5es-P\u00fablicas.pdf\">OC238 &#8211; Teoria das Rela\u00e7\u00f5es P\u00fablicas<\/a><br \/>\n<a href=\"https:\/\/sacod.ufpr.br\/comunicacao\/wp-content\/uploads\/sites\/9\/2017\/05\/OC239-Reda\u00e7\u00e3o-I.pdf\">OC239 &#8211; Reda\u00e7\u00e3o I<\/a><br \/>\n<a href=\"https:\/\/sacod.ufpr.br\/comunicacao\/wp-content\/uploads\/sites\/9\/2017\/05\/OC240-Projeto-Interdisciplinar-II.pdf\">OC240 &#8211; Projeto Interdisciplinar II<\/a><br \/>\n<a href=\"https:\/\/sacod.ufpr.br\/comunicacao\/wp-content\/uploads\/sites\/9\/2017\/05\/OC241-projeto-Ag\u00eancia-I.pdf\">OC241 &#8211; projeto Ag\u00eancia I<\/a><br \/>\n<a href=\"https:\/\/sacod.ufpr.br\/comunicacao\/wp-content\/uploads\/sites\/9\/2017\/05\/OC242-Planejamento-Gr\u00e1fico-e-Editorial-em-RP.pdf\">OC242 &#8211; Planejamento Gr\u00e1fico e Editorial em RP<\/a><br \/>\n<a href=\"https:\/\/sacod.ufpr.br\/comunicacao\/wp-content\/uploads\/sites\/9\/2017\/05\/OC243-Teoria-e-T\u00e9cnicas-das-Rela\u00e7\u00f5es-P\u00fablicas.pdf\">OC243 &#8211; Teoria e T\u00e9cnicas das Rela\u00e7\u00f5es P\u00fablicas<\/a><br \/>\n<a href=\"https:\/\/sacod.ufpr.br\/comunicacao\/wp-content\/uploads\/sites\/9\/2017\/05\/OC244-Reda\u00e7\u00e3o-II.pdf\">OC244 &#8211; Reda\u00e7\u00e3o II<\/a><br \/>\n<a href=\"https:\/\/sacod.ufpr.br\/comunicacao\/wp-content\/uploads\/sites\/9\/2017\/05\/OC245-Projeto-Interdisciplinar-III.pdf\">OC245 &#8211; Projeto Interdisciplinar III<\/a><br \/>\n<a href=\"https:\/\/sacod.ufpr.br\/comunicacao\/wp-content\/uploads\/sites\/9\/2017\/05\/OC246-Produ\u00e7\u00e3o-Sonora-Institucional.pdf\">OC246 &#8211; Produ\u00e7\u00e3o Sonora Institucional<\/a><br \/>\n<a href=\"https:\/\/sacod.ufpr.br\/comunicacao\/wp-content\/uploads\/sites\/9\/2017\/05\/OC247-Comunica\u00e7\u00e3o-e-Marketing.pdf\">OC247 &#8211; Comunica\u00e7\u00e3o e Marketing<\/a><br \/>\n<a href=\"https:\/\/sacod.ufpr.br\/comunicacao\/wp-content\/uploads\/sites\/9\/2017\/05\/OC248-Comunica\u00e7\u00e3o-P\u00fablica.pdf\">OC248 &#8211; Comunica\u00e7\u00e3o P\u00fablica<\/a><br \/>\n<a href=\"https:\/\/sacod.ufpr.br\/comunicacao\/wp-content\/uploads\/sites\/9\/2017\/05\/OC249-Projeto-Ag\u00eancia-II.pdf\">OC249 &#8211; Projeto Ag\u00eancia II<\/a><br \/>\n<a href=\"https:\/\/sacod.ufpr.br\/comunicacao\/wp-content\/uploads\/sites\/9\/2017\/05\/OC250-Produ\u00e7\u00e3o-Institucional-em-Tv-e-Cinema.pdf\">OC250 &#8211; Produ\u00e7\u00e3o Institucional em Tv e Cinema<\/a><br \/>\n<a href=\"https:\/\/sacod.ufpr.br\/comunicacao\/wp-content\/uploads\/sites\/9\/2017\/05\/OC251-Projeto-Interdisciplinar-IV.pdf\">OC251 &#8211; Projeto Interdisciplinar IV<\/a><br \/>\n<a href=\"https:\/\/sacod.ufpr.br\/comunicacao\/wp-content\/uploads\/sites\/9\/2017\/05\/OC252-Reda\u00e7\u00e3o-III.pdf\">OC252 &#8211; Reda\u00e7\u00e3o III<\/a><br \/>\n<a href=\"https:\/\/sacod.ufpr.br\/comunicacao\/wp-content\/uploads\/sites\/9\/2017\/05\/OC253-Assessoria-e-Estrat\u00e9gias-de-Comunica\u00e7\u00e3o-com-a-M\u00eddia.pdf\">OC253 &#8211; Assessoria e Estrat\u00e9gias de Comunica\u00e7\u00e3o com a M\u00eddia<\/a><br \/>\n<a href=\"https:\/\/sacod.ufpr.br\/comunicacao\/wp-content\/uploads\/sites\/9\/2017\/05\/OC254-Projeto-Ag\u00eancia-III.pdf\">OC254 &#8211; Projeto Ag\u00eancia III<\/a><br \/>\n<a href=\"https:\/\/sacod.ufpr.br\/comunicacao\/wp-content\/uploads\/sites\/9\/2017\/05\/OC255-Projeto-Interdisciplinar-V.pdf\">OC255 &#8211; Projeto Interdisciplinar V<\/a><br \/>\n<a href=\"https:\/\/sacod.ufpr.br\/comunicacao\/wp-content\/uploads\/sites\/9\/2017\/05\/OC256-Gest\u00e3o-e-Cultura-Organizacional.pdf\">OC256 &#8211; Gest\u00e3o e Cultura Organizacional<\/a><br \/>\n<a href=\"https:\/\/sacod.ufpr.br\/comunicacao\/wp-content\/uploads\/sites\/9\/2017\/05\/OC257-Semin\u00e1rio-de-pesquisa-pr\u00e9-projeto.pdf\">OC257 &#8211; Semin\u00e1rio de pesquisa &#8211; pr\u00e9-projeto<\/a><br \/>\n<a href=\"https:\/\/sacod.ufpr.br\/comunicacao\/wp-content\/uploads\/sites\/9\/2017\/05\/OC258-\u00c9tica-e-Legisla\u00e7\u00e3o-em-Rela\u00e7\u00f5es-P\u00fablicas.pdf\">OC258 &#8211; \u00c9tica e Legisla\u00e7\u00e3o em Rela\u00e7\u00f5es P\u00fablicas<\/a><br \/>\n<a href=\"https:\/\/sacod.ufpr.br\/comunicacao\/wp-content\/uploads\/sites\/9\/2017\/05\/OC259-Assessoria-de-Comunica\u00e7\u00e3o-Organizacional.pdf\">OC259 &#8211; Assessoria de Comunica\u00e7\u00e3o Organizacional<\/a><br \/>\n<a href=\"https:\/\/sacod.ufpr.br\/comunicacao\/wp-content\/uploads\/sites\/9\/2017\/05\/OC260-Projeto-Interdisciplinar-VI.pdf\">OC260 &#8211; Projeto Interdisciplinar VI<\/a><br \/>\n<a href=\"https:\/\/sacod.ufpr.br\/comunicacao\/wp-content\/uploads\/sites\/9\/2017\/05\/OC268-Comunica\u00e7\u00e3o-Comunit\u00e1ria-e-Popular.pdf\">OC268 &#8211; Comunica\u00e7\u00e3o Comunit\u00e1ria e Popular<\/a><br \/>\n<a href=\"https:\/\/sacod.ufpr.br\/comunicacao\/wp-content\/uploads\/sites\/9\/2017\/05\/OC269-Pesquisa-Institucional.pdf\">OC269 &#8211; Pesquisa Institucional<\/a><br \/>\n<a href=\"https:\/\/sacod.ufpr.br\/comunicacao\/wp-content\/uploads\/sites\/9\/2017\/05\/OC274-Rela\u00e7\u00f5es-P\u00fablicas-Internacionais.pdf\">OC274 &#8211; Rela\u00e7\u00f5es P\u00fablicas Internacionais<\/a><br \/>\n<a href=\"https:\/\/sacod.ufpr.br\/comunicacao\/wp-content\/uploads\/sites\/9\/2017\/05\/OC276-Publicidade-e-Sociedade.pdf\">OC276 &#8211; Publicidade e Sociedade<\/a><br \/>\n<a href=\"https:\/\/sacod.ufpr.br\/comunicacao\/wp-content\/uploads\/sites\/9\/2017\/05\/OC277-Criatividade-em-Planejamento.pdf\">OC277 &#8211; Criatividade em Planejamento<\/a><br \/>\n<a href=\"https:\/\/sacod.ufpr.br\/comunicacao\/wp-content\/uploads\/sites\/9\/2017\/05\/OC279-Administra\u00e7\u00e3o-em-Publicidade-e-Propaganda.pdf\">OC279 &#8211; Administra\u00e7\u00e3o em Publicidade e Propaganda<\/a><br \/>\n<a href=\"https:\/\/sacod.ufpr.br\/comunicacao\/wp-content\/uploads\/sites\/9\/2017\/05\/OC280-Projeto-Interdisciplinar-VII.pdf\">OC280 &#8211; Projeto Interdisciplinar VII<\/a><br \/>\n<a href=\"https:\/\/sacod.ufpr.br\/comunicacao\/wp-content\/uploads\/sites\/9\/2017\/05\/OC291-Trabalho-de-Conclus\u00e3o-de-Curso-em-RP-I.pdf\">OC291 &#8211; Trabalho de Conclus\u00e3o de Curso em RP I<\/a><br \/>\n<a href=\"https:\/\/sacod.ufpr.br\/comunicacao\/wp-content\/uploads\/sites\/9\/2017\/05\/OC292-Trabalho-de-Conclus\u00e3o-de-Curso-em-RP-II.pdf\">OC292 &#8211; Trabalho de Conclus\u00e3o de Curso em RP II<\/a><br \/>\n<a href=\"https:\/\/sacod.ufpr.br\/comunicacao\/wp-content\/uploads\/sites\/9\/2017\/05\/OC293-T\u00f3picos-Especiais-em-Marketing-I.pdf\">OC293 &#8211; T\u00f3picos Especiais em Marketing I<\/a><br \/>\n<a href=\"https:\/\/sacod.ufpr.br\/comunicacao\/wp-content\/uploads\/sites\/9\/2017\/05\/OC294-T\u00f3picos-Especiais-em-Marketing-II.pdf\">OC294 &#8211; T\u00f3picos Especiais em Marketing II<\/a><br \/>\n<a href=\"https:\/\/sacod.ufpr.br\/comunicacao\/wp-content\/uploads\/sites\/9\/2017\/05\/OC295-T\u00f3picos-Especiais-em-Marketing-III.pdf\">OC295 &#8211; T\u00f3picos Especiais em Marketing III<\/a><br \/>\n<a href=\"https:\/\/sacod.ufpr.br\/comunicacao\/wp-content\/uploads\/sites\/9\/2017\/05\/OC298-Est\u00e1gio-Supervisionado.pdf\">OC298 &#8211; Est\u00e1gio Supervisionado<\/a><br \/>\n<a href=\"https:\/\/sacod.ufpr.br\/comunicacao\/wp-content\/uploads\/sites\/9\/2017\/05\/OC299-T\u00f3picos-Especiais-em-RP-artigos-cientificos.pdf\">OC299 &#8211; T\u00f3picos Especiais em RP &#8211; artigos cientificos<\/a><br \/>\n<a href=\"https:\/\/sacod.ufpr.br\/comunicacao\/wp-content\/uploads\/sites\/9\/2017\/05\/OC302-Comunica\u00e7\u00e3o-Interna.pdf\">OC302 &#8211; Comunica\u00e7\u00e3o Interna<\/a><br \/>\n<a href=\"https:\/\/sacod.ufpr.br\/comunicacao\/wp-content\/uploads\/sites\/9\/2017\/05\/OC309-Comunica\u00e7\u00e3o-e-Diversidade.pdf\">OC309 &#8211; Comunica\u00e7\u00e3o e Diversidade<\/a><br \/>\n<a href=\"https:\/\/sacod.ufpr.br\/comunicacao\/wp-content\/uploads\/sites\/9\/2017\/05\/OC312-Linguagem-Cientifica.pdf\">OC312 &#8211; Linguagem Cientifica<\/a><br \/>\n<a href=\"https:\/\/sacod.ufpr.br\/comunicacao\/wp-content\/uploads\/sites\/9\/2017\/05\/OC327-Linguagem-Publicit\u00e1ria.pdf\">OC327 &#8211; Linguagem Publicit\u00e1ria<\/a><br \/>\n<a href=\"https:\/\/sacod.ufpr.br\/comunicacao\/wp-content\/uploads\/sites\/9\/2017\/05\/OC328-Mercado-e-Agroneg\u00f3cio.pdf\">OC328 &#8211; Mercado e Agroneg\u00f3cio<\/a><br \/>\n<a href=\"https:\/\/sacod.ufpr.br\/comunicacao\/wp-content\/uploads\/sites\/9\/2017\/05\/OC329-M\u00eddia-e-Sociedade.pdf\">OC329 &#8211; M\u00eddia e Sociedade<\/a><br \/>\n<a href=\"https:\/\/sacod.ufpr.br\/comunicacao\/wp-content\/uploads\/sites\/9\/2017\/05\/OC330-Comunica\u00e7\u00e3o-Empressarial.pdf\">OC330 &#8211; Comunica\u00e7\u00e3o Empressarial<\/a><br \/>\n<a href=\"https:\/\/sacod.ufpr.br\/comunicacao\/wp-content\/uploads\/sites\/9\/2017\/05\/OC331-M\u00eddia-e-Meio-Ambiente.pdf\">OC331 &#8211; M\u00eddia e Meio Ambiente<\/a><br \/>\n<a href=\"https:\/\/sacod.ufpr.br\/comunicacao\/wp-content\/uploads\/sites\/9\/2017\/05\/OC334-Semi\u00f3tica-e-Publicidade.pdf\">OC334 &#8211; Semi\u00f3tica e Publicidade<\/a><br \/>\n<a href=\"https:\/\/sacod.ufpr.br\/comunicacao\/wp-content\/uploads\/sites\/9\/2017\/05\/OC335-Antropologia-do-Consumo.pdf\">OC335 &#8211; Antropologia do Consumo<\/a><br \/>\n<a href=\"https:\/\/sacod.ufpr.br\/comunicacao\/wp-content\/uploads\/sites\/9\/2017\/05\/OC336-Comunica\u00e7\u00e3o-e-Entretenimento.pdf\">OC336 &#8211; Comunica\u00e7\u00e3o e Entretenimento<\/a><br \/>\n<a href=\"https:\/\/sacod.ufpr.br\/comunicacao\/wp-content\/uploads\/sites\/9\/2017\/05\/OC337-comunica\u00e7\u00e3o-e-Literatura.pdf\">OC337 &#8211; comunica\u00e7\u00e3o e Literatura<\/a><br \/>\n<a href=\"https:\/\/sacod.ufpr.br\/comunicacao\/wp-content\/uploads\/sites\/9\/2017\/05\/OC351-T\u00f3picos-Especiais-em-RP-I.pdf\">OC351 &#8211; T\u00f3picos Especiais em RP I<\/a><br \/>\n<a href=\"https:\/\/sacod.ufpr.br\/comunicacao\/wp-content\/uploads\/sites\/9\/2017\/05\/OC352-T\u00f3picos-Especiais-em-RP-II.pdf\">OC352 &#8211; T\u00f3picos Especiais em RP II<\/a><br \/>\n<a href=\"https:\/\/sacod.ufpr.br\/comunicacao\/wp-content\/uploads\/sites\/9\/2017\/05\/OC353-T\u00f3picos-Especiais-em-RP-III.pdf\">OC353 &#8211; T\u00f3picos Especiais em RP III<\/a><br \/>\n<a href=\"https:\/\/sacod.ufpr.br\/comunicacao\/wp-content\/uploads\/sites\/9\/2017\/05\/OC354-T\u00f3picos-Especiais-em-RP-IV.pdf\">OC354 &#8211; T\u00f3picos Especiais em RP IV<\/a><br \/>\n<a href=\"https:\/\/sacod.ufpr.br\/comunicacao\/wp-content\/uploads\/sites\/9\/2017\/05\/OC355-T\u00f3picos-Especiais-em-RP-V.pdf\">OC355 &#8211; T\u00f3picos Especiais em RP V<\/a><br \/>\n<a href=\"https:\/\/sacod.ufpr.br\/comunicacao\/wp-content\/uploads\/sites\/9\/2017\/05\/OC356-T\u00f3picos-Especiais-em-RP-VI.pdf\">OC356 &#8211; T\u00f3picos Especiais em RP VI<\/a><br \/>\n<a href=\"https:\/\/sacod.ufpr.br\/comunicacao\/wp-content\/uploads\/sites\/9\/2017\/05\/OC357-T\u00f3picos-Especiais-em-RP-VII.pdf\">OC357 &#8211; T\u00f3picos Especiais em RP VII<\/a><br \/>\n<a href=\"https:\/\/sacod.ufpr.br\/comunicacao\/wp-content\/uploads\/sites\/9\/2017\/05\/OC358-T\u00f3picos-Especiais-em-RP-VIII.pdf\">OC358 &#8211; T\u00f3picos Especiais em RP VIII<\/a><\/p>\n","protected":false},"excerpt":{"rendered":"<p>HH300 &#8211; Historia Contemporanea LIB037 &#8211; Comunica\u00e7\u00e3o em L\u00edngua Brasileira de Sinais &#8211; LIBRAS OC002 &#8211; Fundamentos de Comunica\u00e7\u00e3o Sonora OC003 &#8211; Fundamentos da Fotografia OC004 &#8211; Economia Politica da Comunica\u00e7\u00e3o OC005 &#8211; Oficina de Reda\u00e7\u00e3o OC006 &#8211; Leituras em Filosofia OC007 &#8211; Introdu\u00e7\u00e3o ao Jornalismo OC008 &#8211; Reda\u00e7\u00e3o Jornalistica I OC009 &#8211; Fundamentos de [&hellip;]<\/p>\n","protected":false},"author":7,"featured_media":0,"parent":1732,"menu_order":0,"comment_status":"closed","ping_status":"closed","template":"","meta":{"_acf_changed":false,"ngg_post_thumbnail":0,"footnotes":""},"class_list":["post-1910","page","type-page","status-publish","hentry"],"acf":[],"_links":{"self":[{"href":"https:\/\/sacod.ufpr.br\/comunicacao\/wp-json\/wp\/v2\/pages\/1910","targetHints":{"allow":["GET"]}}],"collection":[{"href":"https:\/\/sacod.ufpr.br\/comunicacao\/wp-json\/wp\/v2\/pages"}],"about":[{"href":"https:\/\/sacod.ufpr.br\/comunicacao\/wp-json\/wp\/v2\/types\/page"}],"author":[{"embeddable":true,"href":"https:\/\/sacod.ufpr.br\/comunicacao\/wp-json\/wp\/v2\/users\/7"}],"replies":[{"embeddable":true,"href":"https:\/\/sacod.ufpr.br\/comunicacao\/wp-json\/wp\/v2\/comments?post=1910"}],"version-history":[{"count":4,"href":"https:\/\/sacod.ufpr.br\/comunicacao\/wp-json\/wp\/v2\/pages\/1910\/revisions"}],"predecessor-version":[{"id":2041,"href":"https:\/\/sacod.ufpr.br\/comunicacao\/wp-json\/wp\/v2\/pages\/1910\/revisions\/2041"}],"up":[{"embeddable":true,"href":"https:\/\/sacod.ufpr.br\/comunicacao\/wp-json\/wp\/v2\/pages\/1732"}],"wp:attachment":[{"href":"https:\/\/sacod.ufpr.br\/comunicacao\/wp-json\/wp\/v2\/media?parent=1910"}],"curies":[{"name":"wp","href":"https:\/\/api.w.org\/{rel}","templated":true}]}}