{"id":183,"date":"2012-04-26T19:40:34","date_gmt":"2012-04-26T19:40:34","guid":{"rendered":"https:\/\/sacod.ufpr.br\/comunicacao\/?page_id=183"},"modified":"2017-05-22T11:33:09","modified_gmt":"2017-05-22T14:33:09","slug":"links","status":"publish","type":"page","link":"https:\/\/sacod.ufpr.br\/comunicacao\/curso-de-comunicacao-social-2\/links\/","title":{"rendered":"Links"},"content":{"rendered":"<p>Secret\u00e1ria dos \u00f3rg\u00e3os Colegiados<br \/>\n<a href=\"http:\/\/www.ufpr.br\/soc\/\">http:\/\/www.ufpr.br\/soc\/<\/a><\/p>\n<p>Coordena\u00e7\u00e3o Geral de Est\u00e1gio<br \/>\n<a href=\"http:\/\/www.estagios.ufpr.br\/\">http:\/\/www.estagios.ufpr.br\/<\/a><\/p>\n<p>NAA<br \/>\n<a href=\"http:\/\/www.prograd.ufpr.br\/naa\/index.php\">http:\/\/www.prograd.ufpr.br\/naa\/index.php<\/a><\/p>\n<p>Interc\u00e2mbio e Mobilidade Acad\u00eamica<br \/>\n<a href=\"http:\/\/www.internacional.ufpr.br\/\">http:\/\/www.internacional.ufpr.br\/<\/a><\/p>\n<p>Jornal Comunica\u00e7\u00e3o on line<br \/>\n<a href=\"http:\/\/www.jornalcomunicacao.ufpr.br\/\">http:\/\/www.jornalcomunicacao.ufpr.br\/<\/a><\/p>\n<p>TV UFPR<br \/>\n<a href=\"http:\/\/www.tv.ufpr.br\/\">http:\/\/www.tv.ufpr.br\/<\/a><\/p>\n<p>Radio UFPR<br \/>\n<a href=\"http:\/\/www.radio.ufpr.br\/\">http:\/\/www.radio.ufpr.br\/<\/a><\/p>\n<p>Fabrica de Comunica\u00e7\u00e3o<br \/>\n<a href=\"http:\/\/fabricaufpr.blogspot.com.br\/\">http:\/\/fabricaufpr.blogspot.com.br\/<\/a><\/p>\n<p>Prattica<br \/>\n<a href=\"http:\/\/repensandonaprattica.blogspot.com.br\/\">http:\/\/repensandonaprattica.blogspot.com.br\/<\/a><\/p>\n<p>&nbsp;<\/p>\n<p>&nbsp;<\/p>\n","protected":false},"excerpt":{"rendered":"<p>Secret\u00e1ria dos \u00f3rg\u00e3os Colegiados http:\/\/www.ufpr.br\/soc\/ Coordena\u00e7\u00e3o Geral de Est\u00e1gio http:\/\/www.estagios.ufpr.br\/ NAA http:\/\/www.prograd.ufpr.br\/naa\/index.php Interc\u00e2mbio e Mobilidade Acad\u00eamica http:\/\/www.internacional.ufpr.br\/ Jornal Comunica\u00e7\u00e3o on line http:\/\/www.jornalcomunicacao.ufpr.br\/ TV UFPR http:\/\/www.tv.ufpr.br\/ Radio UFPR http:\/\/www.radio.ufpr.br\/ Fabrica de Comunica\u00e7\u00e3o http:\/\/fabricaufpr.blogspot.com.br\/ Prattica http:\/\/repensandonaprattica.blogspot.com.br\/ &nbsp; &nbsp;<\/p>\n","protected":false},"author":7,"featured_media":0,"parent":1656,"menu_order":0,"comment_status":"open","ping_status":"open","template":"","meta":{"_acf_changed":false,"ngg_post_thumbnail":0,"footnotes":""},"class_list":["post-183","page","type-page","status-publish","hentry"],"acf":[],"_links":{"self":[{"href":"https:\/\/sacod.ufpr.br\/comunicacao\/wp-json\/wp\/v2\/pages\/183","targetHints":{"allow":["GET"]}}],"collection":[{"href":"https:\/\/sacod.ufpr.br\/comunicacao\/wp-json\/wp\/v2\/pages"}],"about":[{"href":"https:\/\/sacod.ufpr.br\/comunicacao\/wp-json\/wp\/v2\/types\/page"}],"author":[{"embeddable":true,"href":"https:\/\/sacod.ufpr.br\/comunicacao\/wp-json\/wp\/v2\/users\/7"}],"replies":[{"embeddable":true,"href":"https:\/\/sacod.ufpr.br\/comunicacao\/wp-json\/wp\/v2\/comments?post=183"}],"version-history":[{"count":2,"href":"https:\/\/sacod.ufpr.br\/comunicacao\/wp-json\/wp\/v2\/pages\/183\/revisions"}],"predecessor-version":[{"id":476,"href":"https:\/\/sacod.ufpr.br\/comunicacao\/wp-json\/wp\/v2\/pages\/183\/revisions\/476"}],"up":[{"embeddable":true,"href":"https:\/\/sacod.ufpr.br\/comunicacao\/wp-json\/wp\/v2\/pages\/1656"}],"wp:attachment":[{"href":"https:\/\/sacod.ufpr.br\/comunicacao\/wp-json\/wp\/v2\/media?parent=183"}],"curies":[{"name":"wp","href":"https:\/\/api.w.org\/{rel}","templated":true}]}}

<p>Secretária dos órgãos Colegiados<br />
<a href="http://www.ufpr.br/soc/">http://www.ufpr.br/soc/</a></p>
<p>Coordenação Geral de Estágio<br />
<a href="http://www.estagios.ufpr.br/">http://www.estagios.ufpr.br/</a></p>
<p>NAA<br />
<a href="http://www.prograd.ufpr.br/naa/index.php">http://www.prograd.ufpr.br/naa/index.php</a></p>
<p>Intercâmbio e Mobilidade Acadêmica<br />
<a href="http://www.internacional.ufpr.br/">http://www.internacional.ufpr.br/</a></p>
<p>Jornal Comunicação on line<br />
<a href="http://www.jornalcomunicacao.ufpr.br/">http://www.jornalcomunicacao.ufpr.br/</a></p>
<p>TV UFPR<br />
<a href="http://www.tv.ufpr.br/">http://www.tv.ufpr.br/</a></p>
<p>Radio UFPR<br />
<a href="http://www.radio.ufpr.br/">http://www.radio.ufpr.br/</a></p>
<p>Fabrica de Comunicação<br />
<a href="http://fabricaufpr.blogspot.com.br/">http://fabricaufpr.blogspot.com.br/</a></p>
<p>Prattica<br />
<a href="http://repensandonaprattica.blogspot.com.br/">http://repensandonaprattica.blogspot.com.br/</a></p>
<p>&nbsp;</p>
<p>&nbsp;</p>

<p>Secretária dos órgãos Colegiados http://www.ufpr.br/soc/ Coordenação Geral de Estágio http://www.estagios.ufpr.br/ NAA http://www.prograd.ufpr.br/naa/index.php Intercâmbio e Mobilidade Acadêmica http://www.internacional.ufpr.br/ Jornal Comunicação on line http://www.jornalcomunicacao.ufpr.br/ TV UFPR http://www.tv.ufpr.br/ Radio UFPR http://www.radio.ufpr.br/ Fabrica de Comunicação http://fabricaufpr.blogspot.com.br/ Prattica http://repensandonaprattica.blogspot.com.br/ &nbsp; &nbsp;</p>
