{"id":1811,"date":"2017-05-04T10:54:49","date_gmt":"2017-05-04T13:54:49","guid":{"rendered":"https:\/\/sacod.ufpr.br\/comunicacao\/?page_id=1811"},"modified":"2017-05-22T10:44:52","modified_gmt":"2017-05-22T13:44:52","slug":"167a-ementas","status":"publish","type":"page","link":"https:\/\/sacod.ufpr.br\/comunicacao\/curso-de-jornalismo\/167a-ementas\/","title":{"rendered":"Ementas do curso de Jornalismo"},"content":{"rendered":"<p><a href=\"https:\/\/sacod.ufpr.br\/comunicacao\/wp-content\/uploads\/sites\/9\/2017\/05\/HH300-Hist\u00f3ria-Contempor\u00e2nea-1.pdf\">HH300 &#8211; Hist\u00f3ria Contempor\u00e2nea<\/a><br \/>\n<a href=\"https:\/\/sacod.ufpr.br\/comunicacao\/wp-content\/uploads\/sites\/9\/2017\/05\/LIB037-Comunica\u00e7\u00e3o-em-L\u00edngua-Brasileira-de-Sinais-LIBRAS-2.pdf\">LIB037 &#8211; Comunica\u00e7\u00e3o em L\u00edngua Brasileira de Sinais &#8211; LIBRAS<\/a><br \/>\n<a href=\"https:\/\/sacod.ufpr.br\/comunicacao\/wp-content\/uploads\/sites\/9\/2017\/05\/OC002-Fundamentos-de-comunica\u00e7\u00e3o-sonora-1.pdf\">OC002 &#8211; Fundamentos de comunica\u00e7\u00e3o sonora<\/a><br \/>\n<a href=\"https:\/\/sacod.ufpr.br\/comunicacao\/wp-content\/uploads\/sites\/9\/2017\/05\/OC003-Fundamentos-de-fotografia-1.pdf\">OC003 &#8211; Fundamentos de fotografia<\/a><br \/>\n<a href=\"https:\/\/sacod.ufpr.br\/comunicacao\/wp-content\/uploads\/sites\/9\/2017\/05\/OC004-Economia-Pol\u00edtica-da-Comunica\u00e7\u00e3o-1.pdf\">OC004 &#8211; Economia Pol\u00edtica da Comunica\u00e7\u00e3o<\/a><br \/>\n<a href=\"https:\/\/sacod.ufpr.br\/comunicacao\/wp-content\/uploads\/sites\/9\/2017\/05\/OC005-Oficina-de-reda\u00e7\u00e3o-I-1.pdf\">OC005 &#8211; Oficina de reda\u00e7\u00e3o I<\/a><br \/>\n<a href=\"https:\/\/sacod.ufpr.br\/comunicacao\/wp-content\/uploads\/sites\/9\/2017\/05\/OC006-Leituras-em-filosofia-1.pdf\">OC006 &#8211; Leituras em filosofia<\/a><br \/>\n<a href=\"https:\/\/sacod.ufpr.br\/comunicacao\/wp-content\/uploads\/sites\/9\/2017\/05\/OC007-Introdu\u00e7\u00e3o-ao-jornalismo-1.pdf\">OC007 &#8211; Introdu\u00e7\u00e3o ao jornalismo<\/a><br \/>\n<a href=\"https:\/\/sacod.ufpr.br\/comunicacao\/wp-content\/uploads\/sites\/9\/2017\/05\/OC008-Reda\u00e7\u00e3o-jornal\u00edstica-1-1.pdf\">OC008 &#8211; Reda\u00e7\u00e3o jornal\u00edstica 1<\/a><br \/>\n<a href=\"https:\/\/sacod.ufpr.br\/comunicacao\/wp-content\/uploads\/sites\/9\/2017\/05\/OC009-Fundamentos-de-comunica\u00e7\u00e3o-audiovisual-1.pdf\">OC009 &#8211; Fundamentos de comunica\u00e7\u00e3o audiovisual<\/a><br \/>\n<a href=\"https:\/\/sacod.ufpr.br\/comunicacao\/wp-content\/uploads\/sites\/9\/2017\/05\/OC010-Fundamentos-de-comunica\u00e7\u00e3o-visual-1.pdf\">OC010 &#8211; Fundamentos de comunica\u00e7\u00e3o visual<\/a><br \/>\n<a href=\"https:\/\/sacod.ufpr.br\/comunicacao\/wp-content\/uploads\/sites\/9\/2017\/05\/OC022-Laborat\u00f3rio-Fotogr\u00e1fico-I-1.pdf\">OC022 &#8211; Laborat\u00f3rio Fotogr\u00e1fico I<\/a><br \/>\n<a href=\"https:\/\/sacod.ufpr.br\/comunicacao\/wp-content\/uploads\/sites\/9\/2017\/05\/OC023-Laborat\u00f3rio-Fotogr\u00e1fico-II-1.pdf\">OC023 &#8211; Laborat\u00f3rio Fotogr\u00e1fico II<\/a><br \/>\n<a href=\"https:\/\/sacod.ufpr.br\/comunicacao\/wp-content\/uploads\/sites\/9\/2017\/05\/OC024-Laborat\u00f3rio-Fotogr\u00e1fico-III-1.pdf\">OC024 &#8211; Laborat\u00f3rio Fotogr\u00e1fico III<\/a><br \/>\n<a href=\"https:\/\/sacod.ufpr.br\/comunicacao\/wp-content\/uploads\/sites\/9\/2017\/05\/OC027-Hist\u00f3ria-da-Comunica\u00e7\u00e3o-Social-1.pdf\">OC027 &#8211; Hist\u00f3ria da Comunica\u00e7\u00e3o Social<\/a><br \/>\n<a href=\"https:\/\/sacod.ufpr.br\/comunicacao\/wp-content\/uploads\/sites\/9\/2017\/05\/OC028-Leituras-em-sociologia-1.pdf\">OC028 &#8211; Leituras em sociologia<\/a><br \/>\n<a href=\"https:\/\/sacod.ufpr.br\/comunicacao\/wp-content\/uploads\/sites\/9\/2017\/05\/OC029-Reda\u00e7\u00e3o-Jornal\u00edstica-II-2.pdf\">OC029 &#8211; Reda\u00e7\u00e3o Jornal\u00edstica II<\/a><br \/>\n<a href=\"https:\/\/sacod.ufpr.br\/comunicacao\/wp-content\/uploads\/sites\/9\/2017\/05\/OC030-Comunica\u00e7\u00e3o-e-Mercado-3.pdf\">OC030 &#8211; Comunica\u00e7\u00e3o e Mercado<\/a><br \/>\n<a href=\"https:\/\/sacod.ufpr.br\/comunicacao\/wp-content\/uploads\/sites\/9\/2017\/05\/OC31-T\u00f3picos-Especiais-em-Teoria-da-Comunica\u00e7\u00e3o-I-1.pdf\">OC031 &#8211; T\u00f3picos Especiais em Teoria da Comunica\u00e7\u00e3o I<\/a><br \/>\n<a href=\"https:\/\/sacod.ufpr.br\/comunicacao\/wp-content\/uploads\/sites\/9\/2017\/05\/OC32-T\u00f3picos-Especiais-em-Teoria-da-Comunica\u00e7\u00e3o-II-1.pdf\">OC032 &#8211; T\u00f3picos Especiais em Teoria da Comunica\u00e7\u00e3o II<\/a><br \/>\n<a href=\"https:\/\/sacod.ufpr.br\/comunicacao\/wp-content\/uploads\/sites\/9\/2017\/05\/OC33-T\u00f3picos-Especiais-em-Teoria-da-Comunica\u00e7\u00e3o-III-1.pdf\">OC033 &#8211; T\u00f3picos Especiais em Teoria da Comunica\u00e7\u00e3o III<\/a><br \/>\n<a href=\"https:\/\/sacod.ufpr.br\/comunicacao\/wp-content\/uploads\/sites\/9\/2017\/05\/OC34-T\u00f3picos-Especiais-em-Teoria-da-Comunica\u00e7\u00e3o-IV-1.pdf\">OC034 &#8211; T\u00f3picos Especiais em Teoria da Comunica\u00e7\u00e3o IV<\/a><br \/>\n<a href=\"https:\/\/sacod.ufpr.br\/comunicacao\/wp-content\/uploads\/sites\/9\/2017\/05\/OC35-T\u00f3picos-Especiais-em-Teoria-da-Comunica\u00e7\u00e3o-V-1.pdf\">OC035 &#8211; T\u00f3picos Especiais em Teoria da Comunica\u00e7\u00e3o V<\/a><br \/>\n<a href=\"https:\/\/sacod.ufpr.br\/comunicacao\/wp-content\/uploads\/sites\/9\/2017\/05\/OC36-T\u00f3picos-Especiais-em-Teoria-da-Comunica\u00e7\u00e3o-VI-1.pdf\">OC036 &#8211; T\u00f3picos Especiais em Teoria da Comunica\u00e7\u00e3o VI<\/a><br \/>\n<a href=\"https:\/\/sacod.ufpr.br\/comunicacao\/wp-content\/uploads\/sites\/9\/2017\/05\/OC37-T\u00f3picos-Especiais-em-Teoria-da-Comunica\u00e7\u00e3o-VII-1.pdf\">OC037\u00a0&#8211; T\u00f3picos Especiais em Teoria da Comunica\u00e7\u00e3o VII<\/a><br \/>\n<a href=\"https:\/\/sacod.ufpr.br\/comunicacao\/wp-content\/uploads\/sites\/9\/2017\/05\/OC38-T\u00f3picos-Especiais-em-Teoria-da-Comunica\u00e7\u00e3o-VIII-1.pdf\">OC038 &#8211; T\u00f3picos Especiais em Teoria da Comunica\u00e7\u00e3o VIII<\/a><br \/>\n<a href=\"https:\/\/sacod.ufpr.br\/comunicacao\/wp-content\/uploads\/sites\/9\/2017\/05\/OC39-T\u00f3picos-Especiais-em-Teoria-da-Comunica\u00e7\u00e3o-IX-1.pdf\">OC039 &#8211; T\u00f3picos Especiais em Teoria da Comunica\u00e7\u00e3o IX<\/a><br \/>\n<a href=\"https:\/\/sacod.ufpr.br\/comunicacao\/wp-content\/uploads\/sites\/9\/2017\/05\/OC042-Radiojornalismo-1.pdf\">OC042 &#8211; Radiojornalismo<\/a><br \/>\n<a href=\"https:\/\/sacod.ufpr.br\/comunicacao\/wp-content\/uploads\/sites\/9\/2017\/05\/OC043-Laborat\u00f3rio-de-Jornalismo-I-web-1.pdf\">OC043 &#8211; Laborat\u00f3rio de Jornalismo I &#8211; web<\/a><br \/>\n<a href=\"https:\/\/sacod.ufpr.br\/comunicacao\/wp-content\/uploads\/sites\/9\/2017\/05\/OC044-T\u00e9cnicas-Avan\u00e7adas-em-Novas-M\u00eddias-1.pdf\">OC044 &#8211; T\u00e9cnicas Avan\u00e7adas em Novas M\u00eddias<\/a><br \/>\n<a href=\"https:\/\/sacod.ufpr.br\/comunicacao\/wp-content\/uploads\/sites\/9\/2017\/05\/OC045-T\u00e9cnicas-Avan\u00e7adas-de-R\u00e1dio-1.pdf\">OC045 &#8211; T\u00e9cnicas Avan\u00e7adas de R\u00e1dio<\/a><br \/>\n<a href=\"https:\/\/sacod.ufpr.br\/comunicacao\/wp-content\/uploads\/sites\/9\/2017\/05\/OC046-Fotojornalismo-1.pdf\">OC046 &#8211; Fotojornalismo<\/a><br \/>\n<a href=\"https:\/\/sacod.ufpr.br\/comunicacao\/wp-content\/uploads\/sites\/9\/2017\/05\/OC047-T\u00e9cnicas-Avan\u00e7adas-de-TV-1.pdf\">OC047 &#8211; T\u00e9cnicas Avan\u00e7adas de TV<\/a><br \/>\n<a href=\"https:\/\/sacod.ufpr.br\/comunicacao\/wp-content\/uploads\/sites\/9\/2017\/05\/OC048-Comunica\u00e7\u00e3o-e-Politica-1.pdf\">OC048 &#8211; Comunica\u00e7\u00e3o e Politica<\/a><br \/>\n<a href=\"https:\/\/sacod.ufpr.br\/comunicacao\/wp-content\/uploads\/sites\/9\/2017\/05\/OC049-Comunica\u00e7\u00e3o-e-G\u00eanero.pdf\">OC049 &#8211; Comunica\u00e7\u00e3o e G\u00eanero<\/a><br \/>\n<a href=\"https:\/\/sacod.ufpr.br\/comunicacao\/wp-content\/uploads\/sites\/9\/2017\/05\/OC050-T\u00f3picos-Especiais-em-Comunica\u00e7\u00e3o-e-Tecnologia-1.pdf\">OC050 &#8211; T\u00f3picos Especiais em Comunica\u00e7\u00e3o e Tecnologia<\/a><br \/>\n<a href=\"https:\/\/sacod.ufpr.br\/comunicacao\/wp-content\/uploads\/sites\/9\/2017\/05\/OC051-T\u00f3picos-Especiais-em-Comunica\u00e7\u00e3o-sociedade-e-Cultura-1.pdf\">OC051 &#8211; T\u00f3picos Especiais em Comunica\u00e7\u00e3o, sociedade e Cultura<\/a><br \/>\n<a href=\"https:\/\/sacod.ufpr.br\/comunicacao\/wp-content\/uploads\/sites\/9\/2017\/05\/OC053-Comunica\u00e7\u00e3o-e-Sa\u00fade-1.pdf\">OC053 &#8211; Comunica\u00e7\u00e3o e Sa\u00fade<\/a><br \/>\n<a href=\"https:\/\/sacod.ufpr.br\/comunicacao\/wp-content\/uploads\/sites\/9\/2017\/05\/OC054-Comunica\u00e7\u00e3o-e-Hist\u00f3ria.pdf\">OC054 &#8211; Comunica\u00e7\u00e3o e Hist\u00f3ria<\/a><br \/>\n<a href=\"https:\/\/sacod.ufpr.br\/comunicacao\/wp-content\/uploads\/sites\/9\/2017\/05\/OC055-T\u00f3picos-Especiais-em-Comunica\u00e7\u00e3o-e-Linguagem-2.pdf\">OC055 &#8211; T\u00f3picos Especiais em Comunica\u00e7\u00e3o e Linguagem<\/a><br \/>\n<a href=\"https:\/\/sacod.ufpr.br\/comunicacao\/wp-content\/uploads\/sites\/9\/2017\/05\/OC056-Comunica\u00e7\u00e3o-e-Educa\u00e7\u00e3o-1.pdf\">OC056 &#8211; Comunica\u00e7\u00e3o e Educa\u00e7\u00e3o<\/a><br \/>\n<a href=\"https:\/\/sacod.ufpr.br\/comunicacao\/wp-content\/uploads\/sites\/9\/2017\/05\/OC057-Teoria-da-Comunica\u00e7\u00e3o-I-1.pdf\">OC057 &#8211; Teoria da Comunica\u00e7\u00e3o I<\/a><br \/>\n<a href=\"https:\/\/sacod.ufpr.br\/comunicacao\/wp-content\/uploads\/sites\/9\/2017\/05\/OC058-Antrpologia-Comunica\u00e7\u00e3o-e-cultura-1.pdf\">OC058 &#8211; Antrpologia Comunica\u00e7\u00e3o e cultura<\/a><br \/>\n<a href=\"https:\/\/sacod.ufpr.br\/comunicacao\/wp-content\/uploads\/sites\/9\/2017\/05\/OC059-Ci\u00eancias-Sociais-e-Comunica\u00e7\u00e3o-2.pdf\">OC059 &#8211; Ci\u00eancias Sociais e Comunica\u00e7\u00e3o<\/a><br \/>\n<a href=\"https:\/\/sacod.ufpr.br\/comunicacao\/wp-content\/uploads\/sites\/9\/2017\/05\/OC060-Telejornalismo-1.pdf\">OC060 &#8211; Telejornalismo<\/a><br \/>\n<a href=\"https:\/\/sacod.ufpr.br\/comunicacao\/wp-content\/uploads\/sites\/9\/2017\/05\/OC061-Laborat\u00f3rio-de-Jornalismo-II-\u2013-web-e-impresso-1.pdf\">OC061 &#8211; Laborat\u00f3rio de Jornalismo II \u2013 web e impresso<\/a><br \/>\n<a href=\"https:\/\/sacod.ufpr.br\/comunicacao\/wp-content\/uploads\/sites\/9\/2017\/05\/OC062-Laborat\u00f3rio-de-Radiojornalismo-I-1.pdf\">OC062 &#8211; Laborat\u00f3rio de Radiojornalismo I<\/a><br \/>\n<a href=\"https:\/\/sacod.ufpr.br\/comunicacao\/wp-content\/uploads\/sites\/9\/2017\/05\/OC063-Reda\u00e7\u00e3o-Jornal\u00edstica-III-1.pdf\">OC063 &#8211; Reda\u00e7\u00e3o Jornal\u00edstica III<\/a><br \/>\n<a href=\"https:\/\/sacod.ufpr.br\/comunicacao\/wp-content\/uploads\/sites\/9\/2017\/05\/OC064-Comunica\u00e7\u00e3o-e-Linguagem-2.pdf\">OC064 &#8211; Comunica\u00e7\u00e3o e Linguagem<\/a><br \/>\n<a href=\"https:\/\/sacod.ufpr.br\/comunicacao\/wp-content\/uploads\/sites\/9\/2017\/05\/OC065-Pesquisa-em-Comunica\u00e7\u00e3o-I-2.pdf\">OC065 &#8211; Pesquisa em Comunica\u00e7\u00e3o I<\/a><br \/>\n<a href=\"https:\/\/sacod.ufpr.br\/comunicacao\/wp-content\/uploads\/sites\/9\/2017\/05\/OC066-Hist\u00f3ria-da-Arte-2.pdf\">OC066 &#8211; Hist\u00f3ria da Arte<\/a><br \/>\n<a href=\"https:\/\/sacod.ufpr.br\/comunicacao\/wp-content\/uploads\/sites\/9\/2017\/05\/OC067-Teorias-do-Jornalismo-I-1.pdf\">OC067 &#8211; Teorias do Jornalismo I<\/a><br \/>\n<a href=\"https:\/\/sacod.ufpr.br\/comunicacao\/wp-content\/uploads\/sites\/9\/2017\/05\/OC068-Laborat\u00f3rio-de-Radiojornalismo-II-1.pdf\">OC068 &#8211; Laborat\u00f3rio de Radiojornalismo II<\/a><br \/>\n<a href=\"https:\/\/sacod.ufpr.br\/comunicacao\/wp-content\/uploads\/sites\/9\/2017\/05\/OC069-Laborat\u00f3rio-de-Telejornalismo-I-1.pdf\">OC069 &#8211; Laborat\u00f3rio de Telejornalismo I<\/a><br \/>\n<a href=\"https:\/\/sacod.ufpr.br\/comunicacao\/wp-content\/uploads\/sites\/9\/2017\/05\/OC070-Laborat\u00f3rio-de-Jornalismo-III-\u2013-Impresso-e-revista-1.pdf\">OC070 &#8211; Laborat\u00f3rio de Jornalismo III \u2013 Impresso e revista<\/a><br \/>\n<a href=\"https:\/\/sacod.ufpr.br\/comunicacao\/wp-content\/uploads\/sites\/9\/2017\/05\/OC071-Comunica\u00e7\u00e3o-e-Tecnologia-2.pdf\">OC071 &#8211; Comunica\u00e7\u00e3o e Tecnologia<\/a><br \/>\n<a href=\"https:\/\/sacod.ufpr.br\/comunicacao\/wp-content\/uploads\/sites\/9\/2017\/05\/OC072-Pesquisa-em-Comunica\u00e7\u00e3o-II-2.pdf\">OC072 &#8211; Pesquisa em Comunica\u00e7\u00e3o II<\/a><br \/>\n<a href=\"https:\/\/sacod.ufpr.br\/comunicacao\/wp-content\/uploads\/sites\/9\/2017\/05\/OC073-Comunica\u00e7\u00e3o-e-Cidadania-2.pdf\">OC073 &#8211; Comunica\u00e7\u00e3o e Cidadania<\/a><br \/>\n<a href=\"https:\/\/sacod.ufpr.br\/comunicacao\/wp-content\/uploads\/sites\/9\/2017\/05\/OC074-Teorias-do-Jornalismo-II-1.pdf\">OC074 &#8211; Teorias do Jornalismo II<\/a><br \/>\n<a href=\"https:\/\/sacod.ufpr.br\/comunicacao\/wp-content\/uploads\/sites\/9\/2017\/05\/OC075-Projeto-editorial-e-gr\u00e1fico-1.pdf\">OC075 &#8211; Projeto editorial e gr\u00e1fico<\/a><br \/>\n<a href=\"https:\/\/sacod.ufpr.br\/comunicacao\/wp-content\/uploads\/sites\/9\/2017\/05\/OC076-Jornalismo-investigativo-e-de-dados-1.pdf\">OC076 &#8211; Jornalismo investigativo e de dados<\/a><br \/>\n<a href=\"https:\/\/sacod.ufpr.br\/comunicacao\/wp-content\/uploads\/sites\/9\/2017\/05\/OC077-Projeto-de-assessoria-de-comunica\u00e7\u00e3o-1.pdf\">OC077 &#8211; Projeto de assessoria de comunica\u00e7\u00e3o<\/a><br \/>\n<a href=\"https:\/\/sacod.ufpr.br\/comunicacao\/wp-content\/uploads\/sites\/9\/2017\/05\/OC078-Laborat\u00f3rio-de-Telejornalismo-II-1.pdf\">OC078 &#8211; Laborat\u00f3rio de Telejornalismo II<\/a><br \/>\n<a href=\"https:\/\/sacod.ufpr.br\/comunicacao\/wp-content\/uploads\/sites\/9\/2017\/05\/OC079-Teoria-da-Comunica\u00e7\u00e3o-II-1.pdf\">OC079 &#8211; Teoria da Comunica\u00e7\u00e3o II<\/a><br \/>\n<a href=\"https:\/\/sacod.ufpr.br\/comunicacao\/wp-content\/uploads\/sites\/9\/2017\/05\/OC081-Comunica\u00e7\u00e3o-e-Educa\u00e7\u00e3o-2.pdf\">OC081 &#8211; Comunica\u00e7\u00e3o e Educa\u00e7\u00e3o<\/a><br \/>\n<a href=\"https:\/\/sacod.ufpr.br\/comunicacao\/wp-content\/uploads\/sites\/9\/2017\/05\/OC082-Semin\u00e1rio-de-pesquisa-pr\u00e9-projeto-em-jornalismo-1.pdf\">OC082 &#8211; Semin\u00e1rio de pesquisa pr\u00e9 projeto em jornalismo<\/a><br \/>\n<a href=\"https:\/\/sacod.ufpr.br\/comunicacao\/wp-content\/uploads\/sites\/9\/2017\/05\/OC083-Projeto-jornal\u00edstico-1.pdf\">OC083 &#8211; Projeto jornal\u00edstico<\/a><br \/>\n<a href=\"https:\/\/sacod.ufpr.br\/comunicacao\/wp-content\/uploads\/sites\/9\/2017\/05\/OC084-Laborat\u00f3rio-multim\u00eddia-de-jornalismo-I-1.pdf\">OC084 &#8211; Laborat\u00f3rio multim\u00eddia de jornalismo I<\/a><br \/>\n<a href=\"https:\/\/sacod.ufpr.br\/comunicacao\/wp-content\/uploads\/sites\/9\/2017\/05\/OC087-Laborat\u00f3rio-multim\u00eddia-de-jornalismo-II-1.pdf\">OC087 &#8211; Laborat\u00f3rio multim\u00eddia de jornalismo II<\/a><br \/>\n<a href=\"https:\/\/sacod.ufpr.br\/comunicacao\/wp-content\/uploads\/sites\/9\/2017\/05\/OC090-Comunica\u00e7\u00e3o-e-Politica-2.pdf\">OC090 &#8211; Comunica\u00e7\u00e3o e Politica<\/a><br \/>\n<a href=\"https:\/\/sacod.ufpr.br\/comunicacao\/wp-content\/uploads\/sites\/9\/2017\/05\/OC091-T\u00f3picos-Especiais-em-Teoria-do-Conhecimento-I-1.pdf\">OC091 &#8211; T\u00f3picos Especiais em Teoria do Conhecimento I<\/a><br \/>\n<a href=\"https:\/\/sacod.ufpr.br\/comunicacao\/wp-content\/uploads\/sites\/9\/2017\/05\/OC092-T\u00f3picos-Especiais-em-Teoria-do-Conhecimento-II-1.pdf\">OC092 &#8211; T\u00f3picos Especiais em Teoria do Conhecimento II<\/a><br \/>\n<a href=\"https:\/\/sacod.ufpr.br\/comunicacao\/wp-content\/uploads\/sites\/9\/2017\/05\/OC93-Comunica\u00e7\u00e3o-Popular-e-Alternativa-1.pdf\">OC093 &#8211; Comunica\u00e7\u00e3o Popular e Alternativa<\/a><br \/>\n<a href=\"https:\/\/sacod.ufpr.br\/comunicacao\/wp-content\/uploads\/sites\/9\/2017\/05\/OC094-Comunica\u00e7\u00e3o-e-Arte-2.pdf\">OC094 &#8211; Comunica\u00e7\u00e3o e Arte<\/a><br \/>\n<a href=\"https:\/\/sacod.ufpr.br\/comunicacao\/wp-content\/uploads\/sites\/9\/2017\/05\/OC095-Analise-do-Discurso.pdf\">OC095 &#8211; Analise do Discurso<\/a><br \/>\n<a href=\"https:\/\/sacod.ufpr.br\/comunicacao\/wp-content\/uploads\/sites\/9\/2017\/05\/OC096-Teoria-da-Interpreta\u00e7\u00e3o-1.pdf\">OC096 &#8211; Teoria da Interpreta\u00e7\u00e3o<\/a><br \/>\n<a href=\"https:\/\/sacod.ufpr.br\/comunicacao\/wp-content\/uploads\/sites\/9\/2017\/05\/OC097-Hist\u00f3ria-do-Cinema-2.pdf\">OC097 &#8211; Hist\u00f3ria do Cinema<\/a><br \/>\n<a href=\"https:\/\/sacod.ufpr.br\/comunicacao\/wp-content\/uploads\/sites\/9\/2017\/05\/OC098-Cinema-I-2.pdf\">OC098 &#8211; Cinema I<\/a><br \/>\n<a href=\"https:\/\/sacod.ufpr.br\/comunicacao\/wp-content\/uploads\/sites\/9\/2017\/05\/OC099-Cinema-II-1.pdf\">OC099 &#8211; Cinema II<\/a><br \/>\n<a href=\"https:\/\/sacod.ufpr.br\/comunicacao\/wp-content\/uploads\/sites\/9\/2017\/05\/OC100-Comunica\u00e7\u00e3o-e-Redes-urbanas-1.pdf\">OC100 &#8211; Comunica\u00e7\u00e3o e Redes urbanas<\/a><br \/>\n<a href=\"https:\/\/sacod.ufpr.br\/comunicacao\/wp-content\/uploads\/sites\/9\/2017\/05\/OC102-Foto-Institucional-1.pdf\">OC102 &#8211; Foto Institucional<\/a><br \/>\n<a href=\"https:\/\/sacod.ufpr.br\/comunicacao\/wp-content\/uploads\/sites\/9\/2017\/05\/OC105-Laborat\u00f3rio-Avan\u00e7ado-de-Radiojornalismo-I-1.pdf\">OC105 &#8211; Laborat\u00f3rio Avan\u00e7ado de Radiojornalismo I<\/a><br \/>\n<a href=\"https:\/\/sacod.ufpr.br\/comunicacao\/wp-content\/uploads\/sites\/9\/2017\/05\/OC106-Laborat\u00f3rio-Avan\u00e7adp-de-Radiojornalismo-II.pdf\">OC106 &#8211; Laborat\u00f3rio Avan\u00e7adp de Radiojornalismo II<\/a><br \/>\n<a href=\"https:\/\/sacod.ufpr.br\/comunicacao\/wp-content\/uploads\/sites\/9\/2017\/05\/OC108-Laborat\u00f3rio-Avan\u00e7ado-de-Telejornalismo-II-1.pdf\">OC108 &#8211; Laborat\u00f3rio Avan\u00e7ado de Telejornalismo II<\/a><br \/>\n<a href=\"https:\/\/sacod.ufpr.br\/comunicacao\/wp-content\/uploads\/sites\/9\/2017\/05\/OC109-Fotografia-Publicit\u00e1ria-1.pdf\">OC109 &#8211; Fotografia Publicit\u00e1ria<\/a><br \/>\n<a href=\"https:\/\/sacod.ufpr.br\/comunicacao\/wp-content\/uploads\/sites\/9\/2017\/05\/OC110-T\u00f3picos-Especiais-em-Teoria-do-Conhecimento-Meios-de-Comunica\u00e7\u00e3o-e-Continente-Africano-2.pdf\">OC110 &#8211; T\u00f3picos Especiais em Teoria do Conhecimento &#8211; Meios de Comunica\u00e7\u00e3o e Continente Africano<\/a><br \/>\n<a href=\"https:\/\/sacod.ufpr.br\/comunicacao\/wp-content\/uploads\/sites\/9\/2017\/05\/OC111-T\u00f3picos-Especiais-em-Teoria-do-Jornalismo-I-1.pdf\">OC111 &#8211; T\u00f3picos Especiais em Teoria do Jornalismo I<\/a><br \/>\n<a href=\"https:\/\/sacod.ufpr.br\/comunicacao\/wp-content\/uploads\/sites\/9\/2017\/05\/OC112-T\u00f3picos-Especiais-em-Teoria-do-Jornalismo-II-1.pdf\">OC112 &#8211; T\u00f3picos Especiais em Teoria do Jornalismo II<\/a><br \/>\n<a href=\"https:\/\/sacod.ufpr.br\/comunicacao\/wp-content\/uploads\/sites\/9\/2017\/05\/OC113-T\u00f3picos-Especiais-em-Teoria-do-Jornalismo-III-1.pdf\">OC113 &#8211; T\u00f3picos Especiais em Teoria do Jornalismo III<\/a><br \/>\n<a href=\"https:\/\/sacod.ufpr.br\/comunicacao\/wp-content\/uploads\/sites\/9\/2017\/05\/OC114-T\u00f3picos-Especiais-em-Teoria-do-Jornalismo-IV-1.pdf\">OC114 &#8211; T\u00f3picos Especiais em Teoria do Jornalismo IV<\/a><br \/>\n<a href=\"https:\/\/sacod.ufpr.br\/comunicacao\/wp-content\/uploads\/sites\/9\/2017\/05\/OC126-Document\u00e1rio-Audiovisual-I-1.pdf\">OC126 &#8211; Document\u00e1rio Audiovisual I<\/a><br \/>\n<a href=\"https:\/\/sacod.ufpr.br\/comunicacao\/wp-content\/uploads\/sites\/9\/2017\/05\/OC127-Document\u00e1rio-Audiovisual-II-1.pdf\">OC127 &#8211; Document\u00e1rio Audiovisual II<\/a><br \/>\n<a href=\"https:\/\/sacod.ufpr.br\/comunicacao\/wp-content\/uploads\/sites\/9\/2017\/05\/OC128-Produ\u00e7\u00e3o-de-Audiovisual-1.pdf\">OC128 &#8211; Produ\u00e7\u00e3o de Audiovisual<\/a><br \/>\n<a href=\"https:\/\/sacod.ufpr.br\/comunicacao\/wp-content\/uploads\/sites\/9\/2017\/05\/OC131-Assessoria-de-Imprensa-I-1.pdf\">OC131 &#8211; Assessoria de Imprensa I<\/a><\/p>\n","protected":false},"excerpt":{"rendered":"<p>HH300 &#8211; Hist\u00f3ria Contempor\u00e2nea LIB037 &#8211; Comunica\u00e7\u00e3o em L\u00edngua Brasileira de Sinais &#8211; LIBRAS OC002 &#8211; Fundamentos de comunica\u00e7\u00e3o sonora OC003 &#8211; Fundamentos de fotografia OC004 &#8211; Economia Pol\u00edtica da Comunica\u00e7\u00e3o OC005 &#8211; Oficina de reda\u00e7\u00e3o I OC006 &#8211; Leituras em filosofia OC007 &#8211; Introdu\u00e7\u00e3o ao jornalismo OC008 &#8211; Reda\u00e7\u00e3o jornal\u00edstica 1 OC009 &#8211; Fundamentos [&hellip;]<\/p>\n","protected":false},"author":7,"featured_media":0,"parent":1713,"menu_order":0,"comment_status":"closed","ping_status":"closed","template":"","meta":{"_acf_changed":false,"ngg_post_thumbnail":0,"footnotes":""},"class_list":["post-1811","page","type-page","status-publish","hentry"],"acf":[],"_links":{"self":[{"href":"https:\/\/sacod.ufpr.br\/comunicacao\/wp-json\/wp\/v2\/pages\/1811","targetHints":{"allow":["GET"]}}],"collection":[{"href":"https:\/\/sacod.ufpr.br\/comunicacao\/wp-json\/wp\/v2\/pages"}],"about":[{"href":"https:\/\/sacod.ufpr.br\/comunicacao\/wp-json\/wp\/v2\/types\/page"}],"author":[{"embeddable":true,"href":"https:\/\/sacod.ufpr.br\/comunicacao\/wp-json\/wp\/v2\/users\/7"}],"replies":[{"embeddable":true,"href":"https:\/\/sacod.ufpr.br\/comunicacao\/wp-json\/wp\/v2\/comments?post=1811"}],"version-history":[{"count":8,"href":"https:\/\/sacod.ufpr.br\/comunicacao\/wp-json\/wp\/v2\/pages\/1811\/revisions"}],"predecessor-version":[{"id":2139,"href":"https:\/\/sacod.ufpr.br\/comunicacao\/wp-json\/wp\/v2\/pages\/1811\/revisions\/2139"}],"up":[{"embeddable":true,"href":"https:\/\/sacod.ufpr.br\/comunicacao\/wp-json\/wp\/v2\/pages\/1713"}],"wp:attachment":[{"href":"https:\/\/sacod.ufpr.br\/comunicacao\/wp-json\/wp\/v2\/media?parent=1811"}],"curies":[{"name":"wp","href":"https:\/\/api.w.org\/{rel}","templated":true}]}}