{"id":1713,"date":"2017-02-08T10:23:36","date_gmt":"2017-02-08T13:23:36","guid":{"rendered":"https:\/\/sacod.ufpr.br\/comunicacao\/?page_id=1713"},"modified":"2020-01-20T16:02:43","modified_gmt":"2020-01-20T19:02:43","slug":"curso-de-jornalismo","status":"publish","type":"page","link":"https:\/\/sacod.ufpr.br\/comunicacao\/curso-de-jornalismo\/","title":{"rendered":"167A &#8211; Curso de Jornalismo"},"content":{"rendered":"<p><strong>Denomina\u00e7\u00e3o: <\/strong>Bacharelado em Jornalismo<\/p>\n<p><strong>Modalidade: <\/strong>Presencial<\/p>\n<p><strong>Regime de matr\u00edcula:<\/strong> Semestral<\/p>\n<p><strong>Local de oferta: <\/strong>Setor de Artes, Comunica\u00e7\u00e3o e Design | Campus Juvev\u00ea (Rua Bom Jesus 650 , Juvev\u00ea \u2013 Curitiba\/PR)<\/p>\n<p><strong>Turno: <\/strong>Manh\u00e3 + Noite (M + N)<\/p>\n<p><strong>N\u00famero de vagas: <\/strong>30 por processo seletivo anual (vestibular\/SISU).<\/p>\n<p><strong>Carga hor\u00e1ria total: <\/strong>3230 horas<\/p>\n<p><strong>Integraliza\u00e7\u00e3o curricular m\u00ednima: <\/strong>4 anos (8 semestres)<\/p>\n<p><strong>Integraliza\u00e7\u00e3o curricular m\u00e1xima:<\/strong>&nbsp;6&nbsp;anos (12 semestres)<\/p>\n<p><strong>Diploma concedido<\/strong>: Bacharel em Jornalismo<\/p>\n<p><strong>Coordenador do curso<\/strong>: Professor Doutor Jo\u00e3o Somma&nbsp;Neto<\/p>\n<p><strong>Fone<\/strong>: (41) 3313 2019<\/p>\n<p><strong>E-mail:<\/strong> <a href=\"mailto:ccjor@ufpr.br\" target=\"_blank\" rel=\"noopener\">ccjor@ufpr.br<\/a><\/p>\n<p>&nbsp;<\/p>\n<p>&nbsp;<\/p>\n<p>&nbsp;<\/p>\n","protected":false},"excerpt":{"rendered":"<p>Denomina\u00e7\u00e3o: Bacharelado em Jornalismo Modalidade: Presencial Regime de matr\u00edcula: Semestral Local de oferta: Setor de Artes, Comunica\u00e7\u00e3o e Design | Campus Juvev\u00ea (Rua Bom Jesus 650 , Juvev\u00ea \u2013 Curitiba\/PR) Turno: Manh\u00e3 + Noite (M + N) N\u00famero de vagas: 30 por processo seletivo anual (vestibular\/SISU). Carga hor\u00e1ria total: 3230 horas Integraliza\u00e7\u00e3o curricular m\u00ednima: 4 [&hellip;]<\/p>\n","protected":false},"author":7,"featured_media":0,"parent":0,"menu_order":0,"comment_status":"closed","ping_status":"closed","template":"","meta":{"_acf_changed":false,"ngg_post_thumbnail":0,"footnotes":""},"class_list":["post-1713","page","type-page","status-publish","hentry"],"acf":[],"_links":{"self":[{"href":"https:\/\/sacod.ufpr.br\/comunicacao\/wp-json\/wp\/v2\/pages\/1713","targetHints":{"allow":["GET"]}}],"collection":[{"href":"https:\/\/sacod.ufpr.br\/comunicacao\/wp-json\/wp\/v2\/pages"}],"about":[{"href":"https:\/\/sacod.ufpr.br\/comunicacao\/wp-json\/wp\/v2\/types\/page"}],"author":[{"embeddable":true,"href":"https:\/\/sacod.ufpr.br\/comunicacao\/wp-json\/wp\/v2\/users\/7"}],"replies":[{"embeddable":true,"href":"https:\/\/sacod.ufpr.br\/comunicacao\/wp-json\/wp\/v2\/comments?post=1713"}],"version-history":[{"count":15,"href":"https:\/\/sacod.ufpr.br\/comunicacao\/wp-json\/wp\/v2\/pages\/1713\/revisions"}],"predecessor-version":[{"id":2880,"href":"https:\/\/sacod.ufpr.br\/comunicacao\/wp-json\/wp\/v2\/pages\/1713\/revisions\/2880"}],"wp:attachment":[{"href":"https:\/\/sacod.ufpr.br\/comunicacao\/wp-json\/wp\/v2\/media?parent=1713"}],"curies":[{"name":"wp","href":"https:\/\/api.w.org\/{rel}","templated":true}]}}

<p><strong>Denominação: </strong>Bacharelado em Jornalismo</p>
<p><strong>Modalidade: </strong>Presencial</p>
<p><strong>Regime de matrícula:</strong> Semestral</p>
<p><strong>Local de oferta: </strong>Setor de Artes, Comunicação e Design | Campus Juvevê (Rua Bom Jesus 650 , Juvevê – Curitiba/PR)</p>
<p><strong>Turno: </strong>Manhã + Noite (M + N)</p>
<p><strong>Número de vagas: </strong>30 por processo seletivo anual (vestibular/SISU).</p>
<p><strong>Carga horária total: </strong>3230 horas</p>
<p><strong>Integralização curricular mínima: </strong>4 anos (8 semestres)</p>
<p><strong>Integralização curricular máxima:</strong>&nbsp;6&nbsp;anos (12 semestres)</p>
<p><strong>Diploma concedido</strong>: Bacharel em Jornalismo</p>
<p><strong>Coordenador do curso</strong>: Professor Doutor João Somma&nbsp;Neto</p>
<p><strong>Fone</strong>: (41) 3313 2019</p>
<p><strong>E-mail:</strong> <a href="mailto:ccjor@ufpr.br" target="_blank" rel="noopener">ccjor@ufpr.br</a></p>
<p>&nbsp;</p>
<p>&nbsp;</p>
<p>&nbsp;</p>

<p>Denominação: Bacharelado em Jornalismo Modalidade: Presencial Regime de matrícula: Semestral Local de oferta: Setor de Artes, Comunicação e Design | Campus Juvevê (Rua Bom Jesus 650 , Juvevê – Curitiba/PR) Turno: Manhã + Noite (M + N) Número de vagas: 30 por processo seletivo anual (vestibular/SISU). Carga horária total: 3230 horas Integralização curricular mínima: 4 [&hellip;]</p>
