{"id":1021,"date":"2015-10-16T18:14:01","date_gmt":"2015-10-16T21:14:01","guid":{"rendered":"https:\/\/sacod.ufpr.br\/comunicacao\/?page_id=1021"},"modified":"2017-05-18T12:07:43","modified_gmt":"2017-05-18T15:07:43","slug":"relacoes-publicas","status":"publish","type":"page","link":"https:\/\/sacod.ufpr.br\/comunicacao\/curso-de-comunicacao-social-2\/conteudos-programaticos-2\/relacoes-publicas\/","title":{"rendered":"Rela\u00e7\u00f5es P\u00fablicas"},"content":{"rendered":"<p><a href=\"https:\/\/sacod.ufpr.br\/comunicacao\/wp-content\/uploads\/sites\/9\/2015\/10\/OC300-Est\u00e1gio-Supervisionado-em-RP.pdf\">OC300 &#8211; Est\u00e1gio Supervisionado em RP<\/a><\/p>\n<p><a href=\"https:\/\/sacod.ufpr.br\/comunicacao\/wp-content\/uploads\/sites\/9\/2015\/10\/OC303-Trabalho-de-Conclus\u00e3o-de-Curso-em-RP-I.pdf\">OC303 &#8211; Trabalho de Conclus\u00e3o de Curso em RP I<\/a><\/p>\n<p><a href=\"https:\/\/sacod.ufpr.br\/comunicacao\/wp-content\/uploads\/sites\/9\/2015\/10\/OC304-Trabalho-de-Conclus\u00e3o-de-Curso-em-RP-II.pdf\">OC304 &#8211; Trabalho de Conclus\u00e3o de Curso em RP II<\/a><\/p>\n<p><a href=\"https:\/\/sacod.ufpr.br\/comunicacao\/wp-content\/uploads\/sites\/9\/2015\/10\/OC305-Teoria-e-T\u00e9cnicas-de-Rela\u00e7\u00f5es-P\u00fablica-I-.pdf\">OC305 &#8211; Teoria e T\u00e9cnicas de Rela\u00e7\u00f5es P\u00fablica I<\/a><\/p>\n<p><a href=\"https:\/\/sacod.ufpr.br\/comunicacao\/wp-content\/uploads\/sites\/9\/2015\/10\/OC306-Aolica\u00e7\u00f5es-da-Internet-nas-Rela\u00e7\u00f5es-P\u00fablicas.pdf\">OC306 &#8211; Aolica\u00e7\u00f5es da Internet nas Rela\u00e7\u00f5es P\u00fablicas<\/a><\/p>\n<p><a href=\"https:\/\/sacod.ufpr.br\/comunicacao\/wp-content\/uploads\/sites\/9\/2015\/10\/OC310-Introdu\u00e7\u00e3o-\u00e0s-Rela\u00e7\u00f5es-P\u00fablicas.pdf\">OC310 &#8211; Introdu\u00e7\u00e3o \u00e0s Rela\u00e7\u00f5es P\u00fablicas<\/a><\/p>\n<p><a href=\"https:\/\/sacod.ufpr.br\/comunicacao\/wp-content\/uploads\/sites\/9\/2015\/10\/OC311-Teoria-de-RP-.pdf\">OC311 &#8211; Teoria de RP<\/a><\/p>\n<p><a href=\"https:\/\/sacod.ufpr.br\/comunicacao\/wp-content\/uploads\/sites\/9\/2015\/10\/OC313-Planejamento-de-Comunica\u00e7\u00e3o-Estrat\u00e9gica-.pdf\">OC313 &#8211; Planejamento de Comunica\u00e7\u00e3o Estrat\u00e9gica<\/a><\/p>\n<p><a href=\"https:\/\/sacod.ufpr.br\/comunicacao\/wp-content\/uploads\/sites\/9\/2015\/10\/OC314-Comunica\u00e7\u00e3o-P\u00fablica.pdf\">OC314 &#8211; Comunica\u00e7\u00e3o P\u00fablica<\/a><\/p>\n<p><a href=\"https:\/\/sacod.ufpr.br\/comunicacao\/wp-content\/uploads\/sites\/9\/2015\/10\/OC315-Administra\u00e7\u00e3o-Aplicada-a-RP-.pdf\">OC315 &#8211; Administra\u00e7\u00e3o Aplicada a RP<\/a><\/p>\n<p><a href=\"https:\/\/sacod.ufpr.br\/comunicacao\/wp-content\/uploads\/sites\/9\/2015\/10\/OC316.-Teoria-de-Opini\u00e3o-P\u00fablica-.pdf\">OC316.- Teoria de Opini\u00e3o P\u00fablica<\/a><\/p>\n<p><a href=\"https:\/\/sacod.ufpr.br\/comunicacao\/wp-content\/uploads\/sites\/9\/2015\/10\/OC317-Teoria-de-Comunica\u00e7\u00e3o-Aproximativa.pdf\">OC317 &#8211; Teoria de Comunica\u00e7\u00e3o Aproximativa<\/a><\/p>\n<p><a href=\"https:\/\/sacod.ufpr.br\/comunicacao\/wp-content\/uploads\/sites\/9\/2015\/10\/OC320-Fotografia-Institucional.pdf\">OC320 &#8211; Fotografia Institucional<\/a><\/p>\n<p><a href=\"https:\/\/sacod.ufpr.br\/comunicacao\/wp-content\/uploads\/sites\/9\/2015\/10\/OC321-Reda\u00e7\u00e3o-Institucional-I-.pdf\">OC321 &#8211; Reda\u00e7\u00e3o Institucional I<\/a><\/p>\n<p><a href=\"https:\/\/sacod.ufpr.br\/comunicacao\/wp-content\/uploads\/sites\/9\/2015\/10\/OC322-Reda\u00e7\u00e3o-Institucional-II-.pdf\">OC322 &#8211; Reda\u00e7\u00e3o Institucional II<\/a><\/p>\n<p><a href=\"https:\/\/sacod.ufpr.br\/comunicacao\/wp-content\/uploads\/sites\/9\/2015\/10\/OC323-Reda\u00e7\u00e3o-Institucional-III.pdf\">OC323 &#8211; Reda\u00e7\u00e3o Institucional III<\/a><\/p>\n<p><a href=\"https:\/\/sacod.ufpr.br\/comunicacao\/wp-content\/uploads\/sites\/9\/2015\/10\/OC324-Planejamento-Gr\u00e1fico-e-Editorialem-RPl.pdf\">OC324 &#8211; Planejamento Gr\u00e1fico e Editorialem RPl<\/a><\/p>\n<p><a href=\"https:\/\/sacod.ufpr.br\/comunicacao\/wp-content\/uploads\/sites\/9\/2015\/10\/OC325-Pesquisa-de-Opini\u00e3o-P\u00fablica-.pdf\">OC325 &#8211; Pesquisa de Opini\u00e3o P\u00fablica<\/a><\/p>\n<p><a href=\"https:\/\/sacod.ufpr.br\/comunicacao\/wp-content\/uploads\/sites\/9\/2015\/10\/OC326-Midias-Eletr\u00f4nicas-em-Rela\u00e7\u00f5es-P\u00fablicas-.pdf\">OC326 &#8211; Midias Eletr\u00f4nicas em Rela\u00e7\u00f5es P\u00fablicas<\/a><\/p>\n<p><a href=\"https:\/\/sacod.ufpr.br\/comunicacao\/wp-content\/uploads\/sites\/9\/2015\/10\/OC390-\u00c9tica-e-Legisla\u00e7\u00e3o-em-RP.pdf\">OC390 &#8211; \u00c9tica e Legisla\u00e7\u00e3o em RP<\/a><\/p>\n","protected":false},"excerpt":{"rendered":"<p>OC300 &#8211; Est\u00e1gio Supervisionado em RP OC303 &#8211; Trabalho de Conclus\u00e3o de Curso em RP I OC304 &#8211; Trabalho de Conclus\u00e3o de Curso em RP II OC305 &#8211; Teoria e T\u00e9cnicas de Rela\u00e7\u00f5es P\u00fablica I OC306 &#8211; Aolica\u00e7\u00f5es da Internet nas Rela\u00e7\u00f5es P\u00fablicas OC310 &#8211; Introdu\u00e7\u00e3o \u00e0s Rela\u00e7\u00f5es P\u00fablicas OC311 &#8211; Teoria de RP OC313 [&hellip;]<\/p>\n","protected":false},"author":7,"featured_media":0,"parent":1015,"menu_order":0,"comment_status":"open","ping_status":"open","template":"","meta":{"_acf_changed":false,"ngg_post_thumbnail":0,"footnotes":""},"class_list":["post-1021","page","type-page","status-publish","hentry"],"acf":[],"_links":{"self":[{"href":"https:\/\/sacod.ufpr.br\/comunicacao\/wp-json\/wp\/v2\/pages\/1021","targetHints":{"allow":["GET"]}}],"collection":[{"href":"https:\/\/sacod.ufpr.br\/comunicacao\/wp-json\/wp\/v2\/pages"}],"about":[{"href":"https:\/\/sacod.ufpr.br\/comunicacao\/wp-json\/wp\/v2\/types\/page"}],"author":[{"embeddable":true,"href":"https:\/\/sacod.ufpr.br\/comunicacao\/wp-json\/wp\/v2\/users\/7"}],"replies":[{"embeddable":true,"href":"https:\/\/sacod.ufpr.br\/comunicacao\/wp-json\/wp\/v2\/comments?post=1021"}],"version-history":[{"count":3,"href":"https:\/\/sacod.ufpr.br\/comunicacao\/wp-json\/wp\/v2\/pages\/1021\/revisions"}],"predecessor-version":[{"id":1089,"href":"https:\/\/sacod.ufpr.br\/comunicacao\/wp-json\/wp\/v2\/pages\/1021\/revisions\/1089"}],"up":[{"embeddable":true,"href":"https:\/\/sacod.ufpr.br\/comunicacao\/wp-json\/wp\/v2\/pages\/1015"}],"wp:attachment":[{"href":"https:\/\/sacod.ufpr.br\/comunicacao\/wp-json\/wp\/v2\/media?parent=1021"}],"curies":[{"name":"wp","href":"https:\/\/api.w.org\/{rel}","templated":true}]}}