{"id":102,"date":"2012-04-24T18:00:20","date_gmt":"2012-04-24T18:00:20","guid":{"rendered":"https:\/\/sacod.ufpr.br\/comunicacao\/?page_id=102"},"modified":"2012-04-24T18:00:20","modified_gmt":"2012-04-24T18:00:20","slug":"necomgraf","status":"publish","type":"page","link":"https:\/\/sacod.ufpr.br\/comunicacao\/curso-de-comunicacao-social-2\/grupos-de-pesquisa\/necomgraf\/","title":{"rendered":"NECOMGRAF"},"content":{"rendered":"<p>O <strong>NECOMGRAF (N\u00facleo de Estudos de Comunica\u00e7\u00e3o Gr\u00e1fica)<\/strong> tem como objetivos: pesquisar os fundamentos te\u00f3ricos e pr\u00e1ticos da comunica\u00e7\u00e3o visual no que tange a seus aspectos hist\u00f3ricos, trajet\u00f3rias, atualidade e perspectivas; Pesquisar a comunica\u00e7\u00e3o visual-gr\u00e1fica aplicada \u00e0 Publicidade, Jornalismo e afins; Investigar os desenvolvimentos t\u00e9cnicos e\/ou tecnol\u00f3gicos que influenciam no desenvolvimento das linguagens aplicadas \u00e0 comunica\u00e7\u00e3o visual-gr\u00e1fica.<br \/>\n<strong>Atividades previstas<\/strong><\/p>\n<p>Desenvolvimento de projetos de pesquisa; Configura\u00e7\u00e3o e oferta de cursos e eventos de extens\u00e3o; publica\u00e7\u00f5es (com os resultados das investiga\u00e7\u00f5es realizadas); Apoio ao ensino da gradua\u00e7\u00e3o e p\u00f3s-gradua\u00e7\u00e3o.<\/p>\n<p><strong>Respons\u00e1vel:<\/strong><\/p>\n<p>Itanel Bastos de Quadros Junior (Professor associado da UFPR, lotado no DECOM\/SCHLA,<\/p>\n<p>(Doutor em Ci\u00eancias da Comunica\u00e7\u00e3o; Mestre em Educa\u00e7\u00e3o; Graduadoem Comunica\u00e7\u00e3o SocialPublicidadee Propaganda eem Desenho Industrial).<\/p>\n<p>&nbsp;<\/p>\n<p>&nbsp;<\/p>\n","protected":false},"excerpt":{"rendered":"<p>O NECOMGRAF (N\u00facleo de Estudos de Comunica\u00e7\u00e3o Gr\u00e1fica) tem como objetivos: pesquisar os fundamentos te\u00f3ricos e pr\u00e1ticos da comunica\u00e7\u00e3o visual no que tange a seus aspectos hist\u00f3ricos, trajet\u00f3rias, atualidade e perspectivas; Pesquisar a comunica\u00e7\u00e3o visual-gr\u00e1fica aplicada \u00e0 Publicidade, Jornalismo e afins; Investigar os desenvolvimentos t\u00e9cnicos e\/ou tecnol\u00f3gicos que influenciam no desenvolvimento das linguagens aplicadas \u00e0 [&hellip;]<\/p>\n","protected":false},"author":1,"featured_media":0,"parent":82,"menu_order":0,"comment_status":"open","ping_status":"open","template":"","meta":{"_acf_changed":false,"ngg_post_thumbnail":0,"footnotes":""},"class_list":["post-102","page","type-page","status-publish","hentry"],"acf":[],"_links":{"self":[{"href":"https:\/\/sacod.ufpr.br\/comunicacao\/wp-json\/wp\/v2\/pages\/102","targetHints":{"allow":["GET"]}}],"collection":[{"href":"https:\/\/sacod.ufpr.br\/comunicacao\/wp-json\/wp\/v2\/pages"}],"about":[{"href":"https:\/\/sacod.ufpr.br\/comunicacao\/wp-json\/wp\/v2\/types\/page"}],"author":[{"embeddable":true,"href":"https:\/\/sacod.ufpr.br\/comunicacao\/wp-json\/wp\/v2\/users\/1"}],"replies":[{"embeddable":true,"href":"https:\/\/sacod.ufpr.br\/comunicacao\/wp-json\/wp\/v2\/comments?post=102"}],"version-history":[{"count":1,"href":"https:\/\/sacod.ufpr.br\/comunicacao\/wp-json\/wp\/v2\/pages\/102\/revisions"}],"predecessor-version":[{"id":103,"href":"https:\/\/sacod.ufpr.br\/comunicacao\/wp-json\/wp\/v2\/pages\/102\/revisions\/103"}],"up":[{"embeddable":true,"href":"https:\/\/sacod.ufpr.br\/comunicacao\/wp-json\/wp\/v2\/pages\/82"}],"wp:attachment":[{"href":"https:\/\/sacod.ufpr.br\/comunicacao\/wp-json\/wp\/v2\/media?parent=102"}],"curies":[{"name":"wp","href":"https:\/\/api.w.org\/{rel}","templated":true}]}}