{"id":1017,"date":"2015-10-16T18:13:33","date_gmt":"2015-10-16T21:13:33","guid":{"rendered":"https:\/\/sacod.ufpr.br\/comunicacao\/?page_id=1017"},"modified":"2017-05-22T11:37:15","modified_gmt":"2017-05-22T14:37:15","slug":"tronco-comum-2","status":"publish","type":"page","link":"https:\/\/sacod.ufpr.br\/comunicacao\/curso-de-comunicacao-social-2\/tronco-comum-2\/","title":{"rendered":"Tronco comum"},"content":{"rendered":"<p><a href=\"https:\/\/sacod.ufpr.br\/comunicacao\/wp-content\/uploads\/sites\/9\/2015\/10\/HC060-Sociologia-Geral-III.pdf\">HC060 &#8211; Sociologia Geral III<\/a><\/p>\n<p><a href=\"https:\/\/sacod.ufpr.br\/comunicacao\/wp-content\/uploads\/sites\/9\/2015\/10\/HF146-Filosofia-para-Ci\u00eancias-Humanas.pdf\">HF146 &#8211; Filosofia para Ci\u00eancias Humanas<\/a><\/p>\n<p><a href=\"https:\/\/sacod.ufpr.br\/comunicacao\/wp-content\/uploads\/sites\/9\/2015\/10\/HH105-Hist\u00f3ria-Contempor\u00e2nea.pdf\">HH105 &#8211; Hist\u00f3ria Contempor\u00e2nea<\/a><\/p>\n<p><a href=\"https:\/\/sacod.ufpr.br\/comunicacao\/wp-content\/uploads\/sites\/9\/2015\/10\/HL201-Lingua-Portuguesa-A.pdf\">HL201 &#8211; Lingua Portuguesa A<\/a><\/p>\n<p><a href=\"https:\/\/sacod.ufpr.br\/comunicacao\/wp-content\/uploads\/sites\/9\/2015\/10\/OC011-Teoria-da-comunica\u00e7\u00e3o-I.pdf\">OC011 &#8211; Teoria da comunica\u00e7\u00e3o I<\/a><\/p>\n<p><a href=\"https:\/\/sacod.ufpr.br\/comunicacao\/wp-content\/uploads\/sites\/9\/2015\/10\/OC012-Teoria-da-Comunica\u00e7\u00e3o-II.pdf\">OC012 &#8211; Teoria da Comunica\u00e7\u00e3o II<\/a><\/p>\n<p><a href=\"https:\/\/sacod.ufpr.br\/comunicacao\/wp-content\/uploads\/sites\/9\/2015\/10\/OC013-Comunica\u00e7\u00e3o-e-Linguagem.pdf\">OC013 &#8211; Comunica\u00e7\u00e3o e Linguagem<\/a><\/p>\n<p><a href=\"https:\/\/sacod.ufpr.br\/comunicacao\/wp-content\/uploads\/sites\/9\/2015\/10\/OC014-Comunica\u00e7\u00e3o-Sociedade-e-Cultura.pdf\">OC014 &#8211; Comunica\u00e7\u00e3o, Sociedade e Cultura<\/a><\/p>\n<p><a href=\"https:\/\/sacod.ufpr.br\/comunicacao\/wp-content\/uploads\/sites\/9\/2015\/10\/OC015-Comunica\u00e7\u00e3o-e-Tecnologia.pdf\">OC015 &#8211; Comunica\u00e7\u00e3o e Tecnologia<\/a><\/p>\n<p><a href=\"https:\/\/sacod.ufpr.br\/comunicacao\/wp-content\/uploads\/sites\/9\/2015\/10\/OC016-Hist\u00f3ria-Social-dos-Meios-de-Comunica\u00e7\u00e3o.pdf\">OC016 &#8211; Hist\u00f3ria Social dos Meios de Comunica\u00e7\u00e3o<\/a><\/p>\n<p><a href=\"https:\/\/sacod.ufpr.br\/comunicacao\/wp-content\/uploads\/sites\/9\/2015\/10\/OC017-Metodologia-da-Pesquisa.pdf\">OC017 &#8211; Metodologia da Pesquisa<\/a><\/p>\n<p><a href=\"https:\/\/sacod.ufpr.br\/comunicacao\/wp-content\/uploads\/sites\/9\/2015\/10\/OC019-Teoria-do-Conhecimento.pdf\">OC019 &#8211; Teoria do Conhecimento<\/a><\/p>\n<p><a href=\"https:\/\/sacod.ufpr.br\/comunicacao\/wp-content\/uploads\/sites\/9\/2015\/10\/OC020-T\u00e9cnicas-Fotogr\u00e1ficas.pdf\">OC020 &#8211; T\u00e9cnicas Fotogr\u00e1ficas<\/a><\/p>\n<p><a href=\"https:\/\/sacod.ufpr.br\/comunicacao\/wp-content\/uploads\/sites\/9\/2015\/10\/OC021-T\u00e9cnicas-Basicas-de-Meios-Impressos.pdf\">OC021 &#8211; T\u00e9cnicas Basicas de Meios Impressos<\/a><\/p>\n<p><a href=\"https:\/\/sacod.ufpr.br\/comunicacao\/wp-content\/uploads\/sites\/9\/2015\/10\/OC040-T\u00e9cnicas-basicas-de-radio.pdf\">OC040 &#8211; T\u00e9cnicas basicas de radio<\/a><\/p>\n<p><a href=\"https:\/\/sacod.ufpr.br\/comunicacao\/wp-content\/uploads\/sites\/9\/2015\/10\/OC041-T\u00e9cnicas-B\u00e1sicas-de-TV.pdf\">OC041 &#8211; T\u00e9cnicas B\u00e1sicas de TV<\/a><\/p>\n","protected":false},"excerpt":{"rendered":"<p>HC060 &#8211; Sociologia Geral III HF146 &#8211; Filosofia para Ci\u00eancias Humanas HH105 &#8211; Hist\u00f3ria Contempor\u00e2nea HL201 &#8211; Lingua Portuguesa A OC011 &#8211; Teoria da comunica\u00e7\u00e3o I OC012 &#8211; Teoria da Comunica\u00e7\u00e3o II OC013 &#8211; Comunica\u00e7\u00e3o e Linguagem OC014 &#8211; Comunica\u00e7\u00e3o, Sociedade e Cultura OC015 &#8211; Comunica\u00e7\u00e3o e Tecnologia OC016 &#8211; Hist\u00f3ria Social dos Meios de [&hellip;]<\/p>\n","protected":false},"author":7,"featured_media":0,"parent":1656,"menu_order":0,"comment_status":"open","ping_status":"open","template":"","meta":{"_acf_changed":false,"ngg_post_thumbnail":0,"footnotes":""},"class_list":["post-1017","page","type-page","status-publish","hentry"],"acf":[],"_links":{"self":[{"href":"https:\/\/sacod.ufpr.br\/comunicacao\/wp-json\/wp\/v2\/pages\/1017","targetHints":{"allow":["GET"]}}],"collection":[{"href":"https:\/\/sacod.ufpr.br\/comunicacao\/wp-json\/wp\/v2\/pages"}],"about":[{"href":"https:\/\/sacod.ufpr.br\/comunicacao\/wp-json\/wp\/v2\/types\/page"}],"author":[{"embeddable":true,"href":"https:\/\/sacod.ufpr.br\/comunicacao\/wp-json\/wp\/v2\/users\/7"}],"replies":[{"embeddable":true,"href":"https:\/\/sacod.ufpr.br\/comunicacao\/wp-json\/wp\/v2\/comments?post=1017"}],"version-history":[{"count":3,"href":"https:\/\/sacod.ufpr.br\/comunicacao\/wp-json\/wp\/v2\/pages\/1017\/revisions"}],"predecessor-version":[{"id":1048,"href":"https:\/\/sacod.ufpr.br\/comunicacao\/wp-json\/wp\/v2\/pages\/1017\/revisions\/1048"}],"up":[{"embeddable":true,"href":"https:\/\/sacod.ufpr.br\/comunicacao\/wp-json\/wp\/v2\/pages\/1656"}],"wp:attachment":[{"href":"https:\/\/sacod.ufpr.br\/comunicacao\/wp-json\/wp\/v2\/media?parent=1017"}],"curies":[{"name":"wp","href":"https:\/\/api.w.org\/{rel}","templated":true}]}}