{"id":8741,"date":"2021-10-27T15:11:22","date_gmt":"2021-10-27T18:11:22","guid":{"rendered":"https:\/\/sacod.ufpr.br\/artes\/?page_id=8741"},"modified":"2025-10-21T14:27:49","modified_gmt":"2025-10-21T17:27:49","slug":"producao-cultural-bacharelado","status":"publish","type":"page","link":"https:\/\/sacod.ufpr.br\/artes\/producao-cultural-bacharelado\/","title":{"rendered":"Produ\u00e7\u00e3o Cultural &#8211; Bacharelado"},"content":{"rendered":"<h2>Perfil<\/h2>\n<p><b>Estudante:<br \/>\n<\/b><\/p>\n<p>Ap\u00f3s passagem pelo Curso de Bacharelado em Produ\u00e7\u00e3o Cultural o estudante dever\u00e1 reconhecer a import\u00e2ncia da cultura e seu valor simb\u00f3lico na conforma\u00e7\u00e3o de socialidades e sociabilidades humanas; estar\u00e1 habilitado a discutir quest\u00f5es relacionadas \u00e0 cultura na conjuntura contempor\u00e2nea, reconhecendo valores implicados nas apropria\u00e7\u00f5es culturais, nas pol\u00edticas culturais e na legisla\u00e7\u00e3o, visando contribuir com espa\u00e7os institucionais ou n\u00e3o, que demandem um profissional com conhecimento t\u00e9cnico e consci\u00eancia cidad\u00e3, atrav\u00e9s de uma pr\u00e1tica de reflex\u00e3o e transforma\u00e7\u00e3o no exerc\u00edcio cr\u00edtico de suas pr\u00e1ticas profissionais, sejam elas voltadas ao mercado ou \u00e0s atividades de pesquisa nessa \u00e1rea de atua\u00e7\u00e3o.<\/p>\n<p>Coordena\u00e7\u00e3o do curso: Prof. Dr. Allan Valenza da Silveira &#8211; <a href=\"mailto:allanvalenza@ufpr.br\"><u>allanvalenza@ufpr.br<\/u><\/a><\/p>\n<p>Vice-coordenadora: Profa. Dra. Cristiane dos Santos Souza &#8211; <a href=\"mailto:cristianesouza@ufpr.br\"><u>cristianesouza@ufpr.br<\/u><\/a><\/p>\n<p><a href=\"https:\/\/sacod.ufpr.br\/artes\/wp-content\/uploads\/sites\/8\/2025\/10\/2025-bpc-ppc.pdf\">Projeto Pedag\u00f3gico do curso de Produ\u00e7\u00e3o Cultural<\/a><\/p>\n<p>&nbsp;<\/p>\n<p>Estrutura Curricular:<\/p>\n<p><strong>1\u00ba Per\u00edodo <\/strong><\/p>\n<table width=\"254\">\n<tbody>\n<tr>\n<td width=\"36\">C\u00f3digo<\/td>\n<td width=\"122\">Disciplina<\/td>\n<td width=\"48\">Carga hor\u00e1ria<\/td>\n<td width=\"48\">PR\u00c9-REQUISITOS<\/td>\n<\/tr>\n<tr>\n<td width=\"36\"><a href=\"https:\/\/sacod.ufpr.br\/artes\/wp-content\/uploads\/sites\/8\/2025\/10\/ementa-oa1130.pdf\">OA1130<\/a><\/td>\n<td width=\"122\">T\u00d3PICOS ESPECIAIS EM ORGANIZA\u00c7\u00c3O DA CULTURA<\/td>\n<td width=\"48\">60 horas<\/td>\n<td width=\"48\">&#8212;<\/td>\n<\/tr>\n<tr>\n<td width=\"36\"><a href=\"https:\/\/sacod.ufpr.br\/artes\/wp-content\/uploads\/sites\/8\/2025\/10\/ementa-oa1131.pdf\">OA1131<\/a><\/td>\n<td width=\"122\">CULTURA, COMUNICA\u00c7\u00c3O E PRODU\u00c7\u00c3O DE SENTIDO<\/td>\n<td width=\"48\">60 horas<\/td>\n<td width=\"48\">&#8212;<\/td>\n<\/tr>\n<tr>\n<td width=\"36\"><a href=\"https:\/\/sacod.ufpr.br\/artes\/wp-content\/uploads\/sites\/8\/2025\/10\/ementa-oa1132.pdf\">OA1132<\/a><\/td>\n<td width=\"122\">VISUALIDADE E COTIDIANIDADE<\/td>\n<td width=\"48\">60 horas<\/td>\n<td width=\"48\">&#8212;<\/td>\n<\/tr>\n<tr>\n<td width=\"36\"><a href=\"https:\/\/sacod.ufpr.br\/artes\/wp-content\/uploads\/sites\/8\/2025\/10\/ementa-oa1133.pdf\">OA1133<\/a><\/td>\n<td width=\"122\">ESTUDOS DA CENA CONTEMPOR\u00c2NEA<\/td>\n<td width=\"48\">60 horas<\/td>\n<td width=\"48\">&#8212;<\/td>\n<\/tr>\n<tr>\n<td width=\"36\"><a href=\"https:\/\/sacod.ufpr.br\/artes\/wp-content\/uploads\/sites\/8\/2025\/10\/ementa-oa1134.pdf\">OA1134<\/a><\/td>\n<td width=\"122\">CULTURA E SOCIEDADE<\/td>\n<td width=\"48\">60 horas<\/td>\n<td width=\"48\">&#8212;<\/td>\n<\/tr>\n<\/tbody>\n<\/table>\n<p>&nbsp;<\/p>\n<p><strong>2\u00ba Per\u00edodo <\/strong><\/p>\n<table width=\"254\">\n<tbody>\n<tr>\n<td width=\"36\">C\u00f3digo<\/td>\n<td width=\"122\">Disciplina<\/td>\n<td width=\"48\">Carga hor\u00e1ria<\/td>\n<td width=\"48\">PR\u00c9-REQUISITOS<\/td>\n<\/tr>\n<tr>\n<td width=\"36\"><a href=\"https:\/\/sacod.ufpr.br\/artes\/wp-content\/uploads\/sites\/8\/2025\/10\/ementa-oa1135.pdf\">OA1135<\/a><\/td>\n<td width=\"122\">ORGANIZA\u00c7\u00d5ES E ESPA\u00c7OS CULTURAIS<\/td>\n<td width=\"48\">60 horas<\/td>\n<td width=\"48\">&#8212;<\/td>\n<\/tr>\n<tr>\n<td width=\"36\"><a href=\"https:\/\/sacod.ufpr.br\/artes\/wp-content\/uploads\/sites\/8\/2025\/10\/ementa-oa1136.pdf\">OA1136<\/a><\/td>\n<td width=\"122\">HIST\u00d3RIA E DISCURSOS EM ARTES<\/td>\n<td width=\"48\">60 horas<\/td>\n<td width=\"48\">&#8212;<\/td>\n<\/tr>\n<tr>\n<td width=\"36\"><a href=\"https:\/\/sacod.ufpr.br\/artes\/wp-content\/uploads\/sites\/8\/2025\/10\/ementa-oa1137.pdf\">OA1137<\/a><\/td>\n<td width=\"122\">ELABORA\u00c7\u00c3O DE PROJETOS CULTURAIS<\/td>\n<td width=\"48\">60 horas<\/td>\n<td width=\"48\">&#8212;<\/td>\n<\/tr>\n<tr>\n<td width=\"36\"><a href=\"https:\/\/sacod.ufpr.br\/artes\/wp-content\/uploads\/sites\/8\/2025\/10\/ementa-oa1138.pdf\">OA1138<\/a><\/td>\n<td width=\"122\">ESTUDOS LITER\u00c1RIOS<\/td>\n<td width=\"48\">60 horas<\/td>\n<td width=\"48\">&#8212;<\/td>\n<\/tr>\n<tr>\n<td width=\"36\"><a href=\"https:\/\/sacod.ufpr.br\/artes\/wp-content\/uploads\/sites\/8\/2025\/10\/ementa-oa1139.pdf\">OA1139<\/a><\/td>\n<td width=\"122\">DIREITOS HUMANOS, DIVERSIDADE E DEMOCRACIA<\/td>\n<td width=\"48\">60 horas<\/td>\n<td width=\"48\">&#8212;<\/td>\n<\/tr>\n<\/tbody>\n<\/table>\n<p>&nbsp;<\/p>\n<p><strong>3\u00ba Per\u00edodo <\/strong><\/p>\n<table width=\"254\">\n<tbody>\n<tr>\n<td width=\"36\">C\u00f3digo<\/td>\n<td width=\"122\">Disciplina<\/td>\n<td width=\"48\">Carga hor\u00e1ria<\/td>\n<td width=\"48\">PR\u00c9-REQUISITOS<\/td>\n<\/tr>\n<tr>\n<td width=\"36\"><a href=\"https:\/\/sacod.ufpr.br\/artes\/wp-content\/uploads\/sites\/8\/2025\/10\/ementa-oa1140.pdf\">OA1140<\/a><\/td>\n<td width=\"122\">INTRODU\u00c7\u00c3O \u00c0 PESQUISA<\/td>\n<td width=\"48\">60 horas<\/td>\n<td width=\"48\">&#8212;<\/td>\n<\/tr>\n<tr>\n<td width=\"36\"><a href=\"https:\/\/sacod.ufpr.br\/artes\/wp-content\/uploads\/sites\/8\/2025\/10\/ementa-oa1141.pdf\">OA1141<\/a><\/td>\n<td width=\"122\">MARKETING CULTURAL<\/td>\n<td width=\"48\">60 horas<\/td>\n<td width=\"48\">&#8212;<\/td>\n<\/tr>\n<tr>\n<td width=\"36\"><a href=\"https:\/\/sacod.ufpr.br\/artes\/wp-content\/uploads\/sites\/8\/2025\/10\/ementa-oa1142.pdf\">OA1142<\/a><\/td>\n<td width=\"122\">DESENHO DE SOM<\/td>\n<td width=\"48\">60 horas<\/td>\n<td width=\"48\">&#8212;<\/td>\n<\/tr>\n<tr>\n<td width=\"36\"><a href=\"https:\/\/sacod.ufpr.br\/artes\/wp-content\/uploads\/sites\/8\/2025\/10\/ementa-oa1143.pdf\">OA1143<\/a><\/td>\n<td width=\"122\">POL\u00cdTICAS CULTURAIS<\/td>\n<td width=\"48\">60 horas<\/td>\n<td width=\"48\">&#8212;<\/td>\n<\/tr>\n<tr>\n<td width=\"36\"><a href=\"https:\/\/sacod.ufpr.br\/artes\/wp-content\/uploads\/sites\/8\/2025\/10\/ementa-oa1144.pdf\">OA1144<\/a><\/td>\n<td width=\"122\">CIRCUITOS CULTURAIS NO BRASIL<\/td>\n<td width=\"48\">60 horas<\/td>\n<td width=\"48\">&#8212;<\/td>\n<\/tr>\n<\/tbody>\n<\/table>\n<p>&nbsp;<\/p>\n<p><strong>4\u00ba Per\u00edodo <\/strong><\/p>\n<table width=\"254\">\n<tbody>\n<tr>\n<td width=\"36\">C\u00f3digo<\/td>\n<td width=\"122\">Disciplina<\/td>\n<td width=\"48\">Carga hor\u00e1ria<\/td>\n<td width=\"48\">PR\u00c9-REQUISITOS<\/td>\n<\/tr>\n<tr>\n<td width=\"36\"><a href=\"https:\/\/sacod.ufpr.br\/artes\/wp-content\/uploads\/sites\/8\/2025\/10\/ementa-oa1145.pdf\">OA1145<\/a><\/td>\n<td width=\"122\">MULTICULTURALISMO, DIFEREN\u00c7A E DECOLONIALIDADE<\/td>\n<td width=\"48\">60 horas<\/td>\n<td width=\"48\">&#8212;<\/td>\n<\/tr>\n<tr>\n<td width=\"36\"><a href=\"https:\/\/sacod.ufpr.br\/artes\/wp-content\/uploads\/sites\/8\/2025\/10\/ementa-oa1146.pdf\">OA1146<\/a><\/td>\n<td width=\"122\">ARQUITETURA DA CENA<\/td>\n<td width=\"48\">60 horas<\/td>\n<td width=\"48\">&#8212;<\/td>\n<\/tr>\n<tr>\n<td width=\"36\"><a href=\"https:\/\/sacod.ufpr.br\/artes\/wp-content\/uploads\/sites\/8\/2025\/10\/ementa-oa1147.pdf\">OA1147<\/a><\/td>\n<td width=\"122\">ECONOMIA DA CULTURA<\/td>\n<td width=\"48\">60 horas<\/td>\n<td width=\"48\">&#8212;<\/td>\n<\/tr>\n<tr>\n<td width=\"36\"><a href=\"https:\/\/sacod.ufpr.br\/artes\/wp-content\/uploads\/sites\/8\/2025\/10\/ementa-oa1148.pdf\">OA1148<\/a><\/td>\n<td width=\"122\">GEST\u00c3O DE EMPREENDIMENTOS CULTURAIS<\/td>\n<td width=\"48\">60 horas<\/td>\n<td width=\"48\">&#8212;<\/td>\n<\/tr>\n<tr>\n<td width=\"36\"><a href=\"https:\/\/sacod.ufpr.br\/artes\/wp-content\/uploads\/sites\/8\/2025\/10\/ementa-oa1149.pdf\">OA1149<\/a><\/td>\n<td width=\"122\">DESENHO DE LUZ<\/td>\n<td width=\"48\">60 horas<\/td>\n<td width=\"48\">&#8212;<\/td>\n<\/tr>\n<\/tbody>\n<\/table>\n<p>&nbsp;<\/p>\n<p><strong>5\u00ba Per\u00edodo <\/strong><\/p>\n<table width=\"254\">\n<tbody>\n<tr>\n<td width=\"36\">C\u00f3digo<\/td>\n<td width=\"122\">Disciplina<\/td>\n<td width=\"48\">Carga hor\u00e1ria<\/td>\n<td width=\"48\">PR\u00c9-REQUISITOS<\/td>\n<\/tr>\n<tr>\n<td width=\"36\"><a href=\"https:\/\/sacod.ufpr.br\/artes\/wp-content\/uploads\/sites\/8\/2025\/10\/ementa-oa1150.pdf\">OA1150<\/a><\/td>\n<td width=\"122\">LABORAT\u00d3RIO DE PRODU\u00c7\u00c3O DE VISUALIDADES<\/td>\n<td width=\"48\">60 horas<\/td>\n<td width=\"48\">&#8212;<\/td>\n<\/tr>\n<tr>\n<td width=\"36\"><a href=\"https:\/\/sacod.ufpr.br\/artes\/wp-content\/uploads\/sites\/8\/2025\/10\/ementa-oa1151.pdf\">OA1151<\/a><\/td>\n<td width=\"122\">DIREITOS CULTURAIS E CIDADANIA<\/td>\n<td width=\"48\">30 horas<\/td>\n<td width=\"48\">&#8212;<\/td>\n<\/tr>\n<tr>\n<td width=\"36\"><a href=\"https:\/\/sacod.ufpr.br\/artes\/wp-content\/uploads\/sites\/8\/2025\/10\/ementa-oa1152.pdf\">OA1152<\/a><\/td>\n<td width=\"122\">M\u00daSICA E IDENTIDADE LATINO-AMERICANA<\/td>\n<td width=\"48\">60 horas<\/td>\n<td width=\"48\">&#8212;<\/td>\n<\/tr>\n<tr>\n<td width=\"36\"><a href=\"https:\/\/sacod.ufpr.br\/artes\/wp-content\/uploads\/sites\/8\/2025\/10\/ementa-oa1153.pdf\">OA1153<\/a><\/td>\n<td width=\"122\">PRODU\u00c7\u00c3O EDITORIAL<\/td>\n<td width=\"48\">60 horas<\/td>\n<td width=\"48\">&#8212;<\/td>\n<\/tr>\n<tr>\n<td width=\"36\"><a href=\"https:\/\/sacod.ufpr.br\/artes\/wp-content\/uploads\/sites\/8\/2025\/10\/ementa-oa1154.pdf\">OA1154<\/a><\/td>\n<td width=\"122\">PRODU\u00c7\u00c3O AUDIOVISUAL<\/td>\n<td width=\"48\">60 horas<\/td>\n<td width=\"48\">&#8212;<\/td>\n<\/tr>\n<\/tbody>\n<\/table>\n<p>&nbsp;<\/p>\n<p><strong>6\u00ba Per\u00edodo <\/strong><\/p>\n<table width=\"254\">\n<tbody>\n<tr>\n<td width=\"36\">C\u00f3digo<\/td>\n<td width=\"122\">Disciplina<\/td>\n<td width=\"48\">Carga hor\u00e1ria<\/td>\n<td width=\"48\">PR\u00c9-REQUISITOS<\/td>\n<\/tr>\n<tr>\n<td width=\"36\"><a href=\"https:\/\/sacod.ufpr.br\/artes\/wp-content\/uploads\/sites\/8\/2025\/10\/ementa-oa1155.pdf\">OA1155<\/a><\/td>\n<td width=\"122\">PATRIM\u00d4NIO CULTURAL<\/td>\n<td width=\"48\">60 horas<\/td>\n<td width=\"48\">&#8212;<\/td>\n<\/tr>\n<tr>\n<td width=\"36\"><a href=\"https:\/\/sacod.ufpr.br\/artes\/wp-content\/uploads\/sites\/8\/2025\/10\/ementa-oa1156.pdf\">OA1156<\/a><\/td>\n<td width=\"122\">PR\u00c1TICA DE PRODU\u00c7\u00c3O CULTURAL<\/td>\n<td width=\"48\">60 horas<\/td>\n<td width=\"48\">&#8212;<\/td>\n<\/tr>\n<tr>\n<td width=\"36\"><\/td>\n<td width=\"122\">OPTATIVA<\/td>\n<td width=\"48\">30 horas<\/td>\n<td width=\"48\">&#8212;<\/td>\n<\/tr>\n<tr>\n<td width=\"36\"><\/td>\n<td width=\"122\">OPTATIVA<\/td>\n<td width=\"48\">30 horas<\/td>\n<td width=\"48\">&#8212;<\/td>\n<\/tr>\n<\/tbody>\n<\/table>\n<p>&nbsp;<\/p>\n<p><strong>7\u00ba Per\u00edodo <\/strong><\/p>\n<table width=\"254\">\n<tbody>\n<tr>\n<td width=\"36\">C\u00f3digo<\/td>\n<td width=\"122\">Disciplina<\/td>\n<td width=\"48\">Carga hor\u00e1ria<\/td>\n<td width=\"48\">PR\u00c9-REQUISITOS<\/td>\n<\/tr>\n<tr>\n<td width=\"36\"><a href=\"https:\/\/sacod.ufpr.br\/artes\/wp-content\/uploads\/sites\/8\/2025\/10\/ementa-oa1157.pdf\">OA1157<\/a><\/td>\n<td width=\"122\">DI\u00c1LOGOS EM PRODU\u00c7\u00c3O CULTURAL<\/td>\n<td width=\"48\">60 horas<\/td>\n<td width=\"48\">&#8212;<\/td>\n<\/tr>\n<tr>\n<td width=\"36\"><a href=\"https:\/\/sacod.ufpr.br\/artes\/wp-content\/uploads\/sites\/8\/2025\/10\/ementa-oa1158.pdf\">OA1158<\/a><\/td>\n<td width=\"122\">TCC I<\/td>\n<td width=\"48\">120 horas<\/td>\n<td width=\"48\">OA1140<\/td>\n<\/tr>\n<tr>\n<td width=\"36\"><\/td>\n<td width=\"122\">OPTATIVA<\/td>\n<td width=\"48\">30 horas<\/td>\n<td width=\"48\">&#8212;<\/td>\n<\/tr>\n<tr>\n<td width=\"36\"><\/td>\n<td width=\"122\">OPTATIVA<\/td>\n<td width=\"48\">30 horas<\/td>\n<td width=\"48\">&#8212;<\/td>\n<\/tr>\n<\/tbody>\n<\/table>\n<p>&nbsp;<\/p>\n<p><strong>8\u00ba Per\u00edodo <\/strong><\/p>\n<table width=\"254\">\n<tbody>\n<tr>\n<td width=\"36\">C\u00f3digo<\/td>\n<td width=\"122\">Disciplina<\/td>\n<td width=\"48\">Carga hor\u00e1ria<\/td>\n<td width=\"48\">PR\u00c9-REQUISITOS<\/td>\n<\/tr>\n<tr>\n<td width=\"36\"><a href=\"https:\/\/sacod.ufpr.br\/artes\/wp-content\/uploads\/sites\/8\/2025\/10\/ementa-oa1159.pdf\">OA1159<\/a><\/td>\n<td width=\"122\">TCC II<\/td>\n<td width=\"48\">120 horas<\/td>\n<td width=\"48\">OA1158<\/td>\n<\/tr>\n<tr>\n<td width=\"36\"><\/td>\n<td width=\"122\">OPTATIVA<\/td>\n<td width=\"48\">30 horas<\/td>\n<td width=\"48\">&#8212;<\/td>\n<\/tr>\n<tr>\n<td width=\"36\"><\/td>\n<td width=\"122\">OPTATIVA<\/td>\n<td width=\"48\">30 horas<\/td>\n<td width=\"48\">&#8212;<\/td>\n<\/tr>\n<\/tbody>\n<\/table>\n<p>&nbsp;<\/p>\n<p><strong>DISCIPLINAS OPTATIVAS<\/strong><strong>\u00a0<\/strong><\/p>\n<table width=\"254\">\n<tbody>\n<tr>\n<td width=\"36\">C\u00f3digo<\/td>\n<td width=\"122\">Disciplina<\/td>\n<td width=\"48\">Carga hor\u00e1ria<\/td>\n<td width=\"48\">PR\u00c9-REQUISITOS<\/td>\n<\/tr>\n<tr>\n<td width=\"36\"><a href=\"https:\/\/sacod.ufpr.br\/artes\/wp-content\/uploads\/sites\/8\/2025\/10\/ementa-lib038.pdf\">LIB038<\/a><\/td>\n<td width=\"122\">COMUNICA\u00c7\u00c3O EM L\u00cdNGUA BRASILEIRA DE SINAIS-LIBRAS: FUNDAMENTOS DA EDUCA\u00c7\u00c3O BIL\u00cdNGUE PARA SURDOS<\/td>\n<td width=\"48\">60 horas<\/td>\n<td width=\"48\">&#8212;<\/td>\n<\/tr>\n<tr>\n<td width=\"36\"><a href=\"https:\/\/sacod.ufpr.br\/artes\/wp-content\/uploads\/sites\/8\/2025\/10\/ementa-oa1160.pdf\">OA1160<\/a><\/td>\n<td width=\"122\">ARTE CONTEMPOR\u00c2NEA E MEDIA\u00c7\u00c3O CULTURAL<\/td>\n<td width=\"48\">30 horas<\/td>\n<td width=\"48\">&#8212;<\/td>\n<\/tr>\n<tr>\n<td width=\"36\"><a href=\"https:\/\/sacod.ufpr.br\/artes\/wp-content\/uploads\/sites\/8\/2025\/10\/ementa-oa1161.pdf\">OA1161<\/a><\/td>\n<td width=\"122\">ARTE NO CAMPO AMPLIADO: INTERFACES ENTRE DAN\u00c7A, TEATRO E ARTES VISUAIS<\/td>\n<td width=\"48\">30 horas<\/td>\n<td width=\"48\">&#8212;<\/td>\n<\/tr>\n<tr>\n<td width=\"36\"><a href=\"https:\/\/sacod.ufpr.br\/artes\/wp-content\/uploads\/sites\/8\/2025\/10\/ementa-oa1162.pdf\">OA1162<\/a><\/td>\n<td width=\"122\">ARTES DO CORPO NA MODERNIDADE<\/td>\n<td width=\"48\">30 horas<\/td>\n<td width=\"48\">&#8212;<\/td>\n<\/tr>\n<tr>\n<td width=\"36\"><a href=\"https:\/\/sacod.ufpr.br\/artes\/wp-content\/uploads\/sites\/8\/2025\/10\/ementa-oa1163.pdf\">OA1163<\/a><\/td>\n<td width=\"122\">ARTIVISMO E LUTAS SOCIAIS<\/td>\n<td width=\"48\">30 horas<\/td>\n<td width=\"48\">&#8212;<\/td>\n<\/tr>\n<tr>\n<td width=\"36\"><a href=\"https:\/\/sacod.ufpr.br\/artes\/wp-content\/uploads\/sites\/8\/2025\/10\/ementa-oa1164.pdf\">OA1164<\/a><\/td>\n<td width=\"122\">CARTOGRAFIA E PESQUISA RIZOMA EM EDUCA\u00c7\u00c3O, CULTURA E ARTE<\/td>\n<td width=\"48\">30 horas<\/td>\n<td width=\"48\">&#8212;<\/td>\n<\/tr>\n<tr>\n<td width=\"36\"><a href=\"https:\/\/sacod.ufpr.br\/artes\/wp-content\/uploads\/sites\/8\/2025\/10\/ementa-oa1165.pdf\">OA1165<\/a><\/td>\n<td width=\"122\">CENA E TECNOLOGIA<\/td>\n<td width=\"48\">30 horas<\/td>\n<td width=\"48\">&#8212;<\/td>\n<\/tr>\n<tr>\n<td width=\"36\"><a href=\"https:\/\/sacod.ufpr.br\/artes\/wp-content\/uploads\/sites\/8\/2025\/10\/ementa-oa1166.pdf\">OA1166<\/a><\/td>\n<td width=\"122\">CIDADE, POL\u00cdTICA E CULTURA<\/td>\n<td width=\"48\">30 horas<\/td>\n<td width=\"48\">&#8212;<\/td>\n<\/tr>\n<tr>\n<td width=\"36\"><a href=\"https:\/\/sacod.ufpr.br\/artes\/wp-content\/uploads\/sites\/8\/2025\/10\/ementa-oa1167.pdf\">OA1167<\/a><\/td>\n<td width=\"122\">CORPO, CRIA\u00c7\u00d5ES EST\u00c9TICAS DO CONTEMPOR\u00c2NEO<\/td>\n<td width=\"48\">30 horas<\/td>\n<td width=\"48\">&#8212;<\/td>\n<\/tr>\n<tr>\n<td width=\"36\"><a href=\"https:\/\/sacod.ufpr.br\/artes\/wp-content\/uploads\/sites\/8\/2025\/10\/ementa-oa1168.pdf\">OA1168<\/a><\/td>\n<td width=\"122\">CULTURA NA PERSPECTIVA DOS C\u00c2NONES DO PENSAMENTO SOCIAL BRASILEIRO<\/td>\n<td width=\"48\">30 horas<\/td>\n<td width=\"48\">&#8212;<\/td>\n<\/tr>\n<tr>\n<td width=\"36\"><a href=\"https:\/\/sacod.ufpr.br\/artes\/wp-content\/uploads\/sites\/8\/2025\/10\/ementa-oa1169.pdf\">OA1169<\/a><\/td>\n<td width=\"122\">CULTURA, DEMOCRACIA E PARTICIPA\u00c7\u00c3O SOCIAL<\/td>\n<td width=\"48\">30 horas<\/td>\n<td width=\"48\">&#8212;<\/td>\n<\/tr>\n<tr>\n<td width=\"36\"><a href=\"https:\/\/sacod.ufpr.br\/artes\/wp-content\/uploads\/sites\/8\/2025\/10\/ementa-oa1170.pdf\">OA1170<\/a><\/td>\n<td width=\"122\">DAN\u00c7A &#8211; PRODU\u00c7\u00c3O E CIRCULA\u00c7\u00c3O<\/td>\n<td width=\"48\">30 horas<\/td>\n<td width=\"48\">&#8212;<\/td>\n<\/tr>\n<tr>\n<td width=\"36\"><a href=\"https:\/\/sacod.ufpr.br\/artes\/wp-content\/uploads\/sites\/8\/2025\/10\/ementa-oa1171.pdf\">OA1171<\/a><\/td>\n<td width=\"122\">DEVIR MULHER &#8211; EST\u00c9TICAS E PO\u00c9TICAS DO FEMININO NA LITERATURA<\/td>\n<td width=\"48\">30 horas<\/td>\n<td width=\"48\">&#8212;<\/td>\n<\/tr>\n<tr>\n<td width=\"36\"><a href=\"https:\/\/sacod.ufpr.br\/artes\/wp-content\/uploads\/sites\/8\/2025\/10\/ementa-oa1172.pdf\">OA1172<\/a><\/td>\n<td width=\"122\">DINAMIZA\u00c7\u00c3O TERRITORIAL E GEST\u00c3O<\/td>\n<td width=\"48\">30 horas<\/td>\n<td width=\"48\">&#8212;<\/td>\n<\/tr>\n<tr>\n<td width=\"36\"><a href=\"https:\/\/sacod.ufpr.br\/artes\/wp-content\/uploads\/sites\/8\/2025\/10\/ementa-oa1173.pdf\">OA1173<\/a><\/td>\n<td width=\"122\">DRAMATURGIA BRASILEIRA CONTEMPOR\u00c2NEA<\/td>\n<td width=\"48\">30 horas<\/td>\n<td width=\"48\">&#8212;<\/td>\n<\/tr>\n<tr>\n<td width=\"36\"><a href=\"https:\/\/sacod.ufpr.br\/artes\/wp-content\/uploads\/sites\/8\/2025\/10\/ementa-oa1174.pdf\">OA1174<\/a><\/td>\n<td width=\"122\">DRAMATURGIA BRASILEIRA<\/td>\n<td width=\"48\">30 horas<\/td>\n<td width=\"48\">&#8212;<\/td>\n<\/tr>\n<tr>\n<td width=\"36\"><a href=\"https:\/\/sacod.ufpr.br\/artes\/wp-content\/uploads\/sites\/8\/2025\/10\/ementa-oa1175.pdf\">OA1175<\/a><\/td>\n<td width=\"122\">DRAMATURGIA E RESIST\u00caNCIA<\/td>\n<td width=\"48\">30 horas<\/td>\n<td width=\"48\">&#8212;<\/td>\n<\/tr>\n<tr>\n<td width=\"36\"><a href=\"https:\/\/sacod.ufpr.br\/artes\/wp-content\/uploads\/sites\/8\/2025\/10\/ementa-oa1176.pdf\">OA1176<\/a><\/td>\n<td width=\"122\">LINGUAGENS DO CORPO E DA VOZ<\/td>\n<td width=\"48\">60 horas<\/td>\n<td width=\"48\">&#8212;<\/td>\n<\/tr>\n<tr>\n<td width=\"36\"><a href=\"https:\/\/sacod.ufpr.br\/artes\/wp-content\/uploads\/sites\/8\/2025\/10\/ementa-oa1177.pdf\">OA1177<\/a><\/td>\n<td width=\"122\">LITERATURA BRASILEIRA CONTEMPOR\u00c2NEA<\/td>\n<td width=\"48\">30 horas<\/td>\n<td width=\"48\">&#8212;<\/td>\n<\/tr>\n<tr>\n<td width=\"36\"><a href=\"https:\/\/sacod.ufpr.br\/artes\/wp-content\/uploads\/sites\/8\/2025\/10\/ementa-oa1178.pdf\">OA1178<\/a><\/td>\n<td width=\"122\">LITERATURA E HIST\u00d3RIA<\/td>\n<td width=\"48\">30 horas<\/td>\n<td width=\"48\">&#8212;<\/td>\n<\/tr>\n<tr>\n<td width=\"36\"><a href=\"https:\/\/sacod.ufpr.br\/artes\/wp-content\/uploads\/sites\/8\/2025\/10\/ementa-oa1179.pdf\">OA1179<\/a><\/td>\n<td width=\"122\">LITERATURA E POL\u00cdTICA<\/td>\n<td width=\"48\">30 horas<\/td>\n<td width=\"48\">&#8212;<\/td>\n<\/tr>\n<tr>\n<td width=\"36\"><a href=\"https:\/\/sacod.ufpr.br\/artes\/wp-content\/uploads\/sites\/8\/2025\/10\/ementa-oa1180.pdf\">OA1180<\/a><\/td>\n<td width=\"122\">MAQUIAGEM FIGURATIVA<\/td>\n<td width=\"48\">30 horas<\/td>\n<td width=\"48\">&#8212;<\/td>\n<\/tr>\n<tr>\n<td width=\"36\"><a href=\"https:\/\/sacod.ufpr.br\/artes\/wp-content\/uploads\/sites\/8\/2025\/10\/ementa-oa1181.pdf\">OA1181<\/a><\/td>\n<td width=\"122\">MAQUIAGEM N\u00c3O FIGURATIVA<\/td>\n<td width=\"48\">30 horas<\/td>\n<td width=\"48\">&#8212;<\/td>\n<\/tr>\n<tr>\n<td width=\"36\"><a href=\"https:\/\/sacod.ufpr.br\/artes\/wp-content\/uploads\/sites\/8\/2025\/10\/ementa-oa1182.pdf\">OA1182<\/a><\/td>\n<td width=\"122\">MODA E CULTURA VISUAL<\/td>\n<td width=\"48\">120 horas<\/td>\n<td width=\"48\">&#8212;<\/td>\n<\/tr>\n<tr>\n<td width=\"36\"><a href=\"https:\/\/sacod.ufpr.br\/artes\/wp-content\/uploads\/sites\/8\/2025\/10\/ementa-oa1183.pdf\">OA1183<\/a><\/td>\n<td width=\"122\">PERFOMANCE: CONCEITOS E PRODU\u00c7\u00c3O ART\u00cdSTICA<\/td>\n<td width=\"48\">30 horas<\/td>\n<td width=\"48\">&#8212;<\/td>\n<\/tr>\n<tr>\n<td width=\"36\"><a href=\"https:\/\/sacod.ufpr.br\/artes\/wp-content\/uploads\/sites\/8\/2025\/10\/ementa-oa1184.pdf\">OA1184<\/a><\/td>\n<td width=\"122\">POL\u00cdTICAS CULTURAIS SETORIAIS, TERRITORIAIS E TEM\u00c1TICAS I<\/td>\n<td width=\"48\">30 horas<\/td>\n<td width=\"48\">&#8212;<\/td>\n<\/tr>\n<tr>\n<td width=\"36\"><a href=\"https:\/\/sacod.ufpr.br\/artes\/wp-content\/uploads\/sites\/8\/2025\/10\/ementa-oa1185.pdf\">OA1185<\/a><\/td>\n<td width=\"122\">POL\u00cdTICAS CULTURAIS SETORIAIS, TERRITORIAIS E TEM\u00c1TICAS II<\/td>\n<td width=\"48\">30 horas<\/td>\n<td width=\"48\">&#8212;<\/td>\n<\/tr>\n<tr>\n<td width=\"36\"><a href=\"https:\/\/sacod.ufpr.br\/artes\/wp-content\/uploads\/sites\/8\/2025\/10\/ementa-oa1186.pdf\">OA1186<\/a><\/td>\n<td width=\"122\">PSICOAC\u00daSTICA<\/td>\n<td width=\"48\">30 horas<\/td>\n<td width=\"48\">&#8212;<\/td>\n<\/tr>\n<\/tbody>\n<\/table>\n<p>&nbsp;<\/p>\n","protected":false},"excerpt":{"rendered":"<p>Perfil Estudante: Ap\u00f3s passagem pelo Curso de Bacharelado em Produ\u00e7\u00e3o Cultural o estudante dever\u00e1 reconhecer a import\u00e2ncia da cultura e seu valor simb\u00f3lico na conforma\u00e7\u00e3o de socialidades e sociabilidades humanas; estar\u00e1 habilitado a discutir quest\u00f5es relacionadas \u00e0 cultura na conjuntura contempor\u00e2nea, reconhecendo valores implicados nas apropria\u00e7\u00f5es culturais, nas pol\u00edticas culturais e na legisla\u00e7\u00e3o, visando contribuir [&hellip;]<\/p>\n","protected":false},"author":1759,"featured_media":0,"parent":0,"menu_order":0,"comment_status":"closed","ping_status":"closed","template":"","meta":{"_acf_changed":false,"footnotes":""},"class_list":["post-8741","page","type-page","status-publish","hentry"],"acf":[],"_links":{"self":[{"href":"https:\/\/sacod.ufpr.br\/artes\/wp-json\/wp\/v2\/pages\/8741","targetHints":{"allow":["GET"]}}],"collection":[{"href":"https:\/\/sacod.ufpr.br\/artes\/wp-json\/wp\/v2\/pages"}],"about":[{"href":"https:\/\/sacod.ufpr.br\/artes\/wp-json\/wp\/v2\/types\/page"}],"author":[{"embeddable":true,"href":"https:\/\/sacod.ufpr.br\/artes\/wp-json\/wp\/v2\/users\/1759"}],"replies":[{"embeddable":true,"href":"https:\/\/sacod.ufpr.br\/artes\/wp-json\/wp\/v2\/comments?post=8741"}],"version-history":[{"count":32,"href":"https:\/\/sacod.ufpr.br\/artes\/wp-json\/wp\/v2\/pages\/8741\/revisions"}],"predecessor-version":[{"id":9887,"href":"https:\/\/sacod.ufpr.br\/artes\/wp-json\/wp\/v2\/pages\/8741\/revisions\/9887"}],"wp:attachment":[{"href":"https:\/\/sacod.ufpr.br\/artes\/wp-json\/wp\/v2\/media?parent=8741"}],"curies":[{"name":"wp","href":"https:\/\/api.w.org\/{rel}","templated":true}]}}