{"id":6762,"date":"2018-10-30T14:30:16","date_gmt":"2018-10-30T17:30:16","guid":{"rendered":"https:\/\/sacod.ufpr.br\/artes\/?page_id=6762"},"modified":"2024-03-25T15:36:29","modified_gmt":"2024-03-25T18:36:29","slug":"provar","status":"publish","type":"page","link":"https:\/\/sacod.ufpr.br\/artes\/provar\/","title":{"rendered":"PROVAR"},"content":{"rendered":"<p><span style=\"font-weight: 400\">O Processo de Ocupa\u00e7\u00e3o de Vagas Remanescentes (Provar) \u00e9 uma sele\u00e7\u00e3o anual da UFPR para preencher as vagas remanescentes a partir do 2\u00ba ano dos cursos. O Provar atende os alunos da pr\u00f3pria UFPR \u2013 com troca de turno e habilita\u00e7\u00e3o; alunos de outras institui\u00e7\u00f5es; e ex-alunos da UFPR que queiram voltar para seus cursos ou mesmo aqueles profissionais que queiram fazer outro curso de gradua\u00e7\u00e3o. Mais informa\u00e7\u00f5es no <a href=\"https:\/\/servicos.nc.ufpr.br\/PortalNC\/Concurso?concurso=PROVAR-2024\">site do PROVAR<\/a><\/span><\/p>\n","protected":false},"excerpt":{"rendered":"<p>O Processo de Ocupa\u00e7\u00e3o de Vagas Remanescentes (Provar) \u00e9 uma sele\u00e7\u00e3o anual da UFPR para preencher as vagas remanescentes a partir do 2\u00ba ano dos cursos. O Provar atende os alunos da pr\u00f3pria UFPR \u2013 com troca de turno e habilita\u00e7\u00e3o; alunos de outras institui\u00e7\u00f5es; e ex-alunos da UFPR que queiram voltar para seus cursos [&hellip;]<\/p>\n","protected":false},"author":1759,"featured_media":0,"parent":0,"menu_order":0,"comment_status":"closed","ping_status":"closed","template":"","meta":{"_acf_changed":false,"footnotes":""},"class_list":["post-6762","page","type-page","status-publish","hentry"],"acf":[],"_links":{"self":[{"href":"https:\/\/sacod.ufpr.br\/artes\/wp-json\/wp\/v2\/pages\/6762","targetHints":{"allow":["GET"]}}],"collection":[{"href":"https:\/\/sacod.ufpr.br\/artes\/wp-json\/wp\/v2\/pages"}],"about":[{"href":"https:\/\/sacod.ufpr.br\/artes\/wp-json\/wp\/v2\/types\/page"}],"author":[{"embeddable":true,"href":"https:\/\/sacod.ufpr.br\/artes\/wp-json\/wp\/v2\/users\/1759"}],"replies":[{"embeddable":true,"href":"https:\/\/sacod.ufpr.br\/artes\/wp-json\/wp\/v2\/comments?post=6762"}],"version-history":[{"count":6,"href":"https:\/\/sacod.ufpr.br\/artes\/wp-json\/wp\/v2\/pages\/6762\/revisions"}],"predecessor-version":[{"id":9442,"href":"https:\/\/sacod.ufpr.br\/artes\/wp-json\/wp\/v2\/pages\/6762\/revisions\/9442"}],"wp:attachment":[{"href":"https:\/\/sacod.ufpr.br\/artes\/wp-json\/wp\/v2\/media?parent=6762"}],"curies":[{"name":"wp","href":"https:\/\/api.w.org\/{rel}","templated":true}]}}