{"id":6744,"date":"2018-10-30T14:21:30","date_gmt":"2018-10-30T17:21:30","guid":{"rendered":"https:\/\/sacod.ufpr.br\/artes\/?page_id=6744"},"modified":"2024-10-02T10:08:06","modified_gmt":"2024-10-02T13:08:06","slug":"artes-visuais-estagio","status":"publish","type":"page","link":"https:\/\/sacod.ufpr.br\/artes\/artes-visuais-estagio\/","title":{"rendered":"Est\u00e1gio &#8211; Artes Visuais"},"content":{"rendered":"<p>Os est\u00e1gios obrigat\u00f3rios s\u00e3o componentes curriculares que complementam a forma\u00e7\u00e3o de estudantes e oferecem a aproxima\u00e7\u00e3o com o campo profissional de trabalho. Os est\u00e1gios n\u00e3o obrigat\u00f3rios realizam-se de acordo com os interesses e buscas pessoais de estudantes.<\/p>\n<p>A Unidade de Est\u00e1gios (COAFE) \u00e9 a inst\u00e2ncia respons\u00e1vel pela avalia\u00e7\u00e3o pedag\u00f3gica e pelo cadastro e homologa\u00e7\u00e3o de todos os est\u00e1gios realizados por estudantes da UFPR, tanto obrigat\u00f3rios quanto n\u00e3o obrigat\u00f3rios.<\/p>\n<p>&nbsp;<\/p>\n<hr \/>\n<p><strong>COAFE\/UNIDADE DE EST\u00c1GIOS <\/strong><\/p>\n<ul>\n<li style=\"list-style-type: none\">\n<ul>\n<li><strong>Endere\u00e7o:<\/strong> Pra\u00e7a Santos Andrade, n\u00ba 50 \u2013 Pr\u00e9dio Hist\u00f3rico \u2013 Curitiba\/PR<\/li>\n<li><strong>CEP:<\/strong> 80020-300 Telefone: (41) 3310-2675 E-mail\/TEAMS: estagio@ufpr.br<\/li>\n<li><strong>Hor\u00e1rio de atendimento:<\/strong> Segunda \u00e0 Sexta-feira, das 08h \u00e0s 12h e das 13h \u00e0s 17h.<\/li>\n<li><strong>Coordenador de Atividades Formativas e Est\u00e1gios:<\/strong> Prof. Dr. Leonir Lorenzetti &#8211; (41) 3310-2741 &#8211; <a href=\"mailto:leonir@ufpr.br\">leonir@ufpr.br<\/a><\/li>\n<li><strong>Respons\u00e1vel pela Unidade de Est\u00e1gios:<\/strong> T\u00e2nia Lazier Gabardo &#8211; <a href=\"mailto:estagio@ufpr.br\">estagio@ufpr.br<\/a><\/li>\n<li><strong>Equipe:<\/strong>\n<ul>\n<li>Eliane Cristina Depetris &#8211; <a href=\"mailto:elianecdz@ufpr.br\">elianecdz@ufpr.br <\/a><\/li>\n<li>Jocimara Rodrigues Cardoso dos Santos &#8211; <a href=\"mailto:jo@ufpr.br\">jo@ufpr.br <\/a><\/li>\n<li>Marcia Regina Antoniacomi &#8211; <a href=\"mailto:marciara@ufpr.br\">marciara@ufpr.br <\/a><\/li>\n<li>Paulo C\u00e9sar de Freitas &#8211; <a href=\"mailto:paulofreitas@ufpr.br\">paulofreitas@ufpr.br<\/a><\/li>\n<\/ul>\n<\/li>\n<\/ul>\n<\/li>\n<\/ul>\n<p>&nbsp;<\/p>\n<hr \/>\n<p><a href=\"http:\/\/www.prograd.ufpr.br\/portal\/coafe\/wp-content\/uploads\/sites\/15\/2019\/08\/Manual-de-Est%C3%A1gios-Vers%C3%A3o-Final.pdf\">MANUAL DE EST\u00c1GIOS DA UFPR <\/a><\/p>\n<p><a href=\"http:\/\/www.prograd.ufpr.br\/portal\/coafe\/ue\/perguntas-frequentes\/\">PERGUNTAS FREQUENTES<\/a><\/p>\n<p><a href=\"http:\/\/www.prograd.ufpr.br\/estagio\/formularios\/\">FORMUL\u00c1RIOS<\/a><\/p>\n<p><a href=\"https:\/\/sacod.ufpr.br\/artes\/wp-content\/uploads\/sites\/8\/2024\/09\/regulamento-estagio-bacharelado-artes-visuais-2024.pdf\">REGULAMENTO EST\u00c1GIO BACHARELADO ARTES VISUAIS 2024<\/a><\/p>\n<p><a href=\"https:\/\/sacod.ufpr.br\/artes\/wp-content\/uploads\/sites\/8\/2024\/09\/regulamento-estagio-licenciatura-artes-visuais-2024.pdf\">REGULAMENTO EST\u00c1GIO LICENCIATURA ARTES VISUAIS 2024<\/a><\/p>\n<p><a href=\"https:\/\/sacod.ufpr.br\/artes\/wp-content\/uploads\/sites\/8\/2024\/09\/estagio-bacharelado-artes-visuais-2024-ficha-de-presenca.pdf\">EST\u00c1GIO BACHARELADO ARTES VISUAIS 2024 &#8211; FICHA DE PRESEN\u00c7A<\/a><\/p>\n<p>&nbsp;<\/p>\n<hr \/>\n<p><strong>COMISS\u00c3O ORIENTADORA DE EST\u00c1GIO BACHARELADO ARTES VISUAIS &#8211; COE<\/strong><\/p>\n<ul>\n<li style=\"list-style-type: none\">\n<ul>\n<li>Elias de Andrade &#8211; <a href=\"mailto:eliasdeandrade@ufpr.br\">eliasdeandrade@ufpr.br <\/a><\/li>\n<li>Emanuel dos Santos Monteiro &#8211; <a href=\"mailto:emanuelmonteiro@ufpr.br\">emanuelmonteiro@ufpr.br <\/a><\/li>\n<li>Fabr\u00edcia Cabral de Lira Jord\u00e3o &#8211; <a href=\"mailto:fcljordao@ufpr.br\">fcljordao@ufpr.br <\/a><\/li>\n<li>Felipe Cardoso de Mello Prando &#8211;<a href=\"mailto:felipeprando@ufpr.br\"> felipeprando@ufpr.br <\/a><\/li>\n<li>Geraldo Le\u00e3o Veiga de Camargo &#8211; <a href=\"mailto:geraldoleao@ufpr.br\">geraldoleao@ufpr.br <\/a><\/li>\n<li>Isabelle Catucci da Silva &#8211; <a href=\"mailto:isabelle.silva@ufpr.br\">isabelle.silva@ufpr.br <\/a><\/li>\n<li>Luana Marchiori Veiga &#8211;<a href=\"mailto:luanaveiga@ufpr.br\"> luanaveiga@ufpr.br<\/a><\/li>\n<li>Paulo Roberto de Oliveira Reis &#8211; <a href=\"mailto:paulo.reis@ufpr.br\">paulo.reis@ufpr.br<\/a><\/li>\n<li>T\u00e2nia Bittencourt Bloomfield \u2013\u00a0<a href=\"mailto:taniabloomfield@ufpr.br\">taniabloomfield@ufpr.br<\/a><\/li>\n<\/ul>\n<\/li>\n<\/ul>\n<p>&nbsp;<\/p>\n<hr \/>\n<p><strong>COMISS\u00c3O ORIENTADORA DE EST\u00c1GIO LICENCIATURA ARTES VISUAIS &#8211; COE<\/strong><\/p>\n<ul>\n<li style=\"list-style-type: none\">\n<ul>\n<li>Joelma Zamb\u00e3o Estevam &#8211; <a href=\"mailto:joelma.estevam@ufpr.br\">joelma.estevam@ufpr.br <\/a><\/li>\n<li>Juliana Gisi Martins de Almeida &#8211; <a href=\"mailto:julianagisi@ufpr.br\">julianagisi@ufpr.br<\/a><\/li>\n<\/ul>\n<\/li>\n<\/ul>\n","protected":false},"excerpt":{"rendered":"<p>Os est\u00e1gios obrigat\u00f3rios s\u00e3o componentes curriculares que complementam a forma\u00e7\u00e3o de estudantes e oferecem a aproxima\u00e7\u00e3o com o campo profissional de trabalho. Os est\u00e1gios n\u00e3o obrigat\u00f3rios realizam-se de acordo com os interesses e buscas pessoais de estudantes. A Unidade de Est\u00e1gios (COAFE) \u00e9 a inst\u00e2ncia respons\u00e1vel pela avalia\u00e7\u00e3o pedag\u00f3gica e pelo cadastro e homologa\u00e7\u00e3o de [&hellip;]<\/p>\n","protected":false},"author":1759,"featured_media":0,"parent":0,"menu_order":0,"comment_status":"closed","ping_status":"closed","template":"","meta":{"_acf_changed":false,"footnotes":""},"class_list":["post-6744","page","type-page","status-publish","hentry"],"acf":[],"_links":{"self":[{"href":"https:\/\/sacod.ufpr.br\/artes\/wp-json\/wp\/v2\/pages\/6744","targetHints":{"allow":["GET"]}}],"collection":[{"href":"https:\/\/sacod.ufpr.br\/artes\/wp-json\/wp\/v2\/pages"}],"about":[{"href":"https:\/\/sacod.ufpr.br\/artes\/wp-json\/wp\/v2\/types\/page"}],"author":[{"embeddable":true,"href":"https:\/\/sacod.ufpr.br\/artes\/wp-json\/wp\/v2\/users\/1759"}],"replies":[{"embeddable":true,"href":"https:\/\/sacod.ufpr.br\/artes\/wp-json\/wp\/v2\/comments?post=6744"}],"version-history":[{"count":13,"href":"https:\/\/sacod.ufpr.br\/artes\/wp-json\/wp\/v2\/pages\/6744\/revisions"}],"predecessor-version":[{"id":9676,"href":"https:\/\/sacod.ufpr.br\/artes\/wp-json\/wp\/v2\/pages\/6744\/revisions\/9676"}],"wp:attachment":[{"href":"https:\/\/sacod.ufpr.br\/artes\/wp-json\/wp\/v2\/media?parent=6744"}],"curies":[{"name":"wp","href":"https:\/\/api.w.org\/{rel}","templated":true}]}}