{"id":6742,"date":"2018-10-30T14:20:21","date_gmt":"2018-10-30T17:20:21","guid":{"rendered":"https:\/\/sacod.ufpr.br\/artes\/?page_id=6742"},"modified":"2026-02-04T09:32:50","modified_gmt":"2026-02-04T12:32:50","slug":"musica-grades-horarias","status":"publish","type":"page","link":"https:\/\/sacod.ufpr.br\/artes\/musica-grades-horarias\/","title":{"rendered":"Grades hor\u00e1rias &#8211; M\u00fasica"},"content":{"rendered":"<ul>\n<li style=\"list-style-type: none\">\n<ul>\n<li><a href=\"https:\/\/sacod.ufpr.br\/artes\/wp-content\/uploads\/sites\/8\/2026\/02\/grades_2026_1.pdf\">Grades de 2026 1\u00ba semestre<\/a><\/li>\n<\/ul>\n<\/li>\n<\/ul>\n<hr \/>\n<h2><\/h2>\n<h2><strong>Grades, turmas e programas anteriores<\/strong><\/h2>\n<ul>\n<li style=\"list-style-type: none\">\n<ul>\n<li><a href=\"https:\/\/sacod.ufpr.br\/artes\/wp-content\/uploads\/sites\/8\/2025\/07\/grade_2025_2.pdf\">Grades de 2025 2\u00b0 semestre<\/a><\/li>\n<li><a href=\"https:\/\/sacod.ufpr.br\/artes\/wp-content\/uploads\/sites\/8\/2025\/10\/planos_de_ensino_2025_2.pdf\">Planos de ensino de m\u00fasica 2025\/2<\/a><\/li>\n<li><a href=\"https:\/\/sacod.ufpr.br\/artes\/wp-content\/uploads\/sites\/8\/2025\/05\/grades_2025_1.pdf\">Grades de 2025 1\u00ba semestre<\/a><\/li>\n<li><a href=\"https:\/\/sacod.ufpr.br\/artes\/wp-content\/uploads\/sites\/8\/2025\/05\/planos_de_ensino_2025_1.pdf\">Planos de ensino de m\u00fasica 2025\/1<\/a><\/li>\n<\/ul>\n<\/li>\n<\/ul>\n<ul>\n<li style=\"list-style-type: none\">\n<ul>\n<li><a href=\"https:\/\/sacod.ufpr.br\/artes\/wp-content\/uploads\/sites\/8\/2025\/05\/planos_de_ensino_2024_2.pdf\">Planos de ensino de m\u00fasica 2024\/2<\/a><\/li>\n<li><a href=\"https:\/\/sacod.ufpr.br\/artes\/wp-content\/uploads\/sites\/8\/2024\/07\/grades_2024__2.pdf\">Grades de 2024 2\u00ba semestre<\/a><\/li>\n<li><a href=\"https:\/\/sacod.ufpr.br\/artes\/wp-content\/uploads\/sites\/8\/2024\/07\/nova_grade_2024_1_musica.pdf\">Grade atualizada 2024 1\u00ba semestre<\/a><\/li>\n<li><a href=\"https:\/\/sacod.ufpr.br\/artes\/wp-content\/uploads\/sites\/8\/2024\/01\/lib038___sirlene___ficha_2.pdf\">Ficha 2 de LIBRAS<\/a><\/li>\n<li><a href=\"https:\/\/sacod.ufpr.br\/artes\/wp-content\/uploads\/sites\/8\/2024\/02\/planos__de_ensino_2024_1.pdf\">Planos de ensino de m\u00fasica 2024\/1<\/a><\/li>\n<\/ul>\n<\/li>\n<li style=\"list-style-type: none\">\n<ul>\n<li><a href=\"https:\/\/sacod.ufpr.br\/artes\/wp-content\/uploads\/sites\/8\/2023\/07\/grades_2023_2.pdf\">Grades de 2023 2\u00ba semestre<\/a><\/li>\n<li><a href=\"https:\/\/sacod.ufpr.br\/artes\/wp-content\/uploads\/sites\/8\/2023\/07\/planos_de_ensino_2023_2.pdf\">Planos de ensino de m\u00fasica 2023\/2<\/a><\/li>\n<li><a href=\"https:\/\/sacod.ufpr.br\/artes\/wp-content\/uploads\/sites\/8\/2023\/07\/ensalamento_licenciaturas-2023_-2o_semestre.pdf\">Turmas de licenciatura no Rebou\u00e7as<\/a><\/li>\n<li><a href=\"https:\/\/sacod.ufpr.br\/artes\/wp-content\/uploads\/sites\/8\/2023\/07\/ensalamento_libras_2023_-2o_semestre.pdf\">Turmas de LIBRAS LIB038 em 2023\/2<\/a><\/li>\n<li><a href=\"https:\/\/sacod.ufpr.br\/artes\/wp-content\/uploads\/sites\/8\/2023\/08\/ficha-2-em281-2023.pdf\">FICHA 2\u00a0 \u00a0 EM281 2023<\/a><\/li>\n<li><a href=\"https:\/\/sacod.ufpr.br\/artes\/wp-content\/uploads\/sites\/8\/2023\/03\/grades__2023_1.pdf\">Grades de 2023\u00a0 \u00a01\u00ba semestre<\/a><\/li>\n<li><a href=\"https:\/\/sacod.ufpr.br\/artes\/wp-content\/uploads\/sites\/8\/2023\/03\/campus-reboucas-turmas-de-licenciatura-2023-1.pdf\">Turmas de licenciatura no Rebou\u00e7as<\/a><\/li>\n<li><a href=\"https:\/\/sacod.ufpr.br\/artes\/wp-content\/uploads\/sites\/8\/2023\/03\/lib038_2023-1_turmas__ensalamento.pdf\">Turmas de LIBRAS em 2023\/1<\/a><\/li>\n<li><a href=\"https:\/\/sacod.ufpr.br\/artes\/wp-content\/uploads\/sites\/8\/2023\/03\/planos_de_ensino_2023_1.pdf\">Planos de ensino de m\u00fasica 2023\/1<\/a><\/li>\n<li><a href=\"https:\/\/sacod.ufpr.br\/artes\/wp-content\/uploads\/sites\/8\/2023\/03\/fichas-de-ep124-et171-lib038.pdf\">Fichas de EP124\u00a0 \u00a0 \u00a0ET171\u00a0 \u00a0 \u00a0LIB038<\/a><\/li>\n<li><a href=\"https:\/\/sacod.ufpr.br\/artes\/wp-content\/uploads\/sites\/8\/2022\/10\/grades_2022_2.pdf\">Grades 2022\u00a0 \u00a02\u00ba semestre<\/a><\/li>\n<li><a href=\"https:\/\/sacod.ufpr.br\/artes\/wp-content\/uploads\/sites\/8\/2022\/10\/planos_de_ensino_2022_2.pdf\">Planos de ensino de m\u00fasica 2022\/2<\/a><\/li>\n<li><a href=\"https:\/\/sacod.ufpr.br\/artes\/wp-content\/uploads\/sites\/8\/2022\/10\/disciplinas_da_educacao_para_licenciaturas_2022_2.pdf\">Turmas da Educa\u00e7\u00e3o para licenciaturas 2022\/2<\/a><\/li>\n<li><a href=\"https:\/\/sacod.ufpr.br\/artes\/wp-content\/uploads\/sites\/8\/2022\/06\/grades__2022__1.pdf\">Grades 2022 1\u00ba semestre<\/a><\/li>\n<li><a href=\"https:\/\/sacod.ufpr.br\/artes\/wp-content\/uploads\/sites\/8\/2022\/06\/ensalamento_educacao_por_curso_1_sem_2022.pdf\">Todas as turmas da Educa\u00e7\u00e3o para licenciaturas 2022\/1<\/a><\/li>\n<li><a href=\"https:\/\/sacod.ufpr.br\/artes\/wp-content\/uploads\/sites\/8\/2022\/06\/planos_de_ensino_2022_1.pdf\">Planos de ensino de m\u00fasica 2022\/1<\/a><\/li>\n<li><a href=\"https:\/\/sacod.ufpr.br\/artes\/wp-content\/uploads\/sites\/8\/2022\/02\/grades_musica_2021_2.pdf\">Grades de m\u00fasica 2021\/2<\/a><\/li>\n<li><a href=\"https:\/\/sacod.ufpr.br\/artes\/wp-content\/uploads\/sites\/8\/2022\/01\/planos-de-ensino-musica-2021-2.pdf\">Planos de ensino de m\u00fasica 2021\/2<\/a><\/li>\n<li><a href=\"https:\/\/sacod.ufpr.br\/artes\/wp-content\/uploads\/sites\/8\/2022\/01\/planos_de_ensino_educacao_2021_2.pdf\">Planos de ensino da educa\u00e7\u00e3o 2021\/2<\/a><\/li>\n<li><a href=\"https:\/\/sacod.ufpr.br\/artes\/wp-content\/uploads\/sites\/8\/2022\/02\/turmas_para_licenciaturas_2022_1.pdf\">Todas as turmas da Educa\u00e7\u00e3o para licenciaturas 2021\/2<\/a><\/li>\n<li><a href=\"https:\/\/sacod.ufpr.br\/artes\/wp-content\/uploads\/sites\/8\/2021\/09\/grades_musica_2021_1.pdf\">Grades 2021\/1 &#8211; Ensino Remoto Emergencial ciclo 6 (setembro a dezembro de 2021)<\/a><\/li>\n<li><a href=\"https:\/\/sacod.ufpr.br\/artes\/wp-content\/uploads\/sites\/8\/2021\/09\/disciplinas-musica-ere-set-a-dez.docx\">Planos de ensino das disciplinas de m\u00fasica (set\/dez 2021)<\/a><\/li>\n<li><a href=\"https:\/\/sacod.ufpr.br\/artes\/wp-content\/uploads\/sites\/8\/2021\/09\/em060_plano-de-ensino.pdf\">EM060_plano de ensino (equivale a EM282)<\/a><\/li>\n<li><a href=\"https:\/\/sacod.ufpr.br\/artes\/wp-content\/uploads\/sites\/8\/2021\/09\/em204_plano-de-ensino.pdf\">EM204_plano de ensino<\/a><\/li>\n<li><a href=\"https:\/\/sacod.ufpr.br\/artes\/wp-content\/uploads\/sites\/8\/2021\/09\/ep124_plano-de-ensino.pdf\">EP124_plano de ensino<\/a><\/li>\n<li><a href=\"https:\/\/sacod.ufpr.br\/artes\/wp-content\/uploads\/sites\/8\/2021\/09\/lib038_ficha-2_josiane_roldao_2021_1.pdf\">LIB038_plano de ensino<\/a><\/li>\n<li><a href=\"https:\/\/sacod.ufpr.br\/artes\/wp-content\/uploads\/sites\/8\/2021\/05\/disciplinas-musica-ere-maio-agosto_f.docx\">Cronograma e planos de ensino das disciplinas de m\u00fasica &#8211; ciclo 5 (maio\/ago 2021)<\/a><\/li>\n<li><a href=\"https:\/\/sacod.ufpr.br\/artes\/wp-content\/uploads\/sites\/8\/2021\/04\/planos-de-ensino-educacao-e-artes-ere-maio-agosto.pdf\">Disciplinas da Educa\u00e7\u00e3o e Artes Visuais para M\u00fasica Ciclo 5<\/a><\/li>\n<li><a href=\"https:\/\/sacod.ufpr.br\/artes\/wp-content\/uploads\/sites\/8\/2021\/05\/lib038_plano-de-ensino_musica.pdf\">Plano de ensino de LIBRAS para m\u00fasica ciclo 5<\/a><\/li>\n<li><a href=\"https:\/\/sacod.ufpr.br\/artes\/wp-content\/uploads\/sites\/8\/2020\/10\/turmas_ere_2_musica_.pdf\">Disciplinas de Ensino Remoto Emergencial ciclo 4<\/a><\/li>\n<li><a href=\"https:\/\/sacod.ufpr.br\/artes\/wp-content\/uploads\/sites\/8\/2020\/10\/disciplinas_da-_educacao_para_musica_ciclo_4.pdf\">Disciplinas da Educa\u00e7\u00e3o para M\u00fasica Ciclo 4<\/a><\/li>\n<li><a href=\"https:\/\/sacod.ufpr.br\/artes\/wp-content\/uploads\/sites\/8\/2020\/10\/disciplinas_ere2_musica.pdf\">Planos de ensino das disciplinas de m\u00fasica &#8211; ciclo 4<\/a><\/li>\n<li><a href=\"https:\/\/sacod.ufpr.br\/artes\/wp-content\/uploads\/sites\/8\/2020\/08\/disciplinas-ere-musica-ciclo-3.pdf\">Disciplinas de Ensino Remoto Emergencial ciclo 3<\/a><\/li>\n<li><a href=\"https:\/\/sacod.ufpr.br\/artes\/wp-content\/uploads\/sites\/8\/2020\/08\/disciplinas-ere-musica-ciclo-2.pdf\">Disciplinas de Ensino Remoto Emergencial ciclo 2<\/a><\/li>\n<li><a href=\"https:\/\/sacod.ufpr.br\/artes\/wp-content\/uploads\/sites\/8\/2020\/03\/grades_musica_2020_1h.pdf\">Grade hor\u00e1ria &#8211; 1\u00ba semestre 2020<\/a><\/li>\n<li><a href=\"https:\/\/sacod.ufpr.br\/artes\/wp-content\/uploads\/sites\/8\/2020\/03\/turmas_da_educacao_na_reitoria_e_reboucas_2020_2_.pdf\">Turmas de Did\u00e1tica, OTPE, Politica e Planejamento, Psicologia e LIBRAS em 2020\/1<\/a><\/li>\n<li><span style=\"font-weight: 400\"><a href=\"http:\/\/www.educacao.ufpr.br\/ensalamento-pedagogia\/\">Todas as turmas da Educa\u00e7\u00e3o para o 1\u00ba semestre de 2020<\/a><br \/>\n<\/span><\/li>\n<li><a href=\"https:\/\/sacod.ufpr.br\/artes\/wp-content\/uploads\/sites\/8\/2020\/02\/disciplinas-deplae-lic-2020-1.pdf\">Disciplinas eletivas para licenciatura 2020\/1<\/a><\/li>\n<li><a href=\"https:\/\/sacod.ufpr.br\/artes\/wp-content\/uploads\/sites\/8\/2020\/03\/optativas_decom_artes_2020-_1.pdf\">Optativas do DECOM e de Artes Visuais 1\u00ba semestre de 2020<\/a><\/li>\n<\/ul>\n<\/li>\n<\/ul>\n","protected":false},"excerpt":{"rendered":"<p>Grades de 2026 1\u00ba semestre Grades, turmas e programas anteriores Grades de 2025 2\u00b0 semestre Planos de ensino de m\u00fasica 2025\/2 Grades de 2025 1\u00ba semestre Planos de ensino de m\u00fasica 2025\/1 Planos de ensino de m\u00fasica 2024\/2 Grades de 2024 2\u00ba semestre Grade atualizada 2024 1\u00ba semestre Ficha 2 de LIBRAS Planos de ensino [&hellip;]<\/p>\n","protected":false},"author":1759,"featured_media":0,"parent":0,"menu_order":0,"comment_status":"closed","ping_status":"closed","template":"","meta":{"_acf_changed":false,"footnotes":""},"class_list":["post-6742","page","type-page","status-publish","hentry"],"acf":[],"_links":{"self":[{"href":"https:\/\/sacod.ufpr.br\/artes\/wp-json\/wp\/v2\/pages\/6742","targetHints":{"allow":["GET"]}}],"collection":[{"href":"https:\/\/sacod.ufpr.br\/artes\/wp-json\/wp\/v2\/pages"}],"about":[{"href":"https:\/\/sacod.ufpr.br\/artes\/wp-json\/wp\/v2\/types\/page"}],"author":[{"embeddable":true,"href":"https:\/\/sacod.ufpr.br\/artes\/wp-json\/wp\/v2\/users\/1759"}],"replies":[{"embeddable":true,"href":"https:\/\/sacod.ufpr.br\/artes\/wp-json\/wp\/v2\/comments?post=6742"}],"version-history":[{"count":123,"href":"https:\/\/sacod.ufpr.br\/artes\/wp-json\/wp\/v2\/pages\/6742\/revisions"}],"predecessor-version":[{"id":9953,"href":"https:\/\/sacod.ufpr.br\/artes\/wp-json\/wp\/v2\/pages\/6742\/revisions\/9953"}],"wp:attachment":[{"href":"https:\/\/sacod.ufpr.br\/artes\/wp-json\/wp\/v2\/media?parent=6742"}],"curies":[{"name":"wp","href":"https:\/\/api.w.org\/{rel}","templated":true}]}}