{"id":6732,"date":"2018-10-30T14:14:48","date_gmt":"2018-10-30T17:14:48","guid":{"rendered":"https:\/\/sacod.ufpr.br\/artes\/?page_id=6732"},"modified":"2024-09-27T08:52:01","modified_gmt":"2024-09-27T11:52:01","slug":"intercambio","status":"publish","type":"page","link":"https:\/\/sacod.ufpr.br\/artes\/intercambio\/","title":{"rendered":"Interc\u00e2mbio &#8211; mobilidade acad\u00eamica"},"content":{"rendered":"<p><span style=\"font-weight: 400\">A UFPR permite, aos alunos regularmente matriculados, a sa\u00edda para desempenho de atividades acad\u00eamicas em institui\u00e7\u00f5es parceiras da UFPR no Brasil e no exterior. Para que o aluno possa sair na condi\u00e7\u00e3o de intercambista \u00e9 necess\u00e1rio que haja um acordo de coopera\u00e7\u00e3o firmado entre a UFPR e a institui\u00e7\u00e3o de destino. A participa\u00e7\u00e3o em interc\u00e2mbio deve passar por dois processos de aprova\u00e7\u00e3o. O primeiro ocorre na UFPR, o que chamamos de permiss\u00e3o de sa\u00edda; o segundo \u00e9 chamado de permiss\u00e3o de entrada e ocorre na institui\u00e7\u00e3o de destino.<\/span><\/p>\n<p>&nbsp;<\/p>\n<p><a href=\"https:\/\/sacod.ufpr.br\/artes\/wp-content\/uploads\/sites\/8\/2020\/08\/tutorial_pesquisaparceirosufpr_mobilidade.pdf\">Tutorial para pesquisar universidades<\/a><\/p>\n<p>&nbsp;<\/p>\n<p><span style=\"font-weight: 400\">Saiba mais em: <a href=\"https:\/\/internacional.ufpr.br\/portal\/\">https:\/\/internacional.ufpr.br\/portal\/<\/a><\/span><\/p>\n","protected":false},"excerpt":{"rendered":"<p>A UFPR permite, aos alunos regularmente matriculados, a sa\u00edda para desempenho de atividades acad\u00eamicas em institui\u00e7\u00f5es parceiras da UFPR no Brasil e no exterior. Para que o aluno possa sair na condi\u00e7\u00e3o de intercambista \u00e9 necess\u00e1rio que haja um acordo de coopera\u00e7\u00e3o firmado entre a UFPR e a institui\u00e7\u00e3o de destino. A participa\u00e7\u00e3o em interc\u00e2mbio [&hellip;]<\/p>\n","protected":false},"author":1759,"featured_media":0,"parent":0,"menu_order":0,"comment_status":"closed","ping_status":"closed","template":"","meta":{"_acf_changed":false,"footnotes":""},"class_list":["post-6732","page","type-page","status-publish","hentry"],"acf":[],"_links":{"self":[{"href":"https:\/\/sacod.ufpr.br\/artes\/wp-json\/wp\/v2\/pages\/6732","targetHints":{"allow":["GET"]}}],"collection":[{"href":"https:\/\/sacod.ufpr.br\/artes\/wp-json\/wp\/v2\/pages"}],"about":[{"href":"https:\/\/sacod.ufpr.br\/artes\/wp-json\/wp\/v2\/types\/page"}],"author":[{"embeddable":true,"href":"https:\/\/sacod.ufpr.br\/artes\/wp-json\/wp\/v2\/users\/1759"}],"replies":[{"embeddable":true,"href":"https:\/\/sacod.ufpr.br\/artes\/wp-json\/wp\/v2\/comments?post=6732"}],"version-history":[{"count":5,"href":"https:\/\/sacod.ufpr.br\/artes\/wp-json\/wp\/v2\/pages\/6732\/revisions"}],"predecessor-version":[{"id":9667,"href":"https:\/\/sacod.ufpr.br\/artes\/wp-json\/wp\/v2\/pages\/6732\/revisions\/9667"}],"wp:attachment":[{"href":"https:\/\/sacod.ufpr.br\/artes\/wp-json\/wp\/v2\/media?parent=6732"}],"curies":[{"name":"wp","href":"https:\/\/api.w.org\/{rel}","templated":true}]}}