{"id":6716,"date":"2018-10-30T14:06:06","date_gmt":"2018-10-30T17:06:06","guid":{"rendered":"https:\/\/sacod.ufpr.br\/artes\/?page_id=6716"},"modified":"2024-09-26T08:49:27","modified_gmt":"2024-09-26T11:49:27","slug":"pos-graduacao-musica","status":"publish","type":"page","link":"https:\/\/sacod.ufpr.br\/artes\/pos-graduacao-musica\/","title":{"rendered":""},"content":{"rendered":"<div>\n<h4>Programa de P\u00f3s-Gradua\u00e7\u00e3o em M\u00fasica<\/h4>\n<\/div>\n<div>Avalia\u00e7\u00e3o CAPES Mestrado: Conceito 4<\/div>\n<div>Avalia\u00e7\u00e3o CAPES Doutorado: Conceito 4<\/div>\n<div>\n<div><strong>Coordenador:<\/strong> Prof. Dr. Clayton Rosa Mamedes<\/div>\n<div><strong>Vice coordenadora:<\/strong> Profa. Dra. Viviane Alves Kubo<\/div>\n<\/div>\n<div><strong>Secret\u00e1ria:\u00a0<\/strong>Sheila Macari<\/div>\n<div><strong>E-mail para contato:<\/strong>\u00a0<a href=\"mailto:secretaria.ppgmusica@ufpr.br\" target=\"_blank\" rel=\"noopener\">secretaria.ppgmusica@ufpr.br<\/a><\/div>\n<div>Acesse o site do Programa\u00a0<a id=\"m_-2825537840536175819LPlnk731699\" href=\"http:\/\/www.prppg.ufpr.br\/site\/ppgmusica\/pb\/\" target=\"_blank\" rel=\"noopener\" data-saferedirecturl=\"https:\/\/www.google.com\/url?q=http:\/\/www.prppg.ufpr.br\/site\/ppgmusica\/pb\/&amp;source=gmail&amp;ust=1622745141569000&amp;usg=AFQjCNFvpdehdTQAxEuZdXsfeo-URG8cKQ\">http:\/\/www.prppg.ufpr.br\/site\/ppgmusica\/<\/a><\/div>\n","protected":false},"excerpt":{"rendered":"<p>Programa de P\u00f3s-Gradua\u00e7\u00e3o em M\u00fasica Avalia\u00e7\u00e3o CAPES Mestrado: Conceito 4 Avalia\u00e7\u00e3o CAPES Doutorado: Conceito 4 Coordenador: Prof. Dr. Clayton Rosa Mamedes Vice coordenadora: Profa. Dra. Viviane Alves Kubo Secret\u00e1ria:\u00a0Sheila Macari E-mail para contato:\u00a0secretaria.ppgmusica@ufpr.br Acesse o site do Programa\u00a0http:\/\/www.prppg.ufpr.br\/site\/ppgmusica\/<\/p>\n","protected":false},"author":1759,"featured_media":0,"parent":0,"menu_order":0,"comment_status":"closed","ping_status":"closed","template":"","meta":{"_acf_changed":false,"footnotes":""},"class_list":["post-6716","page","type-page","status-publish","hentry"],"acf":[],"_links":{"self":[{"href":"https:\/\/sacod.ufpr.br\/artes\/wp-json\/wp\/v2\/pages\/6716","targetHints":{"allow":["GET"]}}],"collection":[{"href":"https:\/\/sacod.ufpr.br\/artes\/wp-json\/wp\/v2\/pages"}],"about":[{"href":"https:\/\/sacod.ufpr.br\/artes\/wp-json\/wp\/v2\/types\/page"}],"author":[{"embeddable":true,"href":"https:\/\/sacod.ufpr.br\/artes\/wp-json\/wp\/v2\/users\/1759"}],"replies":[{"embeddable":true,"href":"https:\/\/sacod.ufpr.br\/artes\/wp-json\/wp\/v2\/comments?post=6716"}],"version-history":[{"count":13,"href":"https:\/\/sacod.ufpr.br\/artes\/wp-json\/wp\/v2\/pages\/6716\/revisions"}],"predecessor-version":[{"id":9649,"href":"https:\/\/sacod.ufpr.br\/artes\/wp-json\/wp\/v2\/pages\/6716\/revisions\/9649"}],"wp:attachment":[{"href":"https:\/\/sacod.ufpr.br\/artes\/wp-json\/wp\/v2\/media?parent=6716"}],"curies":[{"name":"wp","href":"https:\/\/api.w.org\/{rel}","templated":true}]}}