{"id":6710,"date":"2018-10-30T14:00:07","date_gmt":"2018-10-30T17:00:07","guid":{"rendered":"https:\/\/sacod.ufpr.br\/artes\/?page_id=6710"},"modified":"2024-10-02T09:59:28","modified_gmt":"2024-10-02T12:59:28","slug":"musica-licenciatura-e-bacharelado","status":"publish","type":"page","link":"https:\/\/sacod.ufpr.br\/artes\/musica-licenciatura-e-bacharelado\/","title":{"rendered":"M\u00fasica &#8211; Licenciatura e Bacharelado"},"content":{"rendered":"<p><span style=\"font-weight: 400\">O curso de M\u00fasica \u00e9 organizado em duas habilita\u00e7\u00f5es distintas: LICENCIATURA e BACHARELADO (este \u00e9 dividido em duas linhas de forma\u00e7\u00e3o: Produ\u00e7\u00e3o Musical e Cria\u00e7\u00e3o Musical). Elas preparam de forma consistente o futuro profissional para um mercado cada vez mais competitivo, onde a versatilidade \u00e9 essencial. Os dois primeiros anos incluem teoria e pr\u00e1tica musical, e o aluno vivencia um universo musical que o capacita para futuras decis\u00f5es em termos de aperfei\u00e7oamento e linha de atua\u00e7\u00e3o, mas sem especializa\u00e7\u00e3o em um instrumento.<\/span><\/p>\n<p><span style=\"font-weight: 400\">Os alunos da licenciatura s\u00e3o formados para atuar principalmente como professores de m\u00fasica ou organizar eventos culturais.<\/span><\/p>\n<p><span style=\"font-weight: 400\">Os alunos do bacharelado escolhem disciplinas optativas de forma\u00e7\u00e3o em produ\u00e7\u00e3o musical (produ\u00e7\u00e3o e elabora\u00e7\u00e3o de projetos culturais, e na pr\u00e9-produ\u00e7\u00e3o, produ\u00e7\u00e3o e p\u00f3s-produ\u00e7\u00e3o musical em geral) ou disciplinas voltadas para a cria\u00e7\u00e3o musical (an\u00e1lise, composi\u00e7\u00e3o, arranjos).<\/span><\/p>\n<p><span style=\"font-weight: 400\">H\u00e1 integra\u00e7\u00e3o de disciplinas da \u00e1rea de audiovisual entre os departamentos de Artes, Comunica\u00e7\u00e3o e Design.<\/span><\/p>\n<p>&nbsp;<\/p>\n<p><span style=\"font-weight: 400\">O n\u00facleo comum de m\u00fasica tem 37 disciplinas, sendo 26 nos dois primeiros anos.<\/span><\/p>\n<p><span style=\"font-weight: 400\">A habilita\u00e7\u00e3o em Licenciatura tem mais 19 disciplinas obrigat\u00f3rias e disciplinas optativas.<\/span><\/p>\n<p><span style=\"font-weight: 400\">A habilita\u00e7\u00e3o em Bacharelado tem mais 7 disciplinas obrigat\u00f3rias. A partir do 2\u00ba ano os alunos escolhem disciplinas optativas das linhas de forma\u00e7\u00e3o desejadas. Na linha de produ\u00e7\u00e3o musical aprendem a utilizar diversas ferramentas de software para composi\u00e7\u00e3o, registro e tratamento sonoro, atuando na produ\u00e7\u00e3o e elabora\u00e7\u00e3o de projetos culturais, e na pr\u00e9-produ\u00e7\u00e3o, produ\u00e7\u00e3o e p\u00f3s-produ\u00e7\u00e3o musical em geral. Na linha de cria\u00e7\u00e3o musical h\u00e1 disciplinas de an\u00e1lise, contraponto, arranjos e composi\u00e7\u00e3o.<\/span><\/p>\n<p><span style=\"font-weight: 400\">A partir de 2019 a carga hor\u00e1ria total <\/span><span style=\"font-weight: 400\">do Bacharelado \u00e9 de 2.420 horas. <\/span><\/p>\n<p>Para alunos da Licenciatura a carga hor\u00e1ria total \u00e9 de 3.200 horas, das quais 465 horas s\u00e3o de disciplinas optativas. Essa carga hor\u00e1ria atende ao disposto na <a href=\"http:\/.mec.gov.br\/docman\/agosto-2017-pdf\/70431-res-cne-cp-002-03072015-pdf\/file\">Resolu\u00e7\u00e3o 02\/15-CNE<\/a> e na <a href=\"http:\/.mec.gov.br\/docman\/outubro-2018-pdf-1\/98131-rcp003-18\/file\">RESOLU\u00c7\u00c3O N\u00ba 3<\/a>, de 3 de outubro de 2018.<\/p>\n<p>Alunos ingressantes a partir de 2023 t\u00eam de cumprir pelo menos 10% da carga hor\u00e1ria total do curso em disciplinas ou atividades de extens\u00e3o. Quatro obrigat\u00f3rias j\u00e1 s\u00e3o extensionistas.<\/p>\n<p><span style=\"font-weight: 400\">Quase todas as aulas s\u00e3o de 13:30 a 17:30 (h\u00e1 algumas disciplinas pr\u00e1ticas de 17:30 a 19:30) e h\u00e1 a possibilidade de cursar optativas, no DeArtes ou no DECOM, pela manh\u00e3. A licenciatura tem dez disciplinas, do setor de Educa\u00e7\u00e3o, mais LIBRAS, na Reitoria ou no campus Rebou\u00e7as.<\/span><\/p>\n<p>Apenas as seis disciplinas de Aprecia\u00e7\u00e3o musical t\u00eam algumas atividades remotas, pela plataforma da\u00a0<a href=\"https:\/\/ufprvirtual.ufpr.br\/enrol\/index.php?id=8759\">UFPR Virtual<\/a>\u00a0ou pelo\u00a0<a href=\"https:\/\/www.microsoft.com\/pt-br\/microsoft-teams\/download-app\">Teams<\/a>. A maioria das disciplinas tem seus conte\u00fados (textos, partituras, \u00e1udios, v\u00eddeos) disponibilizados nessas plataformas no in\u00edcio de cada semestre letivo, mas todas as aulas s\u00e3o presenciais.<\/p>\n<p><span style=\"font-weight: 400\">Al\u00e9m do ensino de gradua\u00e7\u00e3o, h\u00e1 atividades de extens\u00e3o, como o programa M\u00fasica para todos, os projetos de extens\u00e3o: PEMIM (Musicaliza\u00e7\u00e3o e instrumentos musicais) ; Levare (prepara\u00e7\u00e3o para o vestibular); LabVox (canto);\u00a0 programa de r\u00e1dio MUSICAOS. E tamb\u00e9m o Ensemble de M\u00fasica Popular, as Pr\u00e1ticas Musicais para a Comunidade do DeArtes, a banda Furiosa, o Grupo de M\u00fasica Antiga da UFPR e uma crescente integra\u00e7\u00e3o com o PPGM\u00fasica (Programa de P\u00f3s-Gradua\u00e7\u00e3o em M\u00fasica).<\/span><\/p>\n<p><span style=\"font-weight: 400\">Coordenador do curso: Hugo de Souza Melo (<\/span><span style=\"font-weight: 400\">vice<\/span><span style=\"font-weight: 400\">: Francisco Gon\u00e7alves de Azevedo).<\/span><\/p>\n<p>&nbsp;<\/p>\n<hr>\n<p><strong>PORTARIAS DO CURSO:<\/strong><\/p>\n<ul>\n<li style=\"list-style-type: none\">\n<ul>\n<li><a href=\"https:\/\/sacod.ufpr.br\/artes\/wp-content\/uploads\/sites\/8\/2024\/04\/renovacao_2012_bac.pdf\">Renova\u00e7\u00e3o de reconhecimento do Bacharelado &#8211; 2012<\/a><\/li>\n<li><a href=\"https:\/\/sacod.ufpr.br\/artes\/wp-content\/uploads\/sites\/8\/2024\/04\/renovacao_2017_bac.pdf\">Renova\u00e7\u00e3o de reconhecimento do Bacharelado &#8211; 2017<\/a><\/li>\n<li><a href=\"https:\/\/sacod.ufpr.br\/artes\/wp-content\/uploads\/sites\/8\/2024\/04\/renovacao_2018_lic.pdf\">Renova\u00e7\u00e3o de reconhecimento da Licenciatura &#8211; 2018<\/a><\/li>\n<\/ul>\n<\/li>\n<\/ul>\n<p>&nbsp;<\/p>\n<hr>\n<p><strong>PROJETOS PEDAG\u00d3GICOS:<\/strong><\/p>\n<ul>\n<li style=\"list-style-type: none\">\n<ul>\n<li><a href=\"https:\/\/sacod.ufpr.br\/artes\/wp-content\/uploads\/sites\/8\/2024\/10\/66fbf1d1233b86-39718441novo_ppc__musica_licenciatura_2023_2024.pdf\">Projeto pedag\u00f3gico de Licenciatura em M\u00fasica 2023\/2024<\/a><\/li>\n<li><a href=\"https:\/\/sacod.ufpr.br\/artes\/wp-content\/uploads\/sites\/8\/2024\/10\/66fbf1d11f6c88-19195221novo_ppc__musica_bacharelado_2023_2024.pdf\">Projeto pedag\u00f3gico do Bacharelado em M\u00fasica 2023\/2024<\/a><\/li>\n<\/ul>\n<\/li>\n<\/ul>\n<p>&nbsp;<\/p>\n<ul>\n<li style=\"list-style-type: none\">\n<ul>\n<li><a href=\"https:\/\/sacod.ufpr.br\/artes\/wp-content\/uploads\/sites\/8\/2023\/01\/adequacao_curricular_de_musica___como_completar_o_curriculo_2014_cursando_disciplinas_oa8xx.pdf\">COMO COMPLETAR O CURR\u00cdCULO 2014 CURSANDO AS DISCIPLINAS OA8xx<\/a><\/li>\n<li><a href=\"https:\/\/sacod.ufpr.br\/artes\/wp-content\/uploads\/sites\/8\/2021\/11\/novo_ppc__musica__licenciatura__2020.pdf\">Projeto pedag\u00f3gico de Licenciatura em M\u00fasica 2020\u00a0<\/a><\/li>\n<li><a href=\"https:\/\/sacod.ufpr.br\/artes\/wp-content\/uploads\/sites\/8\/2021\/11\/novo_ppc__musica_licenciatura_2019.pdf\">Projeto pedag\u00f3gico de Licenciatura em M\u00fasica 2019<\/a><\/li>\n<li><a href=\"https:\/\/sacod.ufpr.br\/artes\/wp-content\/uploads\/sites\/8\/2021\/11\/novo_ppc__musica_bacharelado_2019.pdf\">Projeto pedag\u00f3gico do Bacharelado em M\u00fasica 2019<\/a><\/li>\n<li><a href=\"https:\/\/sacod.ufpr.br\/artes\/wp-content\/uploads\/sites\/8\/2019\/06\/ppc_do_curso_de_musica_ufpr_2014_a_2018.pdf\">Projeto pedag\u00f3gico do curso de M\u00fasica 2014 a 2018<\/a><\/li>\n<li><a href=\"https:\/\/sacod.ufpr.br\/artes\/wp-content\/uploads\/sites\/8\/2019\/05\/res_02_08_cepe_curriculo_musica_2008_a_2013.pdf\">Curr\u00edculo de M\u00fasica 2008 a 2013<\/a><\/li>\n<\/ul>\n<\/li>\n<\/ul>\n<p>&nbsp;<\/p>\n<hr>\n<p><strong><i>Periodiza\u00e7\u00e3o<\/i><\/strong><\/p>\n<ul>\n<li style=\"list-style-type: none\">\n<ul>\n<li><a href=\"https:\/\/sacod.ufpr.br\/artes\/wp-content\/uploads\/sites\/8\/2023\/11\/periodizacao_musica_licenciatura_2023.pdf\">Periodiza\u00e7\u00e3o Licenciatura 2023 em diante<\/a><\/li>\n<li><a href=\"https:\/\/sacod.ufpr.br\/artes\/wp-content\/uploads\/sites\/8\/2023\/11\/periodizacao_musica_bacharelado_2023.pdf\">Periodiza\u00e7\u00e3o Bacharelado 2023 em diante<\/a><\/li>\n<\/ul>\n<\/li>\n<\/ul>\n<p>&nbsp;<\/p>\n<ul>\n<li style=\"list-style-type: none\">\n<ul>\n<li><a href=\"https:\/\/sacod.ufpr.br\/artes\/wp-content\/uploads\/sites\/8\/2021\/11\/periodizacao_musica_licenciatura_2019_em_diante.pdf\">Periodiza\u00e7\u00e3o Licenciatura 2019 em diante<\/a><\/li>\n<li><a href=\"https:\/\/sacod.ufpr.br\/artes\/wp-content\/uploads\/sites\/8\/2021\/06\/periodizacao_musica_bacharelado_2019_em_diante_.pdf\">Periodiza\u00e7\u00e3o Bacharelado 2019 em diante<\/a><\/li>\n<li><a href=\"https:\/\/sacod.ufpr.br\/artes\/wp-content\/uploads\/sites\/8\/2013\/08\/Periodizacao_Licenciatura_20141.pdf\"><span style=\"font-weight: 400\">Periodiza\u00e7\u00e3o Licenciatura 2014-2018<\/span><\/a><\/li>\n<li><a href=\"https:\/\/sacod.ufpr.br\/artes\/wp-content\/uploads\/sites\/8\/2013\/08\/Periodizacao_Bacharelado_2014.pdf\"><span style=\"font-weight: 400\">Periodiza\u00e7\u00e3o Bacharelado 2014-2018<\/span><\/a><\/li>\n<li><a href=\"https:\/\/sacod.ufpr.br\/artes\/wp-content\/uploads\/sites\/8\/2015\/04\/Periodiza%C3%A7%C3%A3o-licenciatura-2008-2013.pdf\"><span style=\"font-weight: 400\">Periodiza\u00e7\u00e3o Licenciatura 2008-2013<\/span><\/a><\/li>\n<li><a href=\"https:\/\/sacod.ufpr.br\/artes\/wp-content\/uploads\/sites\/8\/2015\/04\/Periodiza%C3%A7%C3%A3o-2008-a-2013-de-Produ%C3%A7%C3%A3o-Sonora.pdf\"><span style=\"font-weight: 400\">Periodiza\u00e7\u00e3o Bacharelado 2008- 2013<\/span><\/a><\/li>\n<li><a href=\"https:\/\/sacod.ufpr.br\/artes\/wp-content\/uploads\/sites\/8\/2019\/05\/periodizacao_licenciatura_2001_a_2007.pdf\">Periodiza\u00e7\u00e3o Licenciatura 2001-2007<\/a><\/li>\n<li><a href=\"https:\/\/sacod.ufpr.br\/artes\/wp-content\/uploads\/sites\/8\/2019\/05\/periodizacao_bacharelado_2001_a_2007.pdf\">Periodiza\u00e7\u00e3o Bacharelado 2001-2007<\/a><\/li>\n<\/ul>\n<\/li>\n<\/ul>\n<p>&nbsp;<\/p>\n<hr>\n<p><strong><i>Pr\u00e9-requisitos<\/i><\/strong><\/p>\n<ul>\n<li style=\"list-style-type: none\">\n<ul>\n<li><a href=\"https:\/\/sacod.ufpr.br\/artes\/wp-content\/uploads\/sites\/8\/2021\/11\/prerequisitos_musica_2019.pdf\">Pr\u00e9-requisitos de M\u00fasica 2019 em diante<\/a><\/li>\n<li><a href=\"https:\/\/sacod.ufpr.br\/artes\/wp-content\/uploads\/sites\/8\/2015\/04\/Pre-requisitos-2014.pdf\"><span style=\"font-weight: 400\">Pr\u00e9-requisitos 2014-2018<\/span><\/a><\/li>\n<li><a href=\"https:\/\/sacod.ufpr.br\/artes\/wp-content\/uploads\/sites\/8\/2015\/04\/Prerequisitos-2008-2013.pdf\"><span style=\"font-weight: 400\">Pr\u00e9-requisitos 2008-2013<\/span><\/a><\/li>\n<\/ul>\n<\/li>\n<\/ul>\n<p>&nbsp;<\/p>\n<hr>\n<p><strong><i>Equival\u00eancias <\/i><\/strong><\/p>\n<ul>\n<li style=\"list-style-type: none\">\n<ul>\n<li><a href=\"https:\/\/sacod.ufpr.br\/artes\/wp-content\/uploads\/sites\/8\/2023\/01\/equivalencias_2014_2019-em-diante.pdf\">Equival\u00eancias do curr\u00edculo 2014 com os curr\u00edculos 2019 em diante<\/a><\/li>\n<li><a href=\"https:\/\/sacod.ufpr.br\/artes\/wp-content\/uploads\/sites\/8\/2023\/01\/adequacao_curricular_de_musica___como_completar_o_curriculo_2014_cursando_disciplinas_oa8xx.pdf\">Plano de adequa\u00e7\u00e3o curricular M\u00fasica 2019<\/a><\/li>\n<\/ul>\n<\/li>\n<\/ul>\n<p><span style=\"font-weight: 400\">Os discentes que ingressaram no curso at\u00e9 2018 permanecem no curr\u00edculo 2014 e\u00a0<\/span><span style=\"font-weight: 400\">cursar\u00e3o as disciplinas restantes equivalentes no curr\u00edculo 2019, observando que nem todas t\u00eam a mesma carga hor\u00e1ria nos dois curr\u00edculos.<\/span><\/p>\n<ul>\n<li style=\"list-style-type: none\">\n<ul>\n<li><a href=\"https:\/\/sacod.ufpr.br\/artes\/wp-content\/uploads\/sites\/8\/2013\/08\/Equivalencia_entre_disciplinas_-2014.pdf\"><span style=\"font-weight: 400\">Equival\u00eancias 2008-2014<\/span> <\/a><\/li>\n<li><a href=\"https:\/\/sacod.ufpr.br\/artes\/wp-content\/uploads\/sites\/8\/2015\/04\/Equival%C3%AAncias-2001_2008.pdf\"><span style=\"font-weight: 400\">Equival\u00eancias 2001-2008<\/span><\/a><\/li>\n<\/ul>\n<\/li>\n<\/ul>\n<p>&nbsp;<\/p>\n<hr>\n<p><strong><i>Optativas<\/i><\/strong><\/p>\n<ul>\n<li style=\"list-style-type: none\">\n<ul>\n<li><a href=\"https:\/\/sacod.ufpr.br\/artes\/wp-content\/uploads\/sites\/8\/2018\/11\/5_ementas_DECOM.pdf\">Optativas do DECOM<\/a><\/li>\n<li><a href=\"https:\/\/sacod.ufpr.br\/artes\/wp-content\/uploads\/sites\/8\/2018\/11\/3_ementas_DEARTES.pdf\">Optativas de Artes Visuais<\/a><\/li>\n<li><a href=\"https:\/\/sacod.ufpr.br\/artes\/wp-content\/uploads\/sites\/8\/2019\/06\/disciplinas_optativas_2014_a_2018.pdf\">Optativas 2014-2018<\/a><\/li>\n<\/ul>\n<\/li>\n<\/ul>\n<p>&nbsp;<\/p>\n<hr>\n<p><i><strong>As ementas incluem disciplinas obrigat\u00f3rias e optativas:<\/strong><br \/>\n<\/i><\/p>\n<ul>\n<li style=\"list-style-type: none\">\n<ul>\n<li><a href=\"https:\/\/sacod.ufpr.br\/artes\/wp-content\/uploads\/sites\/8\/2023\/11\/fichas_1___disciplinas_com_extensao.pdf\">Ementas das disciplinas com extens\u00e3o a partir de 2023<\/a><\/li>\n<li><a href=\"https:\/\/sacod.ufpr.br\/artes\/wp-content\/uploads\/sites\/8\/2023\/11\/ementas-2019-comuns-musica.pdf\">Ementas 2019 \/ 2023 comuns de M\u00fasica<\/a><\/li>\n<li><a href=\"https:\/\/sacod.ufpr.br\/artes\/wp-content\/uploads\/sites\/8\/2018\/11\/Ementas-2019-Licenciatura-Musica.pdf\">Ementas 2019 \/ 2023 Licenciatura M\u00fasica<\/a><\/li>\n<li><a href=\"https:\/\/sacod.ufpr.br\/artes\/wp-content\/uploads\/sites\/8\/2018\/11\/Ementas-2019-Bacharelado-Musica.pdf\">Ementas 2019 \/ 2023 Bacharelado M\u00fasica<\/a><\/li>\n<li><a href=\"https:\/\/sacod.ufpr.br\/artes\/wp-content\/uploads\/sites\/8\/2019\/01\/ementas_vigentes_a_a_m.pdf\">Ementas do Curr\u00edculo 2014 de A at\u00e9 M<\/a><\/li>\n<li><a href=\"https:\/\/sacod.ufpr.br\/artes\/wp-content\/uploads\/sites\/8\/2019\/01\/ementas_vigentes_o_a_t.pdf\">Ementas do Curr\u00edculo 2014 de O at\u00e9 T<\/a><\/li>\n<li><a href=\"https:\/\/sacod.ufpr.br\/artes\/wp-content\/uploads\/sites\/8\/2019\/01\/ementas_2008_2013.pdf\">Ementas de 2008 a 2013<\/a><\/li>\n<\/ul>\n<\/li>\n<\/ul>\n<p>&nbsp;<\/p>\n<ul>\n<li style=\"list-style-type: none\">\n<ul>\n<li><a href=\"https:\/\/sacod.ufpr.br\/artes\/graduacao\/musica\/programa-de-disciplinas\/\"><strong>PROGRAMAS das disciplinas<\/strong><\/a><\/li>\n<\/ul>\n<\/li>\n<\/ul>\n","protected":false},"excerpt":{"rendered":"<p>O curso de M\u00fasica \u00e9 organizado em duas habilita\u00e7\u00f5es distintas: LICENCIATURA e BACHARELADO (este \u00e9 dividido em duas linhas de forma\u00e7\u00e3o: Produ\u00e7\u00e3o Musical e Cria\u00e7\u00e3o Musical). Elas preparam de forma consistente o futuro profissional para um mercado cada vez mais competitivo, onde a versatilidade \u00e9 essencial. Os dois primeiros anos incluem teoria e pr\u00e1tica musical, [&hellip;]<\/p>\n","protected":false},"author":1759,"featured_media":0,"parent":0,"menu_order":0,"comment_status":"closed","ping_status":"closed","template":"","meta":{"_acf_changed":false,"footnotes":""},"class_list":["post-6710","page","type-page","status-publish","hentry"],"acf":[],"_links":{"self":[{"href":"https:\/\/sacod.ufpr.br\/artes\/wp-json\/wp\/v2\/pages\/6710","targetHints":{"allow":["GET"]}}],"collection":[{"href":"https:\/\/sacod.ufpr.br\/artes\/wp-json\/wp\/v2\/pages"}],"about":[{"href":"https:\/\/sacod.ufpr.br\/artes\/wp-json\/wp\/v2\/types\/page"}],"author":[{"embeddable":true,"href":"https:\/\/sacod.ufpr.br\/artes\/wp-json\/wp\/v2\/users\/1759"}],"replies":[{"embeddable":true,"href":"https:\/\/sacod.ufpr.br\/artes\/wp-json\/wp\/v2\/comments?post=6710"}],"version-history":[{"count":65,"href":"https:\/\/sacod.ufpr.br\/artes\/wp-json\/wp\/v2\/pages\/6710\/revisions"}],"predecessor-version":[{"id":9675,"href":"https:\/\/sacod.ufpr.br\/artes\/wp-json\/wp\/v2\/pages\/6710\/revisions\/9675"}],"wp:attachment":[{"href":"https:\/\/sacod.ufpr.br\/artes\/wp-json\/wp\/v2\/media?parent=6710"}],"curies":[{"name":"wp","href":"https:\/\/api.w.org\/{rel}","templated":true}]}}